{"id":2,"date":"2022-10-23T16:03:39","date_gmt":"2022-10-23T16:03:39","guid":{"rendered":"https:\/\/edublog.educastur.es\/aeecpjacintobenavente\/?page_id=2"},"modified":"2022-10-27T12:15:41","modified_gmt":"2022-10-27T12:15:41","slug":"pagina-ejemplo","status":"publish","type":"page","link":"https:\/\/edublog.educastur.es\/aeecpjacintobenavente\/","title":{"rendered":"Bienvenidas\/os"},"content":{"rendered":"<div style=\"text-align: justify\">\n<p><img loading=\"lazy\" decoding=\"async\" class=\" wp-image-57 alignleft\" src=\"http:\/\/edublog.educastur.es\/aeecpjacintobenavente\/files\/2022\/10\/El_Centro_CEIP_Jacinto_Benavente.jpg\" alt=\"\" width=\"347\" height=\"142\" srcset=\"https:\/\/edublog.educastur.es\/aeecpjacintobenavente\/files\/2022\/10\/El_Centro_CEIP_Jacinto_Benavente.jpg 1600w, https:\/\/edublog.educastur.es\/aeecpjacintobenavente\/files\/2022\/10\/El_Centro_CEIP_Jacinto_Benavente-300x122.jpg 300w, https:\/\/edublog.educastur.es\/aeecpjacintobenavente\/files\/2022\/10\/El_Centro_CEIP_Jacinto_Benavente-1024x418.jpg 1024w, https:\/\/edublog.educastur.es\/aeecpjacintobenavente\/files\/2022\/10\/El_Centro_CEIP_Jacinto_Benavente-768x313.jpg 768w, https:\/\/edublog.educastur.es\/aeecpjacintobenavente\/files\/2022\/10\/El_Centro_CEIP_Jacinto_Benavente-1536x627.jpg 1536w\" sizes=\"auto, (max-width: 347px) 100vw, 347px\" \/>Nuestro centro educativo, el <strong>CEIP Jacinto Benavente<\/strong> fue <strong>inaugurado en agosto de 1976<\/strong> como un <em>\u201cColegio Comarcal de concentraci\u00f3n\u201d <\/em>integrando en aquel entonces el alumnado que proced\u00eda de todas las escuelas rurales de la zona. EraEn ese momento cierran sus puertas las antiguas <em>\u201cEscuelas Graduadas del Patronato de la Mina La Camocha\u201d<\/em> unas escuelas que se vieron obligadas a ampliar su espacio en barracones por el auge de un barrio entorno a la explotaci\u00f3n minera que llevaba el mismo nombre: \u201cLa mina de La Camocha\u201d emblem\u00e1tica en el concejo y en producci\u00f3n desde 1935 hasta 2008.<\/p>\n<p>En los primeros a\u00f1os del \u201cCEIP Jacinto Benavente\u201d contabamos con unos 1.000 alumnos y alumnas coincidiendo con el esplendor del carb\u00f3n y de nuestra mina de \u00abLa Camocha\u00bb. En aquel entonces el colegio contaba con 24 unidades de E. Primaria, 1 de E. Especial y permaneciendo las aulas de \u201cPreescolar\u201d en el \u201cCosteru de Vega\u201d. En la actualidad escolarizamos a una buena parte del alumnado de su zona de influencia, las <strong>parroquias de la zona rural al sureste del Concejo de Gij\u00f3n<\/strong>: <em>Vega, Granda, <\/em><em>Samart\u00edn de G\u00fcerces, Llavandera, Caldones, Fano y Valdorn\u00f3n<\/em>.<\/p>\n<p>Hechos destacados en nuestra historia fueron: El inicio durante el curso 84\/85 del <strong>\u201cPrograma de Integraci\u00f3n\u201d<\/strong>, siendo centro preferente para la escolarizaci\u00f3n de alumnado con discapacidad f\u00edsica. Algo que se ha convertido en una se\u00f1a de identidad de nuestro centro, en la actualidad contamos con un elevado n\u00famero de alumnado con Necesidades Espec\u00edficas de Apoyo Educativo (NEAE).<\/p>\n<p>Un curso despu\u00e9s dar\u00e1 comienzo el Proyecto de <strong>\u201cLlingua asturiana\u201d<\/strong> pionero en la comunidad. En aquel momento un 82% del alumnado recibe ense\u00f1anza de esta lengua.<\/p>\n<p>Ahora, iniciamos el que esperamos sea otro hito hist\u00f3rico en nuestro centro, los pasos hacia una <strong>verdadera educaci\u00f3n de calidad<\/strong> cumpliendo con el Objetivo de Desarrollo Sostenible n\u00ba4, basada en la <strong>igualdad de oportunidades y en la inclusi\u00f3n de todos y todas<\/strong>, la creaci\u00f3n de comunidad y el desarrollo de las <strong>Actuaciones Educativas de \u00c9xito<\/strong>.<\/p>\n<\/div>\n","protected":false},"excerpt":{"rendered":"<p>Nuestro centro educativo, el CEIP Jacinto Benavente fue inaugurado en agosto de 1976 como un \u201cColegio Comarcal de concentraci\u00f3n\u201d integrando en aquel entonces el alumnado que proced\u00eda de todas las escuelas rurales de la zona. EraEn ese momento cierran sus puertas las antiguas \u201cEscuelas Graduadas del Patronato de la Mina La Camocha\u201d unas escuelas que &hellip; <a href=\"https:\/\/edublog.educastur.es\/aeecpjacintobenavente\/\" class=\"more-link\">Seguir leyendo <span class=\"screen-reader-text\">Bienvenidas\/os<\/span><\/a><\/p>\n","protected":false},"author":431,"featured_media":0,"parent":0,"menu_order":0,"comment_status":"closed","ping_status":"open","template":"","meta":{"footnotes":""},"class_list":["post-2","page","type-page","status-publish","hentry"],"_links":{"self":[{"href":"https:\/\/edublog.educastur.es\/aeecpjacintobenavente\/wp-json\/wp\/v2\/pages\/2","targetHints":{"allow":["GET"]}}],"collection":[{"href":"https:\/\/edublog.educastur.es\/aeecpjacintobenavente\/wp-json\/wp\/v2\/pages"}],"about":[{"href":"https:\/\/edublog.educastur.es\/aeecpjacintobenavente\/wp-json\/wp\/v2\/types\/page"}],"author":[{"embeddable":true,"href":"https:\/\/edublog.educastur.es\/aeecpjacintobenavente\/wp-json\/wp\/v2\/users\/431"}],"replies":[{"embeddable":true,"href":"https:\/\/edublog.educastur.es\/aeecpjacintobenavente\/wp-json\/wp\/v2\/comments?post=2"}],"version-history":[{"count":7,"href":"https:\/\/edublog.educastur.es\/aeecpjacintobenavente\/wp-json\/wp\/v2\/pages\/2\/revisions"}],"predecessor-version":[{"id":64,"href":"https:\/\/edublog.educastur.es\/aeecpjacintobenavente\/wp-json\/wp\/v2\/pages\/2\/revisions\/64"}],"wp:attachment":[{"href":"https:\/\/edublog.educastur.es\/aeecpjacintobenavente\/wp-json\/wp\/v2\/media?parent=2"}],"curies":[{"name":"wp","href":"https:\/\/api.w.org\/{rel}","templated":true}]}}