{"id":197,"date":"2022-05-26T18:44:13","date_gmt":"2022-05-26T18:44:13","guid":{"rendered":"https:\/\/edublog.educastur.es\/agrariaiesconcejodetineo\/?page_id=197"},"modified":"2024-07-19T10:02:01","modified_gmt":"2024-07-19T10:02:01","slug":"aprovechamiento-y-conservacion-del-medio-natural","status":"publish","type":"page","link":"https:\/\/edublog.educastur.es\/agrariaiesconcejodetineo\/aprovechamiento-y-conservacion-del-medio-natural\/","title":{"rendered":"Aprovechamiento y Conservaci\u00f3n del Medio Natural (AGA205)"},"content":{"rendered":"<p><strong>\u00a0Familia profesional<\/strong>: Agraria<\/p>\n<p><strong>\u00a0Modalidad:\u00a0<\/strong>Presencial<\/p>\n<p><strong>Duraci\u00f3n<\/strong>: 2.000 horas<\/p>\n<p><strong>\u00a0Competencia general:<\/strong><\/p>\n<p style=\"text-align: justify\">La competencia general de este t\u00edtulo consiste en realizar las operaciones de repoblaci\u00f3n forestal, de restauraci\u00f3n u ordenaci\u00f3n hidrol\u00f3gico-forestal y de aprovechamiento forestal as\u00ed como el control y vigilancia del medio natural, manejando y manteniendo la maquinaria e instalaciones forestales y aplicando la normativa medioambiental y de prevenci\u00f3n de riesgos laborales.<\/p>\n<p><strong>Unidades de competencia:<\/strong><\/p>\n<ul>\n<li>Realizar operaciones de repoblaci\u00f3n forestal y de correcci\u00f3n hidrol\u00f3gico-forestal<\/li>\n<li>Realizar tratamientos selv\u00edcolas.<\/li>\n<li>Manejar tractores forestales y realizar su mantenimiento.<\/li>\n<li>Realizar el apeo y procesado de \u00e1rboles con motosierra.<\/li>\n<li>Realizar el apeo y procesado de \u00e1rboles con cosechadora forestal.<\/li>\n<li>Realizar trabajos de repoblaci\u00f3n de especies acu\u00edcolas continentales y de conservaci\u00f3n y mejora de su h\u00e1bitat.<\/li>\n<li>Realizar trabajos de repoblaci\u00f3n de especies cineg\u00e9ticas.<\/li>\n<li>Realizar operaciones de propagaci\u00f3n de plantas en vivero.<\/li>\n<li>Controlar las plagas, enfermedades, malas hierbas y fisiopat\u00edas.<\/li>\n<\/ul>\n<p><strong>\u00a0M\u00f3dulos:<\/strong><\/p>\n<ul>\n<li>Fundamentos agron\u00f3micos.<\/li>\n<li>Principios de sanidad vegetal.<\/li>\n<li>Control fitosanitario.<\/li>\n<li>Repoblaciones forestales y tratamientos selv\u00edcolas.<\/li>\n<li>Aprovechamiento del medio natural.<\/li>\n<li>Conservaci\u00f3n de las especies cineg\u00e9ticas y pisc\u00edcolas.<\/li>\n<li>Producci\u00f3n de planta forestal en vivero.<\/li>\n<li>Prevenci\u00f3n de incendios forestales.<\/li>\n<li>Maquinaria e instalaciones forestales.<\/li>\n<li>Uso p\u00fablico en espacios naturales.<\/li>\n<li>Itinerario Personal para la Empleabilidad.<\/li>\n<li>Sostenibilidad Aplicada.<\/li>\n<li>Digitalizaci\u00f3n Aplicada.<\/li>\n<li>Ingl\u00e9s Profesional.<\/li>\n<li>Proyecto Intermodular I.<\/li>\n<li>Empresa e iniciativa emprendedora.<\/li>\n<li>Formaci\u00f3n en centros de trabajo.<\/li>\n<\/ul>\n<p><strong>Documentos:<\/strong><\/p>\n<ul>\n<li><a href=\"https:\/\/www.educastur.es\/documents\/34868\/38937\/AGA_AGA205CURRI.pdf\">Curr\u00edculo: Decreto 96\/2014, de 22 de octubre (BOPA 03-XI-2014)<\/a><\/li>\n<li><a href=\"https:\/\/www.educastur.es\/documents\/34868\/38937\/AGA_AGA205TIT.pdf\">T\u00edtulo: Real Decreto 1071\/2012, de 13 de julio (BOE 15-VIII-2012)<\/a><\/li>\n<\/ul>\n<p>&nbsp;<\/p>\n","protected":false},"excerpt":{"rendered":"<p>\u00a0Familia profesional: Agraria \u00a0Modalidad:\u00a0Presencial Duraci\u00f3n: 2.000 horas \u00a0Competencia general: La competencia general de este t\u00edtulo consiste en realizar las operaciones de repoblaci\u00f3n forestal, de restauraci\u00f3n u ordenaci\u00f3n hidrol\u00f3gico-forestal y de aprovechamiento forestal as\u00ed como el control y vigilancia del medio natural, manejando y manteniendo la maquinaria e instalaciones forestales y aplicando la normativa medioambiental y [&hellip;]<\/p>\n","protected":false},"author":1261,"featured_media":0,"parent":0,"menu_order":0,"comment_status":"closed","ping_status":"closed","template":"","meta":{"footnotes":""},"class_list":["post-197","page","type-page","status-publish","hentry"],"_links":{"self":[{"href":"https:\/\/edublog.educastur.es\/agrariaiesconcejodetineo\/wp-json\/wp\/v2\/pages\/197","targetHints":{"allow":["GET"]}}],"collection":[{"href":"https:\/\/edublog.educastur.es\/agrariaiesconcejodetineo\/wp-json\/wp\/v2\/pages"}],"about":[{"href":"https:\/\/edublog.educastur.es\/agrariaiesconcejodetineo\/wp-json\/wp\/v2\/types\/page"}],"author":[{"embeddable":true,"href":"https:\/\/edublog.educastur.es\/agrariaiesconcejodetineo\/wp-json\/wp\/v2\/users\/1261"}],"replies":[{"embeddable":true,"href":"https:\/\/edublog.educastur.es\/agrariaiesconcejodetineo\/wp-json\/wp\/v2\/comments?post=197"}],"version-history":[{"count":7,"href":"https:\/\/edublog.educastur.es\/agrariaiesconcejodetineo\/wp-json\/wp\/v2\/pages\/197\/revisions"}],"predecessor-version":[{"id":1209,"href":"https:\/\/edublog.educastur.es\/agrariaiesconcejodetineo\/wp-json\/wp\/v2\/pages\/197\/revisions\/1209"}],"wp:attachment":[{"href":"https:\/\/edublog.educastur.es\/agrariaiesconcejodetineo\/wp-json\/wp\/v2\/media?parent=197"}],"curies":[{"name":"wp","href":"https:\/\/api.w.org\/{rel}","templated":true}]}}