{"id":199,"date":"2022-05-26T18:44:13","date_gmt":"2022-05-26T18:44:13","guid":{"rendered":"https:\/\/edublog.educastur.es\/agrariaiesconcejodetineo\/?page_id=199"},"modified":"2024-07-19T10:01:26","modified_gmt":"2024-07-19T10:01:26","slug":"gestion-forestal-y-del-medio-natural","status":"publish","type":"page","link":"https:\/\/edublog.educastur.es\/agrariaiesconcejodetineo\/gestion-forestal-y-del-medio-natural\/","title":{"rendered":"Gesti\u00f3n Forestal y del Medio Natural (AGA302)"},"content":{"rendered":"<p><strong>\u00a0Familia profesional:\u00a0<\/strong>Agraria<\/p>\n<p><strong>\u00a0Modalidad:\u00a0<\/strong>Presencial<\/p>\n<p><strong>\u00a0Duraci\u00f3n:\u00a0<\/strong>2.000 horas<\/p>\n<p><strong>Competencia general:<\/strong><\/p>\n<p style=\"text-align: justify\">La competencia general de este t\u00edtulo consiste en programar, organizar, supervisar y realizar, en su caso, los trabajos en el monte y en viveros, controlando y protegiendo el medio natural y capacitando a las personas para la conservaci\u00f3n y mejora ambiental, aplicando los planes de calidad, prevenci\u00f3n de riesgos laborales y protecci\u00f3n ambiental de acuerdo con la legislaci\u00f3n vigente.<\/p>\n<p><strong>Unidades de competencia:<\/strong><\/p>\n<ul>\n<li>Realizar operaciones topogr\u00e1ficas en trabajos de agricultura, jardiner\u00eda y montes.<\/li>\n<li>Gestionar las operaciones de repoblaci\u00f3n forestal y de correcci\u00f3n hidrol\u00f3gico-forestal.<\/li>\n<li>Gestionar los tratamientos selv\u00edcolas.<\/li>\n<li>Gestionar la maquinaria, equipos e instalaciones de la explotaci\u00f3n forestal.<\/li>\n<li>Gestionar los aprovechamientos forestales madereros.<\/li>\n<li>Gestionar los aprovechamientos forestales no madereros.<\/li>\n<li>Gestionar la maquinaria, equipos e instalaciones de la explotaci\u00f3n forestal.<\/li>\n<li>Organizar y supervisar las operaciones de inventario y seguimiento del h\u00e1bitat natural.<\/li>\n<li>Gestionar los trabajos derivados de la planificaci\u00f3n y seguimiento del h\u00e1bitat acu\u00edcola continental.<\/li>\n<li>Gestionar los trabajos derivados de la planificaci\u00f3n del h\u00e1bitat de las especies cineg\u00e9ticas.<\/li>\n<li>Gestionar la maquinaria, equipos e instalaciones de la explotaci\u00f3n forestal.<\/li>\n<li>Gestionar la maquinaria, equipos e instalaciones de la explotaci\u00f3n agr\u00edcola.<\/li>\n<li>Controlar y vigilar los espacios naturales y su uso p\u00fablico.<\/li>\n<li>Controlar el aprovechamiento de los recursos cineg\u00e9ticos y pisc\u00edcolas.<\/li>\n<li>Vigilar y colaborar en las operaciones de restauraci\u00f3n, mantenimiento, ordenaci\u00f3n y defensa de los recursos naturales.<\/li>\n<\/ul>\n<p><strong>\u00a0M\u00f3dulos:<\/strong><\/p>\n<ul>\n<li>Bot\u00e1nica agron\u00f3mica.<\/li>\n<li>Fitopatolog\u00eda.<\/li>\n<li>Topograf\u00eda agraria.<\/li>\n<li>Maquinaria e instalaciones agroforestales.<\/li>\n<li>T\u00e9cnicas de educaci\u00f3n ambiental.<\/li>\n<li>Gesti\u00f3n de los aprovechamientos del medio forestal.<\/li>\n<li>Gesti\u00f3n y organizaci\u00f3n del vivero forestal.<\/li>\n<li>Gesti\u00f3n cineg\u00e9tica.<\/li>\n<li>Gesti\u00f3n de la pesca continental.<\/li>\n<li>Gesti\u00f3n de montes.<\/li>\n<li>Gesti\u00f3n de la conservaci\u00f3n del medio natural.<\/li>\n<li>Defensa contra incendios forestales.<\/li>\n<li>Proyecto intermodular I.<\/li>\n<li>Sostenibilidad Aplicada.<\/li>\n<li>Digitalizaci\u00f3n Aplicada.<\/li>\n<li>Proyecto de Gesti\u00f3n Forestal y del Medio Natural.<\/li>\n<li>Empresa e iniciativa emprendedora.<\/li>\n<li>Itinerario Personal para la Empleabilidad I.<\/li>\n<li>Ingl\u00e9s Profesional.<\/li>\n<\/ul>\n<p><strong>\u00a0Acceso a estudios universitarios:<\/strong><\/p>\n<ul>\n<li>Este ciclo formativo te da acceso a todos los estudios de grado que no tengan l\u00edmite de plazas.<\/li>\n<li>Para estudios de grado con l\u00edmite de plazas deber\u00e1s superar un proceso de admisi\u00f3n espec\u00edfico.<\/li>\n<\/ul>\n<p><strong>\u00a0Documentos:<\/strong><\/p>\n<ul>\n<li><a href=\"https:\/\/www.educastur.es\/documents\/34868\/38937\/AGA_AGA302CURRI.pdf\">Curr\u00edculo: Decreto 8\/2014, de 28 de enero (BOPA 08-II-2014)<\/a><\/li>\n<li><a href=\"https:\/\/www.educastur.es\/documents\/34868\/38937\/AGA_AGA302TIT.pdf\">T\u00edtulo: Real Decreto 260\/2011, de 28 de febrero (BOE 07-IV-2011)<\/a><\/li>\n<\/ul>\n<p>&nbsp;<\/p>\n<p>&nbsp;<\/p>\n<p>&nbsp;<\/p>\n","protected":false},"excerpt":{"rendered":"<p>\u00a0Familia profesional:\u00a0Agraria \u00a0Modalidad:\u00a0Presencial \u00a0Duraci\u00f3n:\u00a02.000 horas Competencia general: La competencia general de este t\u00edtulo consiste en programar, organizar, supervisar y realizar, en su caso, los trabajos en el monte y en viveros, controlando y protegiendo el medio natural y capacitando a las personas para la conservaci\u00f3n y mejora ambiental, aplicando los planes de calidad, prevenci\u00f3n de [&hellip;]<\/p>\n","protected":false},"author":1261,"featured_media":0,"parent":0,"menu_order":0,"comment_status":"closed","ping_status":"closed","template":"","meta":{"footnotes":""},"class_list":["post-199","page","type-page","status-publish","hentry"],"_links":{"self":[{"href":"https:\/\/edublog.educastur.es\/agrariaiesconcejodetineo\/wp-json\/wp\/v2\/pages\/199","targetHints":{"allow":["GET"]}}],"collection":[{"href":"https:\/\/edublog.educastur.es\/agrariaiesconcejodetineo\/wp-json\/wp\/v2\/pages"}],"about":[{"href":"https:\/\/edublog.educastur.es\/agrariaiesconcejodetineo\/wp-json\/wp\/v2\/types\/page"}],"author":[{"embeddable":true,"href":"https:\/\/edublog.educastur.es\/agrariaiesconcejodetineo\/wp-json\/wp\/v2\/users\/1261"}],"replies":[{"embeddable":true,"href":"https:\/\/edublog.educastur.es\/agrariaiesconcejodetineo\/wp-json\/wp\/v2\/comments?post=199"}],"version-history":[{"count":4,"href":"https:\/\/edublog.educastur.es\/agrariaiesconcejodetineo\/wp-json\/wp\/v2\/pages\/199\/revisions"}],"predecessor-version":[{"id":1208,"href":"https:\/\/edublog.educastur.es\/agrariaiesconcejodetineo\/wp-json\/wp\/v2\/pages\/199\/revisions\/1208"}],"wp:attachment":[{"href":"https:\/\/edublog.educastur.es\/agrariaiesconcejodetineo\/wp-json\/wp\/v2\/media?parent=199"}],"curies":[{"name":"wp","href":"https:\/\/api.w.org\/{rel}","templated":true}]}}