{"id":345,"date":"2022-06-01T20:09:41","date_gmt":"2022-06-01T20:09:41","guid":{"rendered":"https:\/\/edublog.educastur.es\/agrariaiesconcejodetineo\/?page_id=345"},"modified":"2022-06-06T10:09:00","modified_gmt":"2022-06-06T10:09:00","slug":"i-jornadas-orientacion-profesional","status":"publish","type":"page","link":"https:\/\/edublog.educastur.es\/agrariaiesconcejodetineo\/i-jornadas-orientacion-profesional\/","title":{"rendered":"I Jornadas Orientaci\u00f3n Profesional"},"content":{"rendered":"<p style=\"text-align: justify\">El Departamento de FOL, en colaboraci\u00f3n con el Departamento de Agraria, \u00a0decide organizar las <strong>I Jornadas de Orientaci\u00f3n Profesional<\/strong>, para el alumnado de primero de Gesti\u00f3n Forestal y del Medio Natural, en las que han participado las siguientes entidades:<\/p>\n<ul style=\"text-align: justify\">\n<li><strong>BOSQFRUT (empresa comercializadora de harina de casta\u00f1a).<\/strong><\/li>\n<li><strong>FORESMA (empresa forestal).<\/strong><\/li>\n<li><strong>CONSEJER\u00cdA DE MEDIO RURAL Y COHESI\u00d3N TERRITORIAL.<\/strong><\/li>\n<li><strong>BRIPA (Brigadas de Investigaci\u00f3n de Incendios de Asturias).<\/strong><\/li>\n<li><strong>CETEMAS (Centro Tecnol\u00f3gico de la Madera).<\/strong><\/li>\n<li style=\"text-align: justify\"><strong>ENCE (Energ\u00eda y celulosa).<\/strong><\/li>\n<li><strong>BIOSFERA (Consultor\u00eda Medioambiental).<\/strong><\/li>\n<li><strong>PARRONDO (empresa forestal).<\/strong><\/li>\n<\/ul>\n<p style=\"text-align: justify\">Estas jornadas han tenido una gran acogida tanto por parte de las entidades colaboradoras como por parte de la mayor\u00eda del alumnado por lo que se espera repetir el curso que viene con estas entidades y otras m\u00e1s.<\/p>\n<p style=\"text-align: justify\"><strong>Agradecemos la colaboraci\u00f3n a todos los participantes.<\/strong><\/p>\n<p>&nbsp;<\/p>\n<p><img loading=\"lazy\" decoding=\"async\" class=\"wp-image-323 aligncenter\" src=\"http:\/\/edublog.educastur.es\/agrariaiesconcejodetineo\/files\/2022\/05\/NO-SE-TRATA-DONDE-ESTESSINO-DONDE-QUIERES-LLEGAR_page-0001-212x300.jpg\" alt=\"\" width=\"279\" height=\"395\" \/><\/p>\n<p>&nbsp;<\/p>\n","protected":false},"excerpt":{"rendered":"<p>El Departamento de FOL, en colaboraci\u00f3n con el Departamento de Agraria, \u00a0decide organizar las I Jornadas de Orientaci\u00f3n Profesional, para el alumnado de primero de Gesti\u00f3n Forestal y del Medio Natural, en las que han participado las siguientes entidades: BOSQFRUT (empresa comercializadora de harina de casta\u00f1a). FORESMA (empresa forestal). CONSEJER\u00cdA DE MEDIO RURAL Y COHESI\u00d3N [&hellip;]<\/p>\n","protected":false},"author":1261,"featured_media":0,"parent":0,"menu_order":0,"comment_status":"closed","ping_status":"closed","template":"","meta":{"footnotes":""},"class_list":["post-345","page","type-page","status-publish","hentry"],"_links":{"self":[{"href":"https:\/\/edublog.educastur.es\/agrariaiesconcejodetineo\/wp-json\/wp\/v2\/pages\/345","targetHints":{"allow":["GET"]}}],"collection":[{"href":"https:\/\/edublog.educastur.es\/agrariaiesconcejodetineo\/wp-json\/wp\/v2\/pages"}],"about":[{"href":"https:\/\/edublog.educastur.es\/agrariaiesconcejodetineo\/wp-json\/wp\/v2\/types\/page"}],"author":[{"embeddable":true,"href":"https:\/\/edublog.educastur.es\/agrariaiesconcejodetineo\/wp-json\/wp\/v2\/users\/1261"}],"replies":[{"embeddable":true,"href":"https:\/\/edublog.educastur.es\/agrariaiesconcejodetineo\/wp-json\/wp\/v2\/comments?post=345"}],"version-history":[{"count":5,"href":"https:\/\/edublog.educastur.es\/agrariaiesconcejodetineo\/wp-json\/wp\/v2\/pages\/345\/revisions"}],"predecessor-version":[{"id":648,"href":"https:\/\/edublog.educastur.es\/agrariaiesconcejodetineo\/wp-json\/wp\/v2\/pages\/345\/revisions\/648"}],"wp:attachment":[{"href":"https:\/\/edublog.educastur.es\/agrariaiesconcejodetineo\/wp-json\/wp\/v2\/media?parent=345"}],"curies":[{"name":"wp","href":"https:\/\/api.w.org\/{rel}","templated":true}]}}

I Jornadas Orientación Profesional

<p style="text-align: justify">El Departamento de FOL, en colaboración con el Departamento de Agraria,  decide organizar las <strong>I Jornadas de Orientación Profesional</strong>, para el alumnado de primero de Gestión Forestal y del Medio Natural, en las que han participado las siguientes entidades:</p>
<ul style="text-align: justify">
<li><strong>BOSQFRUT (empresa comercializadora de harina de castaña).</strong></li>
<li><strong>FORESMA (empresa forestal).</strong></li>
<li><strong>CONSEJERÍA DE MEDIO RURAL Y COHESIÓN TERRITORIAL.</strong></li>
<li><strong>BRIPA (Brigadas de Investigación de Incendios de Asturias).</strong></li>
<li><strong>CETEMAS (Centro Tecnológico de la Madera).</strong></li>
<li style="text-align: justify"><strong>ENCE (Energía y celulosa).</strong></li>
<li><strong>BIOSFERA (Consultoría Medioambiental).</strong></li>
<li><strong>PARRONDO (empresa forestal).</strong></li>
</ul>
<p style="text-align: justify">Estas jornadas han tenido una gran acogida tanto por parte de las entidades colaboradoras como por parte de la mayoría del alumnado por lo que se espera repetir el curso que viene con estas entidades y otras más.</p>
<p style="text-align: justify"><strong>Agradecemos la colaboración a todos los participantes.</strong></p>
<p>&nbsp;</p>
<p><img loading="lazy" decoding="async" class="wp-image-323 aligncenter" src="http://edublog.educastur.es/agrariaiesconcejodetineo/files/2022/05/NO-SE-TRATA-DONDE-ESTESSINO-DONDE-QUIERES-LLEGAR_page-0001-212x300.jpg" alt="" width="279" height="395" /></p>
<p>&nbsp;</p>

<p>El Departamento de FOL, en colaboración con el Departamento de Agraria,  decide organizar las I Jornadas de Orientación Profesional, para el alumnado de primero de Gestión Forestal y del Medio Natural, en las que han participado las siguientes entidades: BOSQFRUT (empresa comercializadora de harina de castaña). FORESMA (empresa forestal). CONSEJERÍA DE MEDIO RURAL Y COHESIÓN [&hellip;]</p>
