{"id":441,"date":"2022-06-03T10:38:09","date_gmt":"2022-06-03T10:38:09","guid":{"rendered":"https:\/\/edublog.educastur.es\/agrariaiesconcejodetineo\/?page_id=441"},"modified":"2022-06-06T09:48:35","modified_gmt":"2022-06-06T09:48:35","slug":"jardin-botanico-atlantico","status":"publish","type":"page","link":"https:\/\/edublog.educastur.es\/agrariaiesconcejodetineo\/jardin-botanico-atlantico\/","title":{"rendered":"Jard\u00edn Bot\u00e1nico Atl\u00e1ntico"},"content":{"rendered":"<p style=\"text-align: justify\">Todo el alumnado de los ciclos formativos de la familia profesional de Agraria visita las instalaciones del Jard\u00edn Bot\u00e1nico Atl\u00e1ntico (Gij\u00f3n).<\/p>\n","protected":false},"excerpt":{"rendered":"<p>Todo el alumnado de los ciclos formativos de la familia profesional de Agraria visita las instalaciones del Jard\u00edn Bot\u00e1nico Atl\u00e1ntico (Gij\u00f3n).<\/p>\n","protected":false},"author":1261,"featured_media":0,"parent":0,"menu_order":0,"comment_status":"closed","ping_status":"closed","template":"","meta":{"footnotes":""},"class_list":["post-441","page","type-page","status-publish","hentry"],"_links":{"self":[{"href":"https:\/\/edublog.educastur.es\/agrariaiesconcejodetineo\/wp-json\/wp\/v2\/pages\/441","targetHints":{"allow":["GET"]}}],"collection":[{"href":"https:\/\/edublog.educastur.es\/agrariaiesconcejodetineo\/wp-json\/wp\/v2\/pages"}],"about":[{"href":"https:\/\/edublog.educastur.es\/agrariaiesconcejodetineo\/wp-json\/wp\/v2\/types\/page"}],"author":[{"embeddable":true,"href":"https:\/\/edublog.educastur.es\/agrariaiesconcejodetineo\/wp-json\/wp\/v2\/users\/1261"}],"replies":[{"embeddable":true,"href":"https:\/\/edublog.educastur.es\/agrariaiesconcejodetineo\/wp-json\/wp\/v2\/comments?post=441"}],"version-history":[{"count":2,"href":"https:\/\/edublog.educastur.es\/agrariaiesconcejodetineo\/wp-json\/wp\/v2\/pages\/441\/revisions"}],"predecessor-version":[{"id":617,"href":"https:\/\/edublog.educastur.es\/agrariaiesconcejodetineo\/wp-json\/wp\/v2\/pages\/441\/revisions\/617"}],"wp:attachment":[{"href":"https:\/\/edublog.educastur.es\/agrariaiesconcejodetineo\/wp-json\/wp\/v2\/media?parent=441"}],"curies":[{"name":"wp","href":"https:\/\/api.w.org\/{rel}","templated":true}]}}

Jardín Botánico Atlántico

<p style="text-align: justify">Todo el alumnado de los ciclos formativos de la familia profesional de Agraria visita las instalaciones del Jardín Botánico Atlántico (Gijón).</p>

<p>Todo el alumnado de los ciclos formativos de la familia profesional de Agraria visita las instalaciones del Jardín Botánico Atlántico (Gijón).</p>
