{"id":536,"date":"2022-06-05T20:10:42","date_gmt":"2022-06-05T20:10:42","guid":{"rendered":"https:\/\/edublog.educastur.es\/agrariaiesconcejodetineo\/?page_id=536"},"modified":"2022-06-06T10:03:07","modified_gmt":"2022-06-06T10:03:07","slug":"quemas-controladas","status":"publish","type":"page","link":"https:\/\/edublog.educastur.es\/agrariaiesconcejodetineo\/quemas-controladas\/","title":{"rendered":"Incendios Forestales"},"content":{"rendered":"<div class=\"page\" title=\"Page 69\">\n<div class=\"section\">\n<div class=\"layoutArea\">\n<div class=\"column\">\n<p style=\"text-align: justify\">Este m\u00f3dulo profesional contiene la formaci\u00f3n necesaria para desempe\u00f1ar la funci\u00f3n de planificaci\u00f3n y organizaci\u00f3n de los trabajos de prevenci\u00f3n, vigilancia, detecci\u00f3n y control y extinci\u00f3n de incendios forestales.<\/p>\n<p style=\"text-align: justify\">La planificaci\u00f3n y organizaci\u00f3n de los trabajos de prevenci\u00f3n, vigilancia, detecci\u00f3n y control y extinci\u00f3n de incendios forestales incluyen aspectos como:<\/p>\n<ul>\n<li style=\"text-align: justify\">Trabajos de prevenci\u00f3n de incendios.<\/li>\n<li style=\"text-align: justify\">Mantenimiento de infraestructuras relacionadas con la prevenci\u00f3n, vigilancia,\u00a0detecci\u00f3n y extinci\u00f3n de incendios forestales.<\/li>\n<li style=\"text-align: justify\">Vigilancia y detecci\u00f3n de incendios forestales.<\/li>\n<li style=\"text-align: justify\">Mantenimiento y supervisi\u00f3n de equipos de comunicaciones.<\/li>\n<li style=\"text-align: justify\">Control y extinci\u00f3n de incendios forestales.<\/li>\n<li style=\"text-align: justify\">Investigaci\u00f3n de incendios forestales.<\/li>\n<li style=\"text-align: justify\">Coordinaci\u00f3n y supervisi\u00f3n de los recursos humanos y materiales.<\/li>\n<li style=\"text-align: justify\">Aplicaci\u00f3n de los planes de prevenci\u00f3n de riesgos laborales asociados a la\u00a0prevenci\u00f3n y extinci\u00f3n de incendios forestales.<\/li>\n<\/ul>\n<\/div>\n<\/div>\n<\/div>\n<\/div>\n","protected":false},"excerpt":{"rendered":"<p>Este m\u00f3dulo profesional contiene la formaci\u00f3n necesaria para desempe\u00f1ar la funci\u00f3n de planificaci\u00f3n y organizaci\u00f3n de los trabajos de prevenci\u00f3n, vigilancia, detecci\u00f3n y control y extinci\u00f3n de incendios forestales. La planificaci\u00f3n y organizaci\u00f3n de los trabajos de prevenci\u00f3n, vigilancia, detecci\u00f3n y control y extinci\u00f3n de incendios forestales incluyen aspectos como: Trabajos de prevenci\u00f3n de incendios. [&hellip;]<\/p>\n","protected":false},"author":1261,"featured_media":0,"parent":0,"menu_order":0,"comment_status":"closed","ping_status":"closed","template":"","meta":{"footnotes":""},"class_list":["post-536","page","type-page","status-publish","hentry"],"_links":{"self":[{"href":"https:\/\/edublog.educastur.es\/agrariaiesconcejodetineo\/wp-json\/wp\/v2\/pages\/536","targetHints":{"allow":["GET"]}}],"collection":[{"href":"https:\/\/edublog.educastur.es\/agrariaiesconcejodetineo\/wp-json\/wp\/v2\/pages"}],"about":[{"href":"https:\/\/edublog.educastur.es\/agrariaiesconcejodetineo\/wp-json\/wp\/v2\/types\/page"}],"author":[{"embeddable":true,"href":"https:\/\/edublog.educastur.es\/agrariaiesconcejodetineo\/wp-json\/wp\/v2\/users\/1261"}],"replies":[{"embeddable":true,"href":"https:\/\/edublog.educastur.es\/agrariaiesconcejodetineo\/wp-json\/wp\/v2\/comments?post=536"}],"version-history":[{"count":10,"href":"https:\/\/edublog.educastur.es\/agrariaiesconcejodetineo\/wp-json\/wp\/v2\/pages\/536\/revisions"}],"predecessor-version":[{"id":644,"href":"https:\/\/edublog.educastur.es\/agrariaiesconcejodetineo\/wp-json\/wp\/v2\/pages\/536\/revisions\/644"}],"wp:attachment":[{"href":"https:\/\/edublog.educastur.es\/agrariaiesconcejodetineo\/wp-json\/wp\/v2\/media?parent=536"}],"curies":[{"name":"wp","href":"https:\/\/api.w.org\/{rel}","templated":true}]}}

<div class="page" title="Page 69">
<div class="section">
<div class="layoutArea">
<div class="column">
<p style="text-align: justify">Este módulo profesional contiene la formación necesaria para desempeñar la función de planificación y organización de los trabajos de prevención, vigilancia, detección y control y extinción de incendios forestales.</p>
<p style="text-align: justify">La planificación y organización de los trabajos de prevención, vigilancia, detección y control y extinción de incendios forestales incluyen aspectos como:</p>
<ul>
<li style="text-align: justify">Trabajos de prevención de incendios.</li>
<li style="text-align: justify">Mantenimiento de infraestructuras relacionadas con la prevención, vigilancia, detección y extinción de incendios forestales.</li>
<li style="text-align: justify">Vigilancia y detección de incendios forestales.</li>
<li style="text-align: justify">Mantenimiento y supervisión de equipos de comunicaciones.</li>
<li style="text-align: justify">Control y extinción de incendios forestales.</li>
<li style="text-align: justify">Investigación de incendios forestales.</li>
<li style="text-align: justify">Coordinación y supervisión de los recursos humanos y materiales.</li>
<li style="text-align: justify">Aplicación de los planes de prevención de riesgos laborales asociados a la prevención y extinción de incendios forestales.</li>
</ul>
</div>
</div>
</div>
</div>

<p>Este módulo profesional contiene la formación necesaria para desempeñar la función de planificación y organización de los trabajos de prevención, vigilancia, detección y control y extinción de incendios forestales. La planificación y organización de los trabajos de prevención, vigilancia, detección y control y extinción de incendios forestales incluyen aspectos como: Trabajos de prevención de incendios. [&hellip;]</p>
