{"id":597,"date":"2022-06-06T09:38:29","date_gmt":"2022-06-06T09:38:29","guid":{"rendered":"https:\/\/edublog.educastur.es\/agrariaiesconcejodetineo\/?page_id=597"},"modified":"2022-06-06T10:08:34","modified_gmt":"2022-06-06T10:08:34","slug":"fol-2","status":"publish","type":"page","link":"https:\/\/edublog.educastur.es\/agrariaiesconcejodetineo\/fol-2\/","title":{"rendered":"FOL"},"content":{"rendered":"<div class=\"page\" title=\"Page 76\">\n<div class=\"section\">\n<div class=\"layoutArea\">\n<div class=\"column\">\n<p style=\"text-align: justify\">Este m\u00f3dulo profesional contiene la formaci\u00f3n necesaria para que el alumno pueda insertarse laboralmente y desarrollar su carrera profesional en el sector.<\/p>\n<p style=\"text-align: justify\">Las l\u00edneas de actuaci\u00f3n en el proceso de ense\u00f1anza\u2013aprendizaje que permiten alcanzar los objetivos del m\u00f3dulo versar\u00e1n sobre:<\/p>\n<ul>\n<li style=\"text-align: justify\">El manejo de las fuentes de informaci\u00f3n sobre el sistema educativo y laboral, en especial en lo referente a las empresas.<\/li>\n<li style=\"text-align: justify\">La realizaci\u00f3n de pruebas de orientaci\u00f3n y din\u00e1micas sobre la propia personalidad y el desarrollo de las habilidades sociales.<\/li>\n<li style=\"text-align: justify\">La preparaci\u00f3n y realizaci\u00f3n de modelos de curr\u00edculum vitae (CV), y entrevistas de trabajo.<\/li>\n<li style=\"text-align: justify\">Identificaci\u00f3n de la normativa laboral que afecta a los trabajadores del sector, manejo de los contratos m\u00e1s com\u00fanmente utilizados, lectura comprensiva de los convenios colectivos de aplicaci\u00f3n.<\/li>\n<li style=\"text-align: justify\">La cumplimentaci\u00f3n de recibos de salario de diferentes caracter\u00edsticas y otros documentos relacionados.<\/li>\n<li>\n<p style=\"text-align: justify\">El an\u00e1lisis de la ley de Prevenci\u00f3n de Riesgos Laborales, que le permita la evaluaci\u00f3n de los riesgos derivados de las actividades desarrolladas en su sector productivo y que le permita colaborar en la definici\u00f3n de un plan de prevenci\u00f3n para una peque\u00f1a empresa, as\u00ed como en la elaboraci\u00f3n de las medidas necesarias para su puesta en funcionamiento.<\/p>\n<\/li>\n<\/ul>\n<\/div>\n<\/div>\n<\/div>\n<\/div>\n","protected":false},"excerpt":{"rendered":"<p>Este m\u00f3dulo profesional contiene la formaci\u00f3n necesaria para que el alumno pueda insertarse laboralmente y desarrollar su carrera profesional en el sector. Las l\u00edneas de actuaci\u00f3n en el proceso de ense\u00f1anza\u2013aprendizaje que permiten alcanzar los objetivos del m\u00f3dulo versar\u00e1n sobre: El manejo de las fuentes de informaci\u00f3n sobre el sistema educativo y laboral, en especial [&hellip;]<\/p>\n","protected":false},"author":1261,"featured_media":0,"parent":0,"menu_order":0,"comment_status":"closed","ping_status":"closed","template":"","meta":{"footnotes":""},"class_list":["post-597","page","type-page","status-publish","hentry"],"_links":{"self":[{"href":"https:\/\/edublog.educastur.es\/agrariaiesconcejodetineo\/wp-json\/wp\/v2\/pages\/597","targetHints":{"allow":["GET"]}}],"collection":[{"href":"https:\/\/edublog.educastur.es\/agrariaiesconcejodetineo\/wp-json\/wp\/v2\/pages"}],"about":[{"href":"https:\/\/edublog.educastur.es\/agrariaiesconcejodetineo\/wp-json\/wp\/v2\/types\/page"}],"author":[{"embeddable":true,"href":"https:\/\/edublog.educastur.es\/agrariaiesconcejodetineo\/wp-json\/wp\/v2\/users\/1261"}],"replies":[{"embeddable":true,"href":"https:\/\/edublog.educastur.es\/agrariaiesconcejodetineo\/wp-json\/wp\/v2\/comments?post=597"}],"version-history":[{"count":2,"href":"https:\/\/edublog.educastur.es\/agrariaiesconcejodetineo\/wp-json\/wp\/v2\/pages\/597\/revisions"}],"predecessor-version":[{"id":647,"href":"https:\/\/edublog.educastur.es\/agrariaiesconcejodetineo\/wp-json\/wp\/v2\/pages\/597\/revisions\/647"}],"wp:attachment":[{"href":"https:\/\/edublog.educastur.es\/agrariaiesconcejodetineo\/wp-json\/wp\/v2\/media?parent=597"}],"curies":[{"name":"wp","href":"https:\/\/api.w.org\/{rel}","templated":true}]}}

<div class="page" title="Page 76">
<div class="section">
<div class="layoutArea">
<div class="column">
<p style="text-align: justify">Este módulo profesional contiene la formación necesaria para que el alumno pueda insertarse laboralmente y desarrollar su carrera profesional en el sector.</p>
<p style="text-align: justify">Las líneas de actuación en el proceso de enseñanza–aprendizaje que permiten alcanzar los objetivos del módulo versarán sobre:</p>
<ul>
<li style="text-align: justify">El manejo de las fuentes de información sobre el sistema educativo y laboral, en especial en lo referente a las empresas.</li>
<li style="text-align: justify">La realización de pruebas de orientación y dinámicas sobre la propia personalidad y el desarrollo de las habilidades sociales.</li>
<li style="text-align: justify">La preparación y realización de modelos de currículum vitae (CV), y entrevistas de trabajo.</li>
<li style="text-align: justify">Identificación de la normativa laboral que afecta a los trabajadores del sector, manejo de los contratos más comúnmente utilizados, lectura comprensiva de los convenios colectivos de aplicación.</li>
<li style="text-align: justify">La cumplimentación de recibos de salario de diferentes características y otros documentos relacionados.</li>
<li>
<p style="text-align: justify">El análisis de la ley de Prevención de Riesgos Laborales, que le permita la evaluación de los riesgos derivados de las actividades desarrolladas en su sector productivo y que le permita colaborar en la definición de un plan de prevención para una pequeña empresa, así como en la elaboración de las medidas necesarias para su puesta en funcionamiento.</p>
</li>
</ul>
</div>
</div>
</div>
</div>

<p>Este módulo profesional contiene la formación necesaria para que el alumno pueda insertarse laboralmente y desarrollar su carrera profesional en el sector. Las líneas de actuación en el proceso de enseñanza–aprendizaje que permiten alcanzar los objetivos del módulo versarán sobre: El manejo de las fuentes de información sobre el sistema educativo y laboral, en especial [&hellip;]</p>
