{"id":139,"date":"2020-07-29T07:53:07","date_gmt":"2020-07-29T07:53:07","guid":{"rendered":"https:\/\/edublog.educastur.es\/asturies\/?page_id=139"},"modified":"2020-07-29T08:22:00","modified_gmt":"2020-07-29T08:22:00","slug":"parque-natural-de-redes","status":"publish","type":"page","link":"https:\/\/edublog.educastur.es\/asturies\/espacios\/parques\/parque-natural-de-redes\/","title":{"rendered":"Parque Natural de Redes"},"content":{"rendered":"<ul>\n<li>Web oficial: <a href=\"http:\/\/www.parquenaturalderedes.es\/\"><em><strong>http:\/\/www.parquenaturalderedes.es\/<\/strong><\/em><\/a><\/li>\n<li><a href=\"https:\/\/www.facebook.com\/Redes.Natural\">Redes Natural<\/a><\/li>\n<\/ul>\n<p><img loading=\"lazy\" decoding=\"async\" class=\"alignnone wp-image-108\" src=\"http:\/\/edublog.educastur.es\/asturies\/files\/2020\/07\/RedesNaturald8a3a111e9061b7b-1-300x127.png\" alt=\"\" width=\"184\" height=\"78\" srcset=\"https:\/\/edublog.educastur.es\/asturies\/files\/2020\/07\/RedesNaturald8a3a111e9061b7b-1-300x127.png 300w, https:\/\/edublog.educastur.es\/asturies\/files\/2020\/07\/RedesNaturald8a3a111e9061b7b-1.png 504w\" sizes=\"auto, (max-width: 184px) 100vw, 184px\" \/><\/p>\n<ul>\n<li><a href=\"https:\/\/www.turismoasturias.es\/descubre\/naturaleza\/reservas-de-la-biosfera\/parque-natural-de-redes\">Web Turismo Asturias<\/a><\/li>\n<li><a href=\"http:\/\/naturalezadeasturias.es\/espacios\/visita\/destinos\/PN-redes.html\">Web Naturaleza de Asturias<\/a><\/li>\n<\/ul>\n<div id=\"p_p_id_56_INSTANCE_Iul45zpKCqbQ_\" class=\"portlet-boundary portlet-boundary_56_ portlet-static portlet-static-end portlet-borderless portlet-journal-content \">\n<div class=\"portlet-body\">\n<div class=\"portlet-borderless-container\">\n<div class=\"portlet-body\">\n<div id=\"article_10558_11022_52664_4.1\" class=\"journal-content-article\">\n<div class=\"box-info-wrapper box-wrapper\">\n<div class=\"box box-info\">\n<div>\n<div class=\"categories-wrapper\">\n<p><span class=\"biosphere-reserve\">Reserva Biosfera<\/span><\/p>\n<div class=\"file file-min\">\n<p><a class=\"file-pdf\" title=\"Descargar\" href=\"https:\/\/www.turismoasturias.es\/documents\/11022\/418f8981-b919-4726-92d5-8a55091ae009\" target=\"_blank\" rel=\"noopener noreferrer\">Folleto general Parque Natural de Redes <\/a><\/p>\n<ul>\n<li><a href=\"http:\/\/naturalezadeasturias.es\/upload\/Folleto_RB_Redes.pdf\" target=\"_blank\" rel=\"noopener noreferrer\">Folleto RB Redes <\/a><\/li>\n<li><\/li>\n<\/ul>\n<\/div>\n<\/div>\n<\/div>\n<\/div>\n<\/div>\n<\/div>\n<\/div>\n<\/div>\n<\/div>\n<\/div>\n<div id=\"p_p_id_56_INSTANCE_6GUGhmfIbxex_\" class=\"portlet-boundary portlet-boundary_56_ portlet-static portlet-static-end portlet-borderless portlet-journal-content \"><\/div>\n<p><img loading=\"lazy\" decoding=\"async\" class=\"alignnone size-medium wp-image-105\" src=\"http:\/\/edublog.educastur.es\/asturies\/files\/2020\/07\/separador-300x24.jpg\" alt=\"\" width=\"300\" height=\"24\" srcset=\"https:\/\/edublog.educastur.es\/asturies\/files\/2020\/07\/separador-300x24.jpg 300w, https:\/\/edublog.educastur.es\/asturies\/files\/2020\/07\/separador-1024x82.jpg 1024w, https:\/\/edublog.educastur.es\/asturies\/files\/2020\/07\/separador-768x62.jpg 768w, https:\/\/edublog.educastur.es\/asturies\/files\/2020\/07\/separador-1536x123.jpg 1536w, https:\/\/edublog.educastur.es\/asturies\/files\/2020\/07\/separador-2048x164.jpg 2048w, https:\/\/edublog.educastur.es\/asturies\/files\/2020\/07\/separador-676x54.jpg 676w\" sizes=\"auto, (max-width: 300px) 100vw, 300px\" \/><\/p>\n<p align=\"justify\">El Parque Natural de Redes, que comprende los concejos de Caso y Sobrescobio,\u00a0se sit\u00faa en el sector centro-oriental de la Cordillera Cant\u00e1brica, al sur de Asturias,\u00a0ocupando una superficie de 37.803 hect\u00e1reas.<\/p>\n<p align=\"justify\">Fue declarado como tal en 1996 con la finalidad de proteger sus valores naturales y paisaj\u00edsticos, as\u00ed como al objeto de mejorar la calidad de vida de su poblaci\u00f3n mediante la adopci\u00f3n de medidas de dinamizaci\u00f3n y desarrollo econ\u00f3mico, dirigidas especialmente al mantenimiento de las formas de vida tradicionales.<\/p>\n<div class=\"imagen_centrada\"><img loading=\"lazy\" decoding=\"async\" class=\"fotos\" src=\"http:\/\/www.taxusmedioambiente.com\/redes\/fotos\/1\/me\/Mapa_situacion.JPG\" alt=\"Parque Natural de Redes\" width=\"451\" height=\"446\" hspace=\"5\" vspace=\"5\" \/><\/div>\n<p align=\"justify\"><em><span style=\"font-size: 14pt\">En 1999, por acuerdo del Consejo de Gobierno, se propone el Parque Natural de Redes como Lugar de Importancia Comunitaria (LIC) para su incorporaci\u00f3n en la Red Europea Natura 2000, en aplicaci\u00f3n a la Directiva 92\/43\/CEE.<\/span><\/em><\/p>\n<p align=\"justify\"><em><span style=\"font-size: 14pt\">Posteriormente, en 2001 es declarado <strong>Reserva de la Biosfera<\/strong> por el Consejo Internacional de Coordinaci\u00f3n del Programa MaB de la UNESCO.<\/span><\/em><\/p>\n<p align=\"justify\"><em><span style=\"font-size: 14pt\">En definitiva, hablamos de un territorio cuya espectacularidad, y riqueza\u00a0tanto en \u00a0valores naturales como culturales, y\u00a0el estado de conservaci\u00f3n en el que se hallan, han sido reconocidos en m\u00faltiples ocasiones.<\/span><\/em><\/p>\n<p align=\"justify\"><em><span style=\"font-size: 14pt\">Tambi\u00e9n est\u00e1 considerado como Lugar de Importancia Comunitaria, primer paso para ser incluido en la Red Natura 2000, y es Zona de Especial Protecci\u00f3n para Aves (ZEPA)\u00a0desde el a\u00f1o 2003.<\/span><\/em><\/p>\n<p align=\"justify\"><em><span style=\"font-size: 14pt\"><u><strong>\u00bfC\u00d3MO LLEGAR?<\/strong><\/u><\/span><\/em><\/p>\n<p align=\"justify\"><em><span style=\"font-size: 14pt\">&gt; Desde el centro de Asturias: carretera regional <strong>AS-17<\/strong><\/span><\/em><\/p>\n<p align=\"justify\"><em><span style=\"font-size: 14pt\">&gt; Desde el oriente de Asturias: carretera comarcal <strong>AS-254, <\/strong>por el Collado de Arnicio.<\/span><\/em><\/p>\n<p align=\"justify\"><em><span style=\"font-size: 14pt\">&gt; Desde la provincia de Le\u00f3n: por el Puerto de Tarna desde las carreteras comarcales <strong>C-634 <\/strong>(desde Ria\u00f1o) o <strong>LE-331 <\/strong>(desde Puebla de Lillo).<\/span><\/em><\/p>\n<p><a class=\"Estilo1\" href=\"http:\/\/www.taxusmedioambiente.com\/redes\/documentos\/Mapa_rutas.pdf\" target=\"_blank\" rel=\"noopener noreferrer\"><em><span style=\"font-size: 14pt\"> Descargar Documento &gt;&gt;<\/span> <\/em><\/a><\/p>\n<h1><span style=\"font-size: 14pt\"><em>Informaci\u00f3n General del Parque<\/em><\/span><\/h1>\n<dl class=\"dateList\">\n<dd>\n<p align=\"justify\"><span style=\"font-size: 14pt\"><em>El Parque Natural de Redes tiene una extensi\u00f3n de 377.36 km2, cubiertos en su gran mayor\u00eda por masas boscosas fundamentalmente de haya, la especie vegetal m\u00e1s caracter\u00edstica del Parque.\u00a0En total,\u00a0los hayedos\u00a0ocupan el\u00a03\/4 partes\u00a0de la superficie del Parque, y junto con el resto de los bosques y\u00a0praderas sirven de h\u00e1bitat inmejorable\u00a0para m\u00faltiples especies, algunas de gran inter\u00e9s como el urogallo. Todo ello atravesado por una arteria principal, el r\u00edo Nal\u00f3n, uno de los r\u00edos m\u00e1s importantes de la regi\u00f3n, que a su paso por estos lugares, a\u00f1o tras a\u00f1o, ha dibujado un paisaje espectacular que hoy podemos contemplar.<\/em><\/span><\/p>\n<p align=\"justify\"><span style=\"font-size: 14pt\"><em><strong>LOS CONCEJOS<\/strong><\/em><\/span><\/p>\n<p align=\"justify\"><span style=\"font-size: 14pt\"><em>Redes est\u00e1 formado por dos concejos, Caso y Sobrescobio.<\/em><\/span><\/p>\n<p align=\"justify\"><span style=\"font-size: 14pt\"><em>El concejo de Sobrescobio\u00a0tiene su capital en Rioseco, pero encontramos otros n\u00facleos de poblaci\u00f3n como Anz\u00f3, Campiellos, Comillera, La Polina, Ladines, Soto de Agues y Villamorey.\u00a0En total, una extensi\u00f3n de 69,42 km2\u00a0de r\u00edos, valles, desfiladeros, bosques,&#8230;para conocer y disfrutar.<\/em><\/span><\/p>\n<p align=\"justify\"><span style=\"font-size: 14pt\"><em>El Concejo de Caso ocupa 307.94 km2, y es uno de los concejos m\u00e1s extensos del Principado. Su capital es Campo de Caso, pero el concejo comprende cerca de\u00a0veinte entidades de poblaci\u00f3n. Destaca su orograf\u00eda, ya que casi el 80% del territorio tiene una altitud superior a los 800 metros, con pendientes de m\u00e1s del 30 %, desafiando a cualquier monta\u00f1ero.<\/em><\/span><\/p>\n<p align=\"justify\"><span style=\"font-size: 14pt\"><em>Para m\u00e1s informaci\u00f3n sobre los concejos del Parque: <a href=\"http:\/\/www.caso.es\">www.caso.es<\/a>\u00a0<\/em><\/span><\/p>\n<p align=\"justify\"><span style=\"font-size: 14pt\"><em><u><span style=\"color: #0030b1\">www.ayto-sobrescobio.es<\/span><\/u><\/em><\/span><\/p>\n<\/dd>\n<\/dl>\n","protected":false},"excerpt":{"rendered":"<p>Web oficial: http:\/\/www.parquenaturalderedes.es\/ Redes Natural Web Turismo Asturias Web Naturaleza de Asturias Reserva Biosfera Folleto general Parque Natural de Redes Folleto RB Redes El Parque Natural de Redes, que comprende los concejos de Caso y Sobrescobio,\u00a0se sit\u00faa en el sector centro-oriental de la Cordillera Cant\u00e1brica, al sur de Asturias,\u00a0ocupando una superficie de 37.803 hect\u00e1reas. Fue [&hellip;]<\/p>\n","protected":false},"author":117,"featured_media":142,"parent":69,"menu_order":0,"comment_status":"closed","ping_status":"closed","template":"","meta":{"footnotes":""},"class_list":["post-139","page","type-page","status-publish","has-post-thumbnail","hentry","post-preview"],"_links":{"self":[{"href":"https:\/\/edublog.educastur.es\/asturies\/wp-json\/wp\/v2\/pages\/139","targetHints":{"allow":["GET"]}}],"collection":[{"href":"https:\/\/edublog.educastur.es\/asturies\/wp-json\/wp\/v2\/pages"}],"about":[{"href":"https:\/\/edublog.educastur.es\/asturies\/wp-json\/wp\/v2\/types\/page"}],"author":[{"embeddable":true,"href":"https:\/\/edublog.educastur.es\/asturies\/wp-json\/wp\/v2\/users\/117"}],"replies":[{"embeddable":true,"href":"https:\/\/edublog.educastur.es\/asturies\/wp-json\/wp\/v2\/comments?post=139"}],"version-history":[{"count":6,"href":"https:\/\/edublog.educastur.es\/asturies\/wp-json\/wp\/v2\/pages\/139\/revisions"}],"predecessor-version":[{"id":152,"href":"https:\/\/edublog.educastur.es\/asturies\/wp-json\/wp\/v2\/pages\/139\/revisions\/152"}],"up":[{"embeddable":true,"href":"https:\/\/edublog.educastur.es\/asturies\/wp-json\/wp\/v2\/pages\/69"}],"wp:featuredmedia":[{"embeddable":true,"href":"https:\/\/edublog.educastur.es\/asturies\/wp-json\/wp\/v2\/media\/142"}],"wp:attachment":[{"href":"https:\/\/edublog.educastur.es\/asturies\/wp-json\/wp\/v2\/media?parent=139"}],"curies":[{"name":"wp","href":"https:\/\/api.w.org\/{rel}","templated":true}]}}