{"id":251,"date":"2021-01-15T23:10:15","date_gmt":"2021-01-15T23:10:15","guid":{"rendered":"https:\/\/edublog.educastur.es\/asturies\/?page_id=251"},"modified":"2021-01-31T18:45:34","modified_gmt":"2021-01-31T18:45:34","slug":"rutas-2","status":"publish","type":"page","link":"https:\/\/edublog.educastur.es\/asturies\/rutas-2\/","title":{"rendered":"RUTAS"},"content":{"rendered":"<ul>\n<li><a href=\"https:\/\/animalesviajeros.es\/ruta-del-azabache-senda-costera-que-hacer-en-tazones-uno-de-los-pueblos-mas-bonitos-de-espana\/?fbclid=IwAR1h2Tf7axvswWadpl6roaYHHXbX5CrH3QVnUYtlrPW-iFbPs5ByAJOvmdg\"><strong><em><span style=\"font-size: 18pt\">Del AZABACHE<\/span><\/em><\/strong><\/a> Es una gran opci\u00f3n para complementar tu visita a <strong>Tazones y conocer un poco la zona. <\/strong>Perfecta\u00a0en cualquier momento del a\u00f1o, es una ruta f\u00e1cil con panor\u00e1micas al Cant\u00e1brico.<\/li>\n<\/ul>\n<hr \/>\n<ul>\n<li><a href=\"https:\/\/www.facebook.com\/Redes.Natural\">Redes Natural<\/a><\/li>\n<\/ul>\n<p><img loading=\"lazy\" decoding=\"async\" class=\"alignnone size-medium wp-image-108\" src=\"http:\/\/edublog.educastur.es\/asturies\/files\/2020\/07\/RedesNaturald8a3a111e9061b7b-1-300x127.png\" alt=\"\" width=\"300\" height=\"127\" srcset=\"https:\/\/edublog.educastur.es\/asturies\/files\/2020\/07\/RedesNaturald8a3a111e9061b7b-1-300x127.png 300w, https:\/\/edublog.educastur.es\/asturies\/files\/2020\/07\/RedesNaturald8a3a111e9061b7b-1.png 504w\" sizes=\"auto, (max-width: 300px) 100vw, 300px\" \/><\/p>\n<hr \/>\n<p>&nbsp;<\/p>\n<p><img loading=\"lazy\" decoding=\"async\" class=\"alignnone size-medium wp-image-105\" src=\"http:\/\/edublog.educastur.es\/asturies\/files\/2020\/07\/separador-300x24.jpg\" alt=\"\" width=\"300\" height=\"24\" srcset=\"https:\/\/edublog.educastur.es\/asturies\/files\/2020\/07\/separador-300x24.jpg 300w, https:\/\/edublog.educastur.es\/asturies\/files\/2020\/07\/separador-1024x82.jpg 1024w, https:\/\/edublog.educastur.es\/asturies\/files\/2020\/07\/separador-768x62.jpg 768w, https:\/\/edublog.educastur.es\/asturies\/files\/2020\/07\/separador-1536x123.jpg 1536w, https:\/\/edublog.educastur.es\/asturies\/files\/2020\/07\/separador-2048x164.jpg 2048w, https:\/\/edublog.educastur.es\/asturies\/files\/2020\/07\/separador-676x54.jpg 676w\" sizes=\"auto, (max-width: 300px) 100vw, 300px\" \/><\/p>\n","protected":false},"excerpt":{"rendered":"<p>Del AZABACHE Es una gran opci\u00f3n para complementar tu visita a Tazones y conocer un poco la zona. Perfecta\u00a0en cualquier momento del a\u00f1o, es una ruta f\u00e1cil con panor\u00e1micas al Cant\u00e1brico. Redes Natural &nbsp;<\/p>\n","protected":false},"author":117,"featured_media":0,"parent":0,"menu_order":0,"comment_status":"closed","ping_status":"closed","template":"","meta":{"footnotes":""},"class_list":["post-251","page","type-page","status-publish","hentry","post-preview"],"_links":{"self":[{"href":"https:\/\/edublog.educastur.es\/asturies\/wp-json\/wp\/v2\/pages\/251","targetHints":{"allow":["GET"]}}],"collection":[{"href":"https:\/\/edublog.educastur.es\/asturies\/wp-json\/wp\/v2\/pages"}],"about":[{"href":"https:\/\/edublog.educastur.es\/asturies\/wp-json\/wp\/v2\/types\/page"}],"author":[{"embeddable":true,"href":"https:\/\/edublog.educastur.es\/asturies\/wp-json\/wp\/v2\/users\/117"}],"replies":[{"embeddable":true,"href":"https:\/\/edublog.educastur.es\/asturies\/wp-json\/wp\/v2\/comments?post=251"}],"version-history":[{"count":2,"href":"https:\/\/edublog.educastur.es\/asturies\/wp-json\/wp\/v2\/pages\/251\/revisions"}],"predecessor-version":[{"id":300,"href":"https:\/\/edublog.educastur.es\/asturies\/wp-json\/wp\/v2\/pages\/251\/revisions\/300"}],"wp:attachment":[{"href":"https:\/\/edublog.educastur.es\/asturies\/wp-json\/wp\/v2\/media?parent=251"}],"curies":[{"name":"wp","href":"https:\/\/api.w.org\/{rel}","templated":true}]}}