{"id":271,"date":"2021-01-24T21:59:09","date_gmt":"2021-01-24T21:59:09","guid":{"rendered":"https:\/\/edublog.educastur.es\/asturies\/?page_id=271"},"modified":"2021-03-15T18:44:20","modified_gmt":"2021-03-15T18:44:20","slug":"costa","status":"publish","type":"page","link":"https:\/\/edublog.educastur.es\/asturies\/costa\/","title":{"rendered":"COSTA"},"content":{"rendered":"<p style=\"text-align: center\"><a href=\"https:\/\/www.campingvillaviciosa.es\/wp-content\/uploads\/Mapa-Asturias.gif\"><img loading=\"lazy\" decoding=\"async\" class=\"alignnone\" src=\"https:\/\/www.campingvillaviciosa.es\/wp-content\/uploads\/Mapa-Asturias.gif\" alt=\"\" width=\"490\" height=\"328\" \/><strong><em>Costa verde<\/em><\/strong><\/a><\/p>\n<p style=\"text-align: center\">\n<!-- iframe plugin v.6.0 wordpress.org\/plugins\/iframe\/ -->\n<iframe loading=\"lazy\" src=\"https:\/\/www.facebook.com\/plugins\/video.php?height=314&#038;href=https%3A%2F%2Fwww.facebook.com%2FCosesDeGijon%2Fvideos%2F1578336295705843%2F&#038;show_text=true&#038;width=560\" width=\"560\" height=\"429\" 0=\"\/iframe\" scrolling=\"yes\" class=\"iframe-class\" frameborder=\"0\"><\/iframe>\n<\/p>\n<hr \/>\n<p style=\"text-align: center\"><a href=\"https:\/\/www.turismoasturias.es\/documents\/11022\/4116866\/occidente.png\"><img loading=\"lazy\" decoding=\"async\" class=\"alignnone\" src=\"https:\/\/www.turismoasturias.es\/documents\/11022\/4116866\/occidente.png\" alt=\"\" width=\"1140\" height=\"400\" \/><\/a><\/p>\n<ul>\n<li><a href=\"https:\/\/www.turismoasturias.es\/documents\/11022\/4116866\/occidente.png\">Occidente<\/a><\/li>\n<li><a href=\"https:\/\/www.turismoasturias.es\/documents\/11022\/4116866\/centro.png\">Centro<\/a><\/li>\n<li><a href=\"https:\/\/www.turismoasturias.es\/documents\/11022\/4116866\/oriente.png\">Oriente<\/a><\/li>\n<\/ul>\n<p><a href=\"https:\/\/www.turismoasturias.es\/documents\/11022\/4116866\/centro.png\"><img loading=\"lazy\" decoding=\"async\" class=\"alignnone\" src=\"https:\/\/www.turismoasturias.es\/documents\/11022\/4116866\/centro.png\" alt=\"\" width=\"1140\" height=\"400\" \/><\/a><\/p>\n<p style=\"text-align: center\"><a href=\"https:\/\/www.turismoasturias.es\/documents\/11022\/4116866\/oriente.png\"><img loading=\"lazy\" decoding=\"async\" class=\"alignnone\" src=\"https:\/\/www.turismoasturias.es\/documents\/11022\/4116866\/oriente.png\" alt=\"\" width=\"1140\" height=\"400\" \/><\/a><\/p>\n<ul>\n<li><a href=\"http:\/\/www.hernandezrabal.com\/espana\/asturias\/oriental\/mapallanes3.jpg\">Playas de Llanes<\/a><\/li>\n<\/ul>\n<p style=\"text-align: center\"><a href=\"http:\/\/www.hernandezrabal.com\/espana\/asturias\/oriental\/mapallanes3.jpg\"><img loading=\"lazy\" decoding=\"async\" class=\"alignnone\" src=\"http:\/\/www.hernandezrabal.com\/espana\/asturias\/oriental\/mapallanes3.jpg\" alt=\"\" width=\"1488\" height=\"795\" \/><\/a><\/p>\n<hr \/>\n<p style=\"text-align: center\"><a href=\"https:\/\/1.bp.blogspot.com\/-_nAdwV3qkj0\/Xu8_h_WVkXI\/AAAAAAAA5aw\/ij_eS1vfDFsnav6TRzEwu0MfPkdXWqXFgCLcBGAsYHQ\/s1600\/Top-15-Asturias.jpg\"><img loading=\"lazy\" decoding=\"async\" class=\"alignnone\" src=\"https:\/\/1.bp.blogspot.com\/-_nAdwV3qkj0\/Xu8_h_WVkXI\/AAAAAAAA5aw\/ij_eS1vfDFsnav6TRzEwu0MfPkdXWqXFgCLcBGAsYHQ\/s1600\/Top-15-Asturias.jpg\" alt=\"\" width=\"1024\" height=\"560\" \/><\/a><\/p>\n<hr \/>\n<p style=\"text-align: center\"><a href=\"https:\/\/www.google.com\/url?sa=t&amp;rct=j&amp;q=&amp;esrc=s&amp;source=web&amp;cd=&amp;cad=rja&amp;uact=8&amp;ved=2ahUKEwiE9NS6vvnuAhWC5OAKHVHgBLIQFjAKegQIDRAD&amp;url=https%3A%2F%2Fwww.asturias.es%2FAsturias%2Fdescargas%2FPDF_TEMAS%2FPesca%2Fmapa_caladeros.pdf&amp;usg=AOvVaw2eA20GSYq_kz1H1w9IEC_v\"><img loading=\"lazy\" decoding=\"async\" class=\"alignnone\" src=\"https:\/\/lh3.googleusercontent.com\/proxy\/6jFRzRV-ROwPGMu_E1yqNChFGJbp_PgDyJxIocsNGEZlvT-6Bz2DXPx9c9cOE5XL-I_KxFV5CCm4wMOKvxXt0ishVZ0iik_yohOrZtpRZ1VvmMfd9DEABr4gipCg53xz9bCL3QbRlYmlzKPUEg\" alt=\"\" width=\"512\" height=\"362\" \/><\/a><\/p>\n<ul>\n<li><a href=\"https:\/\/www.google.com\/url?sa=t&amp;rct=j&amp;q=&amp;esrc=s&amp;source=web&amp;cd=&amp;cad=rja&amp;uact=8&amp;ved=2ahUKEwiE9NS6vvnuAhWC5OAKHVHgBLIQFjAKegQIDRAD&amp;url=https%3A%2F%2Fwww.asturias.es%2FAsturias%2Fdescargas%2FPDF_TEMAS%2FPesca%2Fmapa_caladeros.pdf&amp;usg=AOvVaw2eA20GSYq_kz1H1w9IEC_v\"><strong>MAPA DE CALADEROS<\/strong> (descargar)<\/a>\/ <a href=\"https:\/\/tematico.asturias.es\/dgpesca\/din\/divulgacion.php?tipo=caladeros\"><strong><em>web Principado<\/em><\/strong><\/a><\/li>\n<li>El <strong>Mapa de Caladeros de Asturias<\/strong> comprende las aguas situadas frente al Principado de Asturias, desde la l\u00ednea de costa hasta una distancia de 46 millas n\u00e1uticas, abarcando las aguas situadas entre los 43\u00ba 23\u2019 y 44\u00ba 17\u2019 Norte y los 4\u00ba 15\u2019 y 7\u00ba 33\u2019 Oeste, donde faena principalmente la flota pesquera asturiana. \u00a0\u00a0 <a> &#8211; Mapa de caladeros<\/a><\/li>\n<li>Fondo marino<\/li>\n<\/ul>\n<p style=\"text-align: center\"><img loading=\"lazy\" decoding=\"async\" class=\"alignnone size-full\" src=\"https:\/\/static1.elcomercio.es\/www\/multimedia\/201909\/08\/media\/cortadas\/paraiso-kWk-U9081583081m0G-624x385@El%20Comercio.jpg\" width=\"624\" height=\"385\" \/><\/p>\n<p style=\"text-align: center\"><span class=\"voc-photo-caption\"><em>Mapa topobatrim\u00e9trico del fondo marino de la costa asturiana con sus monta\u00f1as y ca\u00f1ones<br \/>\ndesembocando en la llanura abisal a cerca de 5.000 metros de profundidad.<\/em> <\/span><\/p>\n<ul>\n<li><a href=\"https:\/\/www.elcomercio.es\/asturias\/paraiso-natural-sumergido-asturias-20190908045434-nt.html\">Ver art\u00edculo de Pablo Marin Estrada<\/a><\/li>\n<li><a href=\"http:\/\/www.repositorio.ieo.es\/e-ieo\/bitstream\/handle\/10508\/9611\/Mapa%20topobatimetrico%20Asturias.jpg?sequence=1&amp;isAllowed=y\"> Mapa topobatimetrico Asturias.jpg (2.992Mb)<\/a><\/li>\n<\/ul>\n<p style=\"text-align: center\"><a href=\"http:\/\/www.repositorio.ieo.es\/e-ieo\/bitstream\/handle\/10508\/9611\/Mapa%20topobatimetrico%20Asturias.jpg?sequence=1&amp;isAllowed=y\"><img loading=\"lazy\" decoding=\"async\" class=\"alignnone\" src=\"http:\/\/www.repositorio.ieo.es\/e-ieo\/bitstream\/handle\/10508\/9611\/Mapa%20topobatimetrico%20Asturias.jpg?sequence=1&amp;isAllowed=y\" alt=\"\" width=\"6027\" height=\"8520\" \/><\/a><\/p>\n<hr \/>\n<p style=\"text-align: center\">\n<!-- iframe plugin v.6.0 wordpress.org\/plugins\/iframe\/ -->\n<iframe loading=\"lazy\" src=\"https:\/\/www.facebook.com\/plugins\/video.php?height=314&#038;href=https%3A%2F%2Fwww.facebook.com%2FCabodePenas%2Fvideos%2F746211836034835%2F&#038;show_text=true&#038;width=560\" width=\"560\" height=\"429\" 0=\"\/iframe\" scrolling=\"yes\" class=\"iframe-class\" frameborder=\"0\"><\/iframe>\n<\/p>\n","protected":false},"excerpt":{"rendered":"<p>Costa verde Occidente Centro Oriente Playas de Llanes MAPA DE CALADEROS (descargar)\/ web Principado El Mapa de Caladeros de Asturias comprende las aguas situadas frente al Principado de Asturias, desde la l\u00ednea de costa hasta una distancia de 46 millas n\u00e1uticas, abarcando las aguas situadas entre los 43\u00ba 23\u2019 y 44\u00ba 17\u2019 Norte y los [&hellip;]<\/p>\n","protected":false},"author":117,"featured_media":0,"parent":0,"menu_order":0,"comment_status":"closed","ping_status":"closed","template":"","meta":{"footnotes":""},"class_list":["post-271","page","type-page","status-publish","hentry","post-preview"],"_links":{"self":[{"href":"https:\/\/edublog.educastur.es\/asturies\/wp-json\/wp\/v2\/pages\/271","targetHints":{"allow":["GET"]}}],"collection":[{"href":"https:\/\/edublog.educastur.es\/asturies\/wp-json\/wp\/v2\/pages"}],"about":[{"href":"https:\/\/edublog.educastur.es\/asturies\/wp-json\/wp\/v2\/types\/page"}],"author":[{"embeddable":true,"href":"https:\/\/edublog.educastur.es\/asturies\/wp-json\/wp\/v2\/users\/117"}],"replies":[{"embeddable":true,"href":"https:\/\/edublog.educastur.es\/asturies\/wp-json\/wp\/v2\/comments?post=271"}],"version-history":[{"count":15,"href":"https:\/\/edublog.educastur.es\/asturies\/wp-json\/wp\/v2\/pages\/271\/revisions"}],"predecessor-version":[{"id":422,"href":"https:\/\/edublog.educastur.es\/asturies\/wp-json\/wp\/v2\/pages\/271\/revisions\/422"}],"wp:attachment":[{"href":"https:\/\/edublog.educastur.es\/asturies\/wp-json\/wp\/v2\/media?parent=271"}],"curies":[{"name":"wp","href":"https:\/\/api.w.org\/{rel}","templated":true}]}}