{"id":55,"date":"2020-07-28T20:47:45","date_gmt":"2020-07-28T20:47:45","guid":{"rendered":"https:\/\/edublog.educastur.es\/asturies\/?page_id=55"},"modified":"2020-07-28T20:52:21","modified_gmt":"2020-07-28T20:52:21","slug":"espacios","status":"publish","type":"page","link":"https:\/\/edublog.educastur.es\/asturies\/espacios\/","title":{"rendered":"ESPACIOS NATURALES"},"content":{"rendered":"<h1 id=\"firstHeading\" class=\"firstHeading\">Espacio natural<\/h1>\n<p>Un <b>espacio natural,<\/b> <b>paisaje natural<\/b> o <b>ambiente natural<\/b>, es una parte del territorio de la <a title=\"Tierra\" href=\"https:\/\/es.wikipedia.org\/wiki\/Tierra\">tierra<\/a> que no se encuentra modificado por la acci\u00f3n del <a title=\"Homo sapiens\" href=\"https:\/\/es.wikipedia.org\/wiki\/Homo_sapiens\">ser humano<\/a>. El t\u00e9rmino se utiliza m\u00e1s espec\u00edficamente para designar alguna de las categor\u00edas que sirven, de acuerdo con las diferentes legislaciones, para la protecci\u00f3n de determinadas zonas de la naturaleza de especial inter\u00e9s.<\/p>\n<div id=\"toc\" class=\"toc\" role=\"navigation\" aria-labelledby=\"mw-toc-heading\">\u00cdndice<\/p>\n<div class=\"toctitle\" dir=\"ltr\" lang=\"es\"><\/div>\n<ul>\n<li class=\"toclevel-1 tocsection-1\"><a href=\"https:\/\/es.wikipedia.org\/wiki\/Espacio_natural#Paisaje_natural\"><span class=\"tocnumber\">1<\/span> <span class=\"toctext\">Paisaje natural<\/span><\/a><\/li>\n<li class=\"toclevel-1 tocsection-2\"><a href=\"https:\/\/es.wikipedia.org\/wiki\/Espacio_natural#Ambiente_natural\"><span class=\"tocnumber\">2<\/span> <span class=\"toctext\">Ambiente natural<\/span><\/a><\/li>\n<li class=\"toclevel-1 tocsection-3\"><a href=\"https:\/\/es.wikipedia.org\/wiki\/Espacio_natural#Requisitos\"><span class=\"tocnumber\">3<\/span> <span class=\"toctext\">Requisitos<\/span><\/a><\/li>\n<li class=\"toclevel-1 tocsection-4\"><a href=\"https:\/\/es.wikipedia.org\/wiki\/Espacio_natural#Clasificaci\u00f3n\"><span class=\"tocnumber\">4<\/span> <span class=\"toctext\">Clasificaci\u00f3n<\/span><\/a>\n<ul>\n<li class=\"toclevel-2 tocsection-5\"><a href=\"https:\/\/es.wikipedia.org\/wiki\/Espacio_natural#Parques\"><span class=\"tocnumber\">4.1<\/span> <span class=\"toctext\">Parques<\/span><\/a>\n<ul>\n<li class=\"toclevel-3 tocsection-6\"><a href=\"https:\/\/es.wikipedia.org\/wiki\/Espacio_natural#Parques_nacionales\"><span class=\"tocnumber\">4.1.1<\/span> <span class=\"toctext\">Parques nacionales<\/span><\/a><\/li>\n<li class=\"toclevel-3 tocsection-7\"><a href=\"https:\/\/es.wikipedia.org\/wiki\/Espacio_natural#Parque_regional\"><span class=\"tocnumber\">4.1.2<\/span> <span class=\"toctext\">Parque regional<\/span><\/a><\/li>\n<li class=\"toclevel-3 tocsection-8\"><a href=\"https:\/\/es.wikipedia.org\/wiki\/Espacio_natural#Parques_naturales\"><span class=\"tocnumber\">4.1.3<\/span> <span class=\"toctext\">Parques naturales<\/span><\/a><\/li>\n<\/ul>\n<\/li>\n<li class=\"toclevel-2 tocsection-9\"><a href=\"https:\/\/es.wikipedia.org\/wiki\/Espacio_natural#Reservas_naturales\"><span class=\"tocnumber\">4.2<\/span> <span class=\"toctext\">Reservas naturales<\/span><\/a>\n<ul>\n<li class=\"toclevel-3 tocsection-10\"><a href=\"https:\/\/es.wikipedia.org\/wiki\/Espacio_natural#Reservas_naturales_cient\u00edficas\"><span class=\"tocnumber\">4.2.1<\/span> <span class=\"toctext\">Reservas naturales cient\u00edficas<\/span><\/a><\/li>\n<li class=\"toclevel-3 tocsection-11\"><a href=\"https:\/\/es.wikipedia.org\/wiki\/Espacio_natural#Reservas_naturales_integrales\"><span class=\"tocnumber\">4.2.2<\/span> <span class=\"toctext\">Reservas naturales integrales<\/span><\/a><\/li>\n<\/ul>\n<\/li>\n<li class=\"toclevel-2 tocsection-12\"><a href=\"https:\/\/es.wikipedia.org\/wiki\/Espacio_natural#Monumentos_naturales\"><span class=\"tocnumber\">4.3<\/span> <span class=\"toctext\">Monumentos naturales<\/span><\/a><\/li>\n<li class=\"toclevel-2 tocsection-13\"><a href=\"https:\/\/es.wikipedia.org\/wiki\/Espacio_natural#Paisajes_protegidos\"><span class=\"tocnumber\">4.4<\/span> <span class=\"toctext\">Paisajes protegidos<\/span><\/a><\/li>\n<\/ul>\n<\/li>\n<li class=\"toclevel-1 tocsection-14\"><a href=\"https:\/\/es.wikipedia.org\/wiki\/Espacio_natural#V\u00e8ase_tambi\u00e9n\"><span class=\"tocnumber\">5<\/span> <span class=\"toctext\">V\u00e8ase tambi\u00e9n<\/span><\/a><\/li>\n<\/ul>\n<\/div>\n<h2><span id=\"Paisaje_natural\" class=\"mw-headline\">Paisaje natural<\/span><\/h2>\n<p>El paisaje natural es aquello que no est\u00e1 modificado por el hombre. Son las tierras que no pertenecen a la <a title=\"Ec\u00famene\" href=\"https:\/\/es.wikipedia.org\/wiki\/Ec%C3%BAmene\">ec\u00famene<\/a> o sea que no est\u00e1n habitadas, como: las regiones polares, la alta <a title=\"Monta\u00f1a\" href=\"https:\/\/es.wikipedia.org\/wiki\/Monta%C3%B1a\">monta\u00f1a<\/a> y alguna <a title=\"Selva\" href=\"https:\/\/es.wikipedia.org\/wiki\/Selva\">selva<\/a> tropical que es recorrida por <a title=\"Caza\" href=\"https:\/\/es.wikipedia.org\/wiki\/Caza\">cazadores<\/a> y recolectores que no utilizan el <a title=\"Fuego\" href=\"https:\/\/es.wikipedia.org\/wiki\/Fuego\">fuego<\/a>.<\/p>\n<p>El paisaje natural ser\u00e1 un espacio recorrido pero no organizado, y con densidades de poblaci\u00f3n bajas. Se trata de los espacios ocupados por sociedades de recolectores, pastores, cazadores y pescadores que tienen un conocimiento muy \u00edntimo y especializado del medio. El \u00e1rea necesaria para procurarse los recursos debe ser muy amplia ya que dependen de lo que ofrece la <a title=\"Medio ambiente natural\" href=\"https:\/\/es.wikipedia.org\/wiki\/Medio_ambiente_natural\">naturaleza<\/a>.<\/p>\n<p>En la actualidad el paisaje natural esta en proceso de desaparici\u00f3n por la actividad humana ya que los humanos destruyen los paisajes para obtener recursos tales como: madera, piedras, etc<\/p>\n<p>Existen dos tipos de paisajes naturales: el paisaje costero y el paisaje de interior. El paisaje costero, como su nombre bien indica, es el que est\u00e1 m\u00e1s pr\u00f3ximo al mar. El paisaje de interior es el que est\u00e1 m\u00e1s alejado de la costa. En \u00e9l podemos estudiar distintos tipos de paisajes: el de monta\u00f1a, el del valle, y el de la llanura.<\/p>\n<p>Para representar los paisajes y para poder estudiarlos utilizamos mapas y croquis. Estos est\u00e1n regidos por signos convencionales.<\/p>\n<p>En resumen el paisaje natural es un paisaje que no fue modificado por el hombre, es lo contrario a los paisajes ordenados (ciudades, megalopolis, represas, etc.).<\/p>\n<h2><span id=\"Ambiente_natural\" class=\"mw-headline\">Ambiente natural<\/span><\/h2>\n<p>Se define como ambiente natural \u00ablo que no ha sido alterado por el hombre\u00bb.<sup>[<i><a title=\"Wikipedia:Verificabilidad\" href=\"https:\/\/es.wikipedia.org\/wiki\/Wikipedia:Verificabilidad\">cita\u00a0requerida<\/a><\/i>]<\/sup> Pero esta definici\u00f3n no es dogm\u00e1tica; puesto que, supongamos, si un hombre se interna en una selva y toca o afecta un \u00e1rbol, ello no la transforma autom\u00e1ticamente en un ambiente artificial o antropizado. De este modo, la definici\u00f3n dada tiene s\u00f3lo un sentido relativo.<\/p>\n<p>Por oposici\u00f3n se encuentra el ambiente antropizado (artificial), que es el que ha sido afectado por la presencia humana (\u00abo ha tocado la mano del hombre\u00bb).<\/p>\n<p>Es un t\u00e9rmino usualmente utilizado en <a class=\"mw-redirect\" title=\"Planeamiento f\u00edsico\" href=\"https:\/\/es.wikipedia.org\/wiki\/Planeamiento_f%C3%ADsico\">planeamiento f\u00edsico<\/a> por <a title=\"Arquitecto\" href=\"https:\/\/es.wikipedia.org\/wiki\/Arquitecto\">arquitectos<\/a> e <a title=\"Ingenier\u00eda civil\" href=\"https:\/\/es.wikipedia.org\/wiki\/Ingenier%C3%ADa_civil\">ingenieros civiles<\/a>. Tambi\u00e9n se utiliza en la teor\u00eda del <a title=\"Impacto ambiental\" href=\"https:\/\/es.wikipedia.org\/wiki\/Impacto_ambiental\">impacto ambiental<\/a>, en la <a class=\"mw-redirect\" title=\"Evaluaci\u00f3n del impacto ambiental\" href=\"https:\/\/es.wikipedia.org\/wiki\/Evaluaci%C3%B3n_del_impacto_ambiental\">evaluaci\u00f3n del impacto ambiental<\/a> y \u00abEA\u00bb (<a title=\"Educaci\u00f3n ambiental\" href=\"https:\/\/es.wikipedia.org\/wiki\/Educaci%C3%B3n_ambiental\">educaci\u00f3n ambiental<\/a>).<\/p>\n<p>El ambiente natural puede describirse por su naturaleza: sus cambios siempre ocurren porque el hombre los ha transformado. En la teor\u00eda general de sistemas, un ambiente es un complejo de factores externos que act\u00faan sobre un sistema, y determinan su curso y su forma.<\/p>\n<p>El ambiente es un elemento vital de la humanidad, ya que sin \u00e9l no podr\u00edamos vivir: todos necesitamos de las plantas, de los animales y de aquellos elementos que componen el ambiente natural.<\/p>\n<h2><span id=\"Requisitos\" class=\"mw-headline\">Requisitos<\/span><\/h2>\n<p>Para ser un espacio natural o un paisaje natural, se deben cumplir los siguientes requisitos:<\/p>\n<ul>\n<li>Sea <b>representativo<\/b> de los diferentes <a class=\"mw-redirect\" title=\"Ecosistemas\" href=\"https:\/\/es.wikipedia.org\/wiki\/Ecosistemas\">ecosistemas<\/a>, <a title=\"Paisaje\" href=\"https:\/\/es.wikipedia.org\/wiki\/Paisaje\">paisajes<\/a> o formaciones geol\u00f3gicas o geomorfol\u00f3gicas naturales.<\/li>\n<li>Represente un papel destacado en la <a title=\"Conservaci\u00f3n ambiental\" href=\"https:\/\/es.wikipedia.org\/wiki\/Conservaci%C3%B3n_ambiental\">conservaci\u00f3n de ecosistemas<\/a> en su estado natural, seminatural, o poco alterado, asegurando la continuidad de los procesos evolutivos, las migraciones de especies y la continuidad de las diferentes funciones de regulaci\u00f3n del <a title=\"Medio ambiente natural\" href=\"https:\/\/es.wikipedia.org\/wiki\/Medio_ambiente_natural\">medio ambiente<\/a>.<\/li>\n<li><b>Conservaci\u00f3n<\/b> de comunidades <a title=\"Vegetal\" href=\"https:\/\/es.wikipedia.org\/wiki\/Vegetal\">vegetales<\/a> o <a class=\"mw-redirect\" title=\"Animal\" href=\"https:\/\/es.wikipedia.org\/wiki\/Animal\">animales<\/a>, de modo que impidan la desaparici\u00f3n de cualquier especie o mantengan muestras selectas de <a title=\"Material gen\u00e9tico\" href=\"https:\/\/es.wikipedia.org\/wiki\/Material_gen%C3%A9tico\">material gen\u00e9tico<\/a>.<\/li>\n<li><b>Investigaci\u00f3n cient\u00edfica<\/b>, <a title=\"Educaci\u00f3n ambiental\" href=\"https:\/\/es.wikipedia.org\/wiki\/Educaci%C3%B3n_ambiental\">educaci\u00f3n ambiental<\/a> o al menos el estudio y control de los <a title=\"Contabilidad medioambiental\" href=\"https:\/\/es.wikipedia.org\/wiki\/Contabilidad_medioambiental\">par\u00e1metros ambientales<\/a>.<\/li>\n<li>Contribuyan al <b>mantenimiento y mejora<\/b> de los <a title=\"Cuenca hidrogr\u00e1fica\" href=\"https:\/\/es.wikipedia.org\/wiki\/Cuenca_hidrogr%C3%A1fica\">sistemas hidrol\u00f3gicos<\/a> y de abastecimiento de agua, regulando su <a title=\"Caudal (fluido)\" href=\"https:\/\/es.wikipedia.org\/wiki\/Caudal_(fluido)\">flujo<\/a>, su <a title=\"Caudal ecol\u00f3gico\" href=\"https:\/\/es.wikipedia.org\/wiki\/Caudal_ecol%C3%B3gico\">caudal<\/a> o calidad.<\/li>\n<li>Contribuyan al <b>control<\/b> de la <a title=\"Erosi\u00f3n\" href=\"https:\/\/es.wikipedia.org\/wiki\/Erosi%C3%B3n\">erosi\u00f3n<\/a> y de la <a title=\"Sedimentaci\u00f3n\" href=\"https:\/\/es.wikipedia.org\/wiki\/Sedimentaci%C3%B3n\">sedimentaci\u00f3n<\/a>.<\/li>\n<\/ul>\n<h2><span id=\"Clasificaci.C3.B3n\"><\/span><span id=\"Clasificaci\u00f3n\" class=\"mw-headline\">Clasificaci\u00f3n<\/span><\/h2>\n<h3><span id=\"Parques\" class=\"mw-headline\">Parques<\/span><\/h3>\n<p>Son \u00e1reas naturales, poco transformadas por la explotaci\u00f3n u ocupaci\u00f3n humana que, en raz\u00f3n de la belleza de sus paisajes, la representatividad de sus ecosistemas o la singularidad de su flora, de su fauna o de sus formaciones geomorfol\u00f3gicas, poseen valores ecol\u00f3gicos, est\u00e9ticos, educativos y cient\u00edficos cuya conservaci\u00f3n merece una atenci\u00f3n preferente. Tres categor\u00edas:<\/p>\n<h4><span id=\"Parques_nacionales\" class=\"mw-headline\">Parques nacionales<\/span><\/h4>\n<div class=\"noprint AP rellink\">Art\u00edculo principal: <i><a title=\"Parque nacional\" href=\"https:\/\/es.wikipedia.org\/wiki\/Parque_nacional\"> Parque nacional<\/a><\/i><\/div>\n<p>Aquellas \u00e1reas en las que existan <a class=\"mw-redirect\" title=\"Ecosistemas\" href=\"https:\/\/es.wikipedia.org\/wiki\/Ecosistemas\">ecosistemas<\/a>, no sensiblemente alterados por el hombre y de m\u00e1xima relevancia dentro del contexto del medio natural de la <a title=\"Naci\u00f3n\" href=\"https:\/\/es.wikipedia.org\/wiki\/Naci%C3%B3n\">naci\u00f3n<\/a> que hace necesaria su protecci\u00f3n.<\/p>\n<h4><span id=\"Parque_regional\" class=\"mw-headline\">Parque regional<\/span><\/h4>\n<div class=\"noprint AP rellink\">Art\u00edculo principal: <i><a title=\"Parque regional\" href=\"https:\/\/es.wikipedia.org\/wiki\/Parque_regional\"> Parque regional<\/a><\/i><\/div>\n<p>Aquellas \u00e1reas en las que existan ecosistemas no sensiblemente alterados por el hombre y de m\u00e1xima relevancia dentro del contexto del medio natural de la <a title=\"Regi\u00f3n\" href=\"https:\/\/es.wikipedia.org\/wiki\/Regi%C3%B3n\">regi\u00f3n<\/a> que hacen necesarias su protecci\u00f3n.<\/p>\n<h4><span id=\"Parques_naturales\" class=\"mw-headline\">Parques naturales<\/span><\/h4>\n<div class=\"noprint AP rellink\">Art\u00edculo principal: <i><a title=\"Parque natural\" href=\"https:\/\/es.wikipedia.org\/wiki\/Parque_natural\"> Parque natural<\/a><\/i><\/div>\n<p>Espacios de relativa extensi\u00f3n, notable valor natural y de singular calidad biol\u00f3gica, en los que se compatibiliza la coexistencia del hombre y sus actividades con el proceso din\u00e1mico de la naturaleza, a trav\u00e9s de un uso equilibrado y sostenible de los recursos. Un espacio natural es una parte del territorio de la tierra que se encuentra escasamente modificado por la acci\u00f3n del hombre, el t\u00e9rmino se utiliza m\u00e1s espec\u00edficamente para designar algunas de las categor\u00edas que sirven, de acuerdo con las diferentes legislaciones, para la protecci\u00f3n de determinadas zonas de la naturaleza de especial inter\u00e9s.<\/p>\n<div class=\"thumb tright\">\n<div class=\"thumbinner\"><\/div>\n<\/div>\n<h3><span id=\"Reservas_naturales\" class=\"mw-headline\">Reservas naturales<\/span><\/h3>\n<div class=\"noprint AP rellink\">Art\u00edculo principal: <i><a title=\"Reserva natural\" href=\"https:\/\/es.wikipedia.org\/wiki\/Reserva_natural\"> Reserva natural<\/a><\/i><\/div>\n<p>Espacios naturales, cuya declaraci\u00f3n tiene como protecci\u00f3n de ecosistemas, comunidades o elementos biol\u00f3gicos que, por su rareza, fragilidad, importancia o singularidad, merecen una valoraci\u00f3n especial. Los espacios naturales protegidos son demarcaciones administrativas establecidas con la finalidad de favorecer la conservaci\u00f3n de la naturaleza. En la mayor\u00eda de los casos se trata de conservar una porci\u00f3n de la naturaleza que por sus condiciones se perfila como privilegiada. En otras ocasiones, se intenta mantener al margen las actividades industriales por parte del ser humano para preservar dichas zonas.<\/p>\n<h4><span id=\"Reservas_naturales_cient.C3.ADficas\"><\/span><span id=\"Reservas_naturales_cient\u00edficas\" class=\"mw-headline\">Reservas naturales cient\u00edficas<\/span><\/h4>\n<p>Las que por la especificidad de sus caracter\u00edsticas o elementos tengan un valor cient\u00edfico concreto para mejor desarrollo<\/p>\n<h4><span id=\"Reservas_naturales_integrales\" class=\"mw-headline\">Reservas naturales integrales<\/span><\/h4>\n<p>Las que contengan ecosistemas o comunidades en perfecto estado de conservaci\u00f3n y que por ello deber\u00e1n gozar de una protecci\u00f3n absoluta. Desde el punto de vista urban\u00edstico conlleva la prohibici\u00f3n de cualquier tipo de aprovechamiento, de modo que el sistema deber\u00e1 funcionar con la m\u00ednima intervenci\u00f3n exterior posible siendo el acceso de personas muy restringido.<\/p>\n<div class=\"thumb tright\">\n<div class=\"thumbinner\"><\/div>\n<\/div>\n<h3><span id=\"Monumentos_naturales\" class=\"mw-headline\">Monumentos naturales<\/span><\/h3>\n<div class=\"noprint AP rellink\">Art\u00edculo principal: <i><a title=\"Monumento natural\" href=\"https:\/\/es.wikipedia.org\/wiki\/Monumento_natural\"> Monumento natural<\/a><\/i><\/div>\n<p>Espacios o elementos de la Naturaleza constituidos b\u00e1sicamente por formaciones de notoria singularidad, rareza o belleza, que merecen ser objeto de una <i>protecci\u00f3n especial<\/i>. Tambi\u00e9n se pueden considerar dentro de esta categor\u00eda las <a title=\"Formaci\u00f3n geol\u00f3gica\" href=\"https:\/\/es.wikipedia.org\/wiki\/Formaci%C3%B3n_geol%C3%B3gica\">formaciones geol\u00f3gicas<\/a>, los <a title=\"F\u00f3sil\" href=\"https:\/\/es.wikipedia.org\/wiki\/F%C3%B3sil\">yacimientos paleontol\u00f3gicos<\/a> y dem\u00e1s elementos de la gea que re\u00fanan un inter\u00e9s especial por la singularidad o importancia de sus valores cient\u00edficos, culturales o paisaj\u00edsticos.<\/p>\n<h3><span id=\"Paisajes_protegidos\" class=\"mw-headline\">Paisajes protegidos<\/span><\/h3>\n<div class=\"noprint AP rellink\">Art\u00edculo principal: <i><a title=\"\u00c1rea protegida\" href=\"https:\/\/es.wikipedia.org\/wiki\/%C3%81rea_protegida\"> \u00c1rea protegida<\/a><\/i><\/div>\n<div class=\"VT rellink\">V\u00e9ase tambi\u00e9n: <i><a title=\"Paisaje\" href=\"https:\/\/es.wikipedia.org\/wiki\/Paisaje\">Paisaje<\/a><\/i><\/div>\n<p>Aquellas \u00e1reas del <a title=\"Medio natural\" href=\"https:\/\/es.wikipedia.org\/wiki\/Medio_natural\">medio natural<\/a> que, por sus valores est\u00e9ticos y culturales, necesitan protecci\u00f3n especial. Los espacios naturales protegidos son demarcaciones administrativas establecidas con la finalidad de favorecer la conservaci\u00f3n de la naturaleza. En muchos casos se trata de preservar un enclave singular o una porci\u00f3n de naturaleza privilegiada; en otros se pretende adem\u00e1s mantener ciertas actividades humanas finamente ajustadas a las condiciones naturales. Actualmente se ha comenzado a plantear el objetivo de mantener los procesos ecol\u00f3gicos.<\/p>\n","protected":false},"excerpt":{"rendered":"<p>Espacio natural Un espacio natural, paisaje natural o ambiente natural, es una parte del territorio de la tierra que no se encuentra modificado por la acci\u00f3n del ser humano. El t\u00e9rmino se utiliza m\u00e1s espec\u00edficamente para designar alguna de las categor\u00edas que sirven, de acuerdo con las diferentes legislaciones, para la protecci\u00f3n de determinadas zonas [&hellip;]<\/p>\n","protected":false},"author":117,"featured_media":0,"parent":0,"menu_order":0,"comment_status":"closed","ping_status":"closed","template":"","meta":{"footnotes":""},"class_list":["post-55","page","type-page","status-publish","hentry","post-preview"],"_links":{"self":[{"href":"https:\/\/edublog.educastur.es\/asturies\/wp-json\/wp\/v2\/pages\/55","targetHints":{"allow":["GET"]}}],"collection":[{"href":"https:\/\/edublog.educastur.es\/asturies\/wp-json\/wp\/v2\/pages"}],"about":[{"href":"https:\/\/edublog.educastur.es\/asturies\/wp-json\/wp\/v2\/types\/page"}],"author":[{"embeddable":true,"href":"https:\/\/edublog.educastur.es\/asturies\/wp-json\/wp\/v2\/users\/117"}],"replies":[{"embeddable":true,"href":"https:\/\/edublog.educastur.es\/asturies\/wp-json\/wp\/v2\/comments?post=55"}],"version-history":[{"count":3,"href":"https:\/\/edublog.educastur.es\/asturies\/wp-json\/wp\/v2\/pages\/55\/revisions"}],"predecessor-version":[{"id":68,"href":"https:\/\/edublog.educastur.es\/asturies\/wp-json\/wp\/v2\/pages\/55\/revisions\/68"}],"wp:attachment":[{"href":"https:\/\/edublog.educastur.es\/asturies\/wp-json\/wp\/v2\/media?parent=55"}],"curies":[{"name":"wp","href":"https:\/\/api.w.org\/{rel}","templated":true}]}}