{"id":139,"date":"2021-04-15T09:20:49","date_gmt":"2021-04-15T09:20:49","guid":{"rendered":"https:\/\/edublog.educastur.es\/auladelfuturoasturias\/?page_id=139"},"modified":"2021-10-18T12:37:03","modified_gmt":"2021-10-18T12:37:03","slug":"contacta-con-nosostrs","status":"publish","type":"page","link":"https:\/\/edublog.educastur.es\/auladelfuturoasturias\/contacta-con-nosostrs\/","title":{"rendered":"Contacta con nosostr@s"},"content":{"rendered":"<p>Puedes rellenar el siguiente formulario y nos pondremos en contacto contigo<\/p>\n\n<!-- iframe plugin v.6.0 wordpress.org\/plugins\/iframe\/ -->\n<iframe loading=\"lazy\" width=\"640px\" height=\"480px\" src=\"https:\/\/forms.office.com\/Pages\/ResponsePage.aspx?id=O26jiJ_XK0qNtkwG0Jc4ISob9NAG5WlDlnx0KovNkKRUQTRYV0haSlBKTFdINExCTlk0U0c4SE9FMi4u&#038;embed=true\" scrolling=\"yes\" class=\"iframe-class\" frameborder=\"0\"><\/iframe>\n\n<p>o escribir a una de las personas embajadoras directamente:<\/p>\n<ul>\n<li><a href=\"mailto:mnievesgm@educastur.org\" target=\"_blank\" rel=\"noopener\">Nieves Garc\u00eda Mor\u00e1n<\/a> (CP San pedro de los Arcos)<\/li>\n<li><a href=\"mailto:davidag@educastur.org\">David Artime Garc\u00eda<\/a> (CP Llaranes)<\/li>\n<li><a href=\"mailto:fernandofr@educastur.org\">Fernando Fern\u00e1ndez Rodr\u00edguez<\/a> (CRA Villay\u00f3n)<\/li>\n<li><a href=\"mailto:carmenmzg@educastur.org\">Carmen M. Zapico Garc\u00eda<\/a> (CP Rioturbio)<\/li>\n<li><a href=\"mailto:omarfg@educastur.org\">Omar Fern\u00e1ndez Garc\u00eda-Jove<\/a> (IES Universidad laboral)<\/li>\n<li><a href=\"mailto:luciaag@educastur.org\">Luc\u00eda Alvarez<\/a> (CPR Oviedo)<\/li>\n<\/ul>\n","protected":false},"excerpt":{"rendered":"<p>Puedes rellenar el siguiente formulario y nos pondremos en contacto contigo o escribir a una de las personas embajadoras directamente: Nieves Garc\u00eda Mor\u00e1n (CP San pedro de los Arcos) David Artime Garc\u00eda (CP Llaranes) Fernando Fern\u00e1ndez Rodr\u00edguez (CRA Villay\u00f3n) Carmen M. Zapico Garc\u00eda (CP Rioturbio) Omar Fern\u00e1ndez Garc\u00eda-Jove (IES Universidad laboral) Luc\u00eda Alvarez (CPR Oviedo)<\/p>\n","protected":false},"author":5,"featured_media":0,"parent":0,"menu_order":0,"comment_status":"closed","ping_status":"closed","template":"","meta":{"footnotes":""},"class_list":["post-139","page","type-page","status-publish","hentry","post-preview"],"_links":{"self":[{"href":"https:\/\/edublog.educastur.es\/auladelfuturoasturias\/wp-json\/wp\/v2\/pages\/139","targetHints":{"allow":["GET"]}}],"collection":[{"href":"https:\/\/edublog.educastur.es\/auladelfuturoasturias\/wp-json\/wp\/v2\/pages"}],"about":[{"href":"https:\/\/edublog.educastur.es\/auladelfuturoasturias\/wp-json\/wp\/v2\/types\/page"}],"author":[{"embeddable":true,"href":"https:\/\/edublog.educastur.es\/auladelfuturoasturias\/wp-json\/wp\/v2\/users\/5"}],"replies":[{"embeddable":true,"href":"https:\/\/edublog.educastur.es\/auladelfuturoasturias\/wp-json\/wp\/v2\/comments?post=139"}],"version-history":[{"count":4,"href":"https:\/\/edublog.educastur.es\/auladelfuturoasturias\/wp-json\/wp\/v2\/pages\/139\/revisions"}],"predecessor-version":[{"id":144,"href":"https:\/\/edublog.educastur.es\/auladelfuturoasturias\/wp-json\/wp\/v2\/pages\/139\/revisions\/144"}],"wp:attachment":[{"href":"https:\/\/edublog.educastur.es\/auladelfuturoasturias\/wp-json\/wp\/v2\/media?parent=139"}],"curies":[{"name":"wp","href":"https:\/\/api.w.org\/{rel}","templated":true}]}}