{"id":2,"date":"2021-01-05T10:59:28","date_gmt":"2021-01-05T10:59:28","guid":{"rendered":"https:\/\/edublog.educastur.es\/auladelfuturoasturias\/?page_id=2"},"modified":"2021-04-07T11:32:28","modified_gmt":"2021-04-07T11:32:28","slug":"que-son","status":"publish","type":"page","link":"https:\/\/edublog.educastur.es\/auladelfuturoasturias\/que-son\/","title":{"rendered":"QU\u00c9 SON"},"content":{"rendered":"<p><img loading=\"lazy\" decoding=\"async\" class=\"aligncenter size-full\" src=\"https:\/\/www.educastur.es\/documents\/10531\/3286092\/2019_02_AulasDinamicas_int.jpg\/2fefe912-9469-4a10-9b97-93367869197f?t=1549626891228\" alt=\"aulas din\u00e1micas\" width=\"750\" height=\"479\" \/><\/p>\n<p>Para impulsar nuevos escenarios de aprendizaje, desde la Consejer\u00eda de Educaci\u00f3n de Asturias, se crea el programa Aulas Din\u00e1micas, basado en el proyecto Aula del Futuro (<em>Future Classroom Lab<\/em>) de la <em>European Schoolnet<\/em> de Bruselas y su hom\u00f3nimo del INTEF, como una iniciativa de transformaci\u00f3n de espacios que implica un cambio metodol\u00f3gico de la pr\u00e1ctica docente. Aulas Din\u00e1micas es un programa de innovaci\u00f3n, experimentaci\u00f3n, y formaci\u00f3n que persigue mejorar los procesos de ense\u00f1anza-aprendizaje a trav\u00e9s de una transformaci\u00f3n del espacio f\u00edsico del aula, dividido en diferentes zonas de aprendizaje, apoyado en el uso de tecnolog\u00edas variadas y el fomento del trabajo colaborativo y la creatividad y adaptable a las caracter\u00edsticas y necesidades de cada aula y centro particular.<\/p>\n<p>Como primer paso del proyecto, se contact\u00f3 con centros educativos asturianos que ya hab\u00edan desarrollado espacios de aprendizaje tipo aula del futuro y se les reconoc\u00ed\u00f3 su labor, impulsando que <a href=\"https:\/\/edublog.educastur.es\/auladelfuturoasturias\/centros\/\" target=\"_blank\" rel=\"noopener\">profesorado de los centros<\/a> fueran embajadores\/as del aula del futuro en Asturias. Como segundo paso, se di\u00f3 a conocer la iniciativa en las Primeras Jornadas STEAM y en SIMO Educaci\u00f3n 2018 con el taller <a href=\"https:\/\/www.educastur.es\/aulas-dinamicas\/-\/asset_publisher\/Z1SNUZa4kZOX\/content\/presentacion-de-aulas-dinamicas-en-simo-educacion-a-traves-de-la-experiencia-inmersiva-buildroom?redirect=https%3A%2F%2Fwww.educastur.es%2Faulas-dinamicas%3Fp_p_id%3D101_INSTANCE_Z1SNUZa4kZOX%26p_p_lifecycle%3D0%26p_p_state%3Dnormal%26p_p_mode%3Dview%26p_p_col_id%3Dcolumn-1%26p_p_col_count%3D1\" target=\"_blank\" rel=\"noopener\">#Buildroom. Construye tu aula din\u00e1mica<\/a> y se impuls\u00f3 la iniciativa<a href=\"https:\/\/www.educastur.es\/aulas-dinamicas\/-\/asset_publisher\/Z1SNUZa4kZOX\/content\/formacion-complementaria-a-la-convocatoria-de-centros-visitantes-aulas-dinamicas?redirect=https%3A%2F%2Fwww.educastur.es%2Faulas-dinamicas%3Fp_p_id%3D101_INSTANCE_Z1SNUZa4kZOX%26p_p_lifecycle%3D0%26p_p_state%3Dnormal%26p_p_mode%3Dview%26p_p_col_id%3Dcolumn-1%26p_p_col_count%3D1\" target=\"_blank\" rel=\"noopener\"> Estancias de aprendizaje en Aulas Din\u00e1micas<\/a> en la que participaron 15 centros, 3 de EDucaci\u00f3n Infantil, 3 de Educaci\u00f3n primaria y 3 de Educaci\u00f3n Secundaria.<\/p>\n","protected":false},"excerpt":{"rendered":"<p>Para impulsar nuevos escenarios de aprendizaje, desde la Consejer\u00eda de Educaci\u00f3n de Asturias, se crea el programa Aulas Din\u00e1micas, basado en el proyecto Aula del Futuro (Future Classroom Lab) de la European Schoolnet de Bruselas y su hom\u00f3nimo del INTEF, como una iniciativa de transformaci\u00f3n de espacios que implica un cambio metodol\u00f3gico de la pr\u00e1ctica [&hellip;]<\/p>\n","protected":false},"author":5,"featured_media":0,"parent":0,"menu_order":0,"comment_status":"closed","ping_status":"open","template":"","meta":{"footnotes":""},"class_list":["post-2","page","type-page","status-publish","hentry","post-preview"],"_links":{"self":[{"href":"https:\/\/edublog.educastur.es\/auladelfuturoasturias\/wp-json\/wp\/v2\/pages\/2","targetHints":{"allow":["GET"]}}],"collection":[{"href":"https:\/\/edublog.educastur.es\/auladelfuturoasturias\/wp-json\/wp\/v2\/pages"}],"about":[{"href":"https:\/\/edublog.educastur.es\/auladelfuturoasturias\/wp-json\/wp\/v2\/types\/page"}],"author":[{"embeddable":true,"href":"https:\/\/edublog.educastur.es\/auladelfuturoasturias\/wp-json\/wp\/v2\/users\/5"}],"replies":[{"embeddable":true,"href":"https:\/\/edublog.educastur.es\/auladelfuturoasturias\/wp-json\/wp\/v2\/comments?post=2"}],"version-history":[{"count":6,"href":"https:\/\/edublog.educastur.es\/auladelfuturoasturias\/wp-json\/wp\/v2\/pages\/2\/revisions"}],"predecessor-version":[{"id":120,"href":"https:\/\/edublog.educastur.es\/auladelfuturoasturias\/wp-json\/wp\/v2\/pages\/2\/revisions\/120"}],"wp:attachment":[{"href":"https:\/\/edublog.educastur.es\/auladelfuturoasturias\/wp-json\/wp\/v2\/media?parent=2"}],"curies":[{"name":"wp","href":"https:\/\/api.w.org\/{rel}","templated":true}]}}

QUÉ SON

<p><img loading="lazy" decoding="async" class="aligncenter size-full" src="https://www.educastur.es/documents/10531/3286092/2019_02_AulasDinamicas_int.jpg/2fefe912-9469-4a10-9b97-93367869197f?t=1549626891228" alt="aulas dinámicas" width="750" height="479" /></p>
<p>Para impulsar nuevos escenarios de aprendizaje, desde la Consejería de Educación de Asturias, se crea el programa Aulas Dinámicas, basado en el proyecto Aula del Futuro (<em>Future Classroom Lab</em>) de la <em>European Schoolnet</em> de Bruselas y su homónimo del INTEF, como una iniciativa de transformación de espacios que implica un cambio metodológico de la práctica docente. Aulas Dinámicas es un programa de innovación, experimentación, y formación que persigue mejorar los procesos de enseñanza-aprendizaje a través de una transformación del espacio físico del aula, dividido en diferentes zonas de aprendizaje, apoyado en el uso de tecnologías variadas y el fomento del trabajo colaborativo y la creatividad y adaptable a las características y necesidades de cada aula y centro particular.</p>
<p>Como primer paso del proyecto, se contactó con centros educativos asturianos que ya habían desarrollado espacios de aprendizaje tipo aula del futuro y se les reconocíó su labor, impulsando que <a href="https://edublog.educastur.es/auladelfuturoasturias/centros/" target="_blank" rel="noopener">profesorado de los centros</a> fueran embajadores/as del aula del futuro en Asturias. Como segundo paso, se dió a conocer la iniciativa en las Primeras Jornadas STEAM y en SIMO Educación 2018 con el taller <a href="https://www.educastur.es/aulas-dinamicas/-/asset_publisher/Z1SNUZa4kZOX/content/presentacion-de-aulas-dinamicas-en-simo-educacion-a-traves-de-la-experiencia-inmersiva-buildroom?redirect=https%3A%2F%2Fwww.educastur.es%2Faulas-dinamicas%3Fp_p_id%3D101_INSTANCE_Z1SNUZa4kZOX%26p_p_lifecycle%3D0%26p_p_state%3Dnormal%26p_p_mode%3Dview%26p_p_col_id%3Dcolumn-1%26p_p_col_count%3D1" target="_blank" rel="noopener">#Buildroom. Construye tu aula dinámica</a> y se impulsó la iniciativa<a href="https://www.educastur.es/aulas-dinamicas/-/asset_publisher/Z1SNUZa4kZOX/content/formacion-complementaria-a-la-convocatoria-de-centros-visitantes-aulas-dinamicas?redirect=https%3A%2F%2Fwww.educastur.es%2Faulas-dinamicas%3Fp_p_id%3D101_INSTANCE_Z1SNUZa4kZOX%26p_p_lifecycle%3D0%26p_p_state%3Dnormal%26p_p_mode%3Dview%26p_p_col_id%3Dcolumn-1%26p_p_col_count%3D1" target="_blank" rel="noopener"> Estancias de aprendizaje en Aulas Dinámicas</a> en la que participaron 15 centros, 3 de EDucación Infantil, 3 de Educación primaria y 3 de Educación Secundaria.</p>

<p>Para impulsar nuevos escenarios de aprendizaje, desde la Consejería de Educación de Asturias, se crea el programa Aulas Dinámicas, basado en el proyecto Aula del Futuro (Future Classroom Lab) de la European Schoolnet de Bruselas y su homónimo del INTEF, como una iniciativa de transformación de espacios que implica un cambio metodológico de la práctica [&hellip;]</p>
