{"id":141,"date":"2021-10-14T20:22:56","date_gmt":"2021-10-14T20:22:56","guid":{"rendered":"https:\/\/edublog.educastur.es\/aulasverdes\/?page_id=141"},"modified":"2025-05-05T09:18:47","modified_gmt":"2025-05-05T09:18:47","slug":"la-escuela-de-las-3r","status":"publish","type":"page","link":"https:\/\/edublog.educastur.es\/aulasverdes\/pagina-ejemplo\/la-escuela-de-las-3r\/","title":{"rendered":"RED DE ESCUELAS POR LA CIRCULARIDAD"},"content":{"rendered":"<p><img loading=\"lazy\" decoding=\"async\" class=\"size-medium wp-image-1928 aligncenter\" src=\"http:\/\/edublog.educastur.es\/aulasverdes\/files\/2025\/04\/logos-300x300.jpeg\" alt=\"\" width=\"300\" height=\"300\" srcset=\"https:\/\/edublog.educastur.es\/aulasverdes\/files\/2025\/04\/logos-300x300.jpeg 300w, https:\/\/edublog.educastur.es\/aulasverdes\/files\/2025\/04\/logos-150x150.jpeg 150w, https:\/\/edublog.educastur.es\/aulasverdes\/files\/2025\/04\/logos-85x85.jpeg 85w, https:\/\/edublog.educastur.es\/aulasverdes\/files\/2025\/04\/logos.jpeg 500w\" sizes=\"auto, (max-width: 300px) 100vw, 300px\" \/><\/p>\n<p>&nbsp;<\/p>\n<p><span style=\"font-family: arial, helvetica, sans-serif;font-size: 12pt\">Nuestro centro forma parte de la <strong>REC (Red de Escuelas por la Circularidad) de Cogersa <\/strong>desde hace a\u00f1os, anteriormente Escuelas por el Reciclaje. Durante este tiempo hemos realizado muchas acciones, participado en campa\u00f1as y gestionado los residuos de nuestro centro. En este blog hemos clasificado nuestras ultimas actividades seg\u00fan sean de <strong>REDUCIR, REUTILIZAR, RECICLAR Y REACCIONAR.\u00a0<\/strong><\/span><\/p>\n<p><span style=\"font-family: arial, helvetica, sans-serif;font-size: 12pt\">Nuestras acciones para la <span style=\"color: #008000\">REC est\u00e1n integradas desde el 2022-23 en un proyecto de centro <strong>Aulas Verdes Saludables,<\/strong><\/span> incorporado a la Programaci\u00f3n General de Aula de este curso. Donde se recogen los principios de la educaci\u00f3n ecosocial.\u00a0<\/span><\/p>\n<p style=\"text-align: center\"><span style=\"font-family: 'arial black', sans-serif;color: #ff6600;font-size: 14pt\">MOTIVACIONES<\/span><\/p>\n<p><span style=\"font-family: arial, helvetica, sans-serif\">Nuestro centro es miembro de la <strong>Red de Escuelas por la Circularidad (REC)<\/strong> debido a nuestro compromiso con el respeto a la naturaleza y la necesidad de sensibilizar sobre la econom\u00eda circular y la gesti\u00f3n de residuos, colaborando siempre en la consecuci\u00f3n de los Objetivos de Desarrollo Sostenible.<\/span><\/p>\n<p style=\"text-align: center\"><span style=\"font-family: arial, helvetica, sans-serif\"><strong><span style=\"color: #ff6600;font-family: arial black, sans-serif\"><span style=\"font-size: 18.6667px\">OBJETIVOS<\/span><\/span><\/strong><\/span><\/p>\n<p><span style=\"font-family: arial, helvetica, sans-serif\">Algunos de los OBJETIVOS incluidos en nuestra PGA y PE a trav\u00e9s del Proyecto<strong> de Aulas Verdes Saludables<\/strong>:<\/span><\/p>\n<ul>\n<li><span style=\"font-family: arial, helvetica, sans-serif\">Fomentar el uso de materiales provenientes de la naturaleza.<\/span><\/li>\n<li><span style=\"font-family: arial, helvetica, sans-serif\">Promover medidas de ecodise\u00f1o de actividades.\u00a0<\/span><\/li>\n<li><span style=\"font-family: arial, helvetica, sans-serif\">Implicaci\u00f3n con los Objetivos de Desarrollo Sostenible, de la Agenda 2030.<\/span><\/li>\n<li><span style=\"font-family: arial, helvetica, sans-serif\">Impulsar en la comunidad educativa acciones dirigidas hac\u00eda una mayor sostenibilidad, que favorezcan el cuidado del entorno, tales como la reducci\u00f3n, la reutilizaci\u00f3n, el reciclaje de los residuos; el ahorro de agua y energ\u00eda y el consumo responsable.<\/span><\/li>\n<li><span style=\"font-family: arial, helvetica, sans-serif\">Apoyar\u00a0 actividades con un fin solidario y de concienciaci\u00f3n social.<\/span><\/li>\n<li><span style=\"font-family: arial, helvetica, sans-serif\">Abrir el proyecto a la comunidad educativa y a otros centros a trav\u00e9s de proyectos APS, colaboraciones, encuentros intergeneracionales u otras actividades.<\/span><\/li>\n<\/ul>\n<p>&nbsp;<\/p>\n","protected":false},"excerpt":{"rendered":"<p>&nbsp; Nuestro centro forma parte de la REC (Red de Escuelas por la Circularidad) de Cogersa desde hace a\u00f1os, anteriormente Escuelas por el Reciclaje. Durante este tiempo hemos realizado muchas acciones, participado en campa\u00f1as y gestionado los residuos de nuestro centro. En este blog hemos clasificado nuestras ultimas actividades seg\u00fan sean de REDUCIR, REUTILIZAR, RECICLAR [&hellip;]<\/p>\n","protected":false},"author":917,"featured_media":0,"parent":2,"menu_order":0,"comment_status":"closed","ping_status":"closed","template":"","meta":{"footnotes":""},"class_list":["post-141","page","type-page","status-publish","hentry"],"_links":{"self":[{"href":"https:\/\/edublog.educastur.es\/aulasverdes\/wp-json\/wp\/v2\/pages\/141","targetHints":{"allow":["GET"]}}],"collection":[{"href":"https:\/\/edublog.educastur.es\/aulasverdes\/wp-json\/wp\/v2\/pages"}],"about":[{"href":"https:\/\/edublog.educastur.es\/aulasverdes\/wp-json\/wp\/v2\/types\/page"}],"author":[{"embeddable":true,"href":"https:\/\/edublog.educastur.es\/aulasverdes\/wp-json\/wp\/v2\/users\/917"}],"replies":[{"embeddable":true,"href":"https:\/\/edublog.educastur.es\/aulasverdes\/wp-json\/wp\/v2\/comments?post=141"}],"version-history":[{"count":29,"href":"https:\/\/edublog.educastur.es\/aulasverdes\/wp-json\/wp\/v2\/pages\/141\/revisions"}],"predecessor-version":[{"id":2041,"href":"https:\/\/edublog.educastur.es\/aulasverdes\/wp-json\/wp\/v2\/pages\/141\/revisions\/2041"}],"up":[{"embeddable":true,"href":"https:\/\/edublog.educastur.es\/aulasverdes\/wp-json\/wp\/v2\/pages\/2"}],"wp:attachment":[{"href":"https:\/\/edublog.educastur.es\/aulasverdes\/wp-json\/wp\/v2\/media?parent=141"}],"curies":[{"name":"wp","href":"https:\/\/api.w.org\/{rel}","templated":true}]}}