{"id":1698,"date":"2025-03-10T22:00:06","date_gmt":"2025-03-10T22:00:06","guid":{"rendered":"https:\/\/edublog.educastur.es\/aulasverdes\/?page_id=1698"},"modified":"2025-04-30T07:46:30","modified_gmt":"2025-04-30T07:46:30","slug":"podcast-radiello","status":"publish","type":"page","link":"https:\/\/edublog.educastur.es\/aulasverdes\/acciones-para-reutilizar\/acciones-reciclar\/reaccionamos\/podcast-radiello\/","title":{"rendered":"Podcast Radiello"},"content":{"rendered":"<p><span style=\"font-family: arial, helvetica, sans-serif\">Este curso hemos tenido muchas alumnas y alumnos de pr\u00e1cticas de distintas titulaciones. El d\u00eda <strong>25 de abril<\/strong> despedimos a <span style=\"font-family: 'arial black', sans-serif;color: #008000\">Julia, estudiante del grado de Trabajo Social.<\/span> Le invitamos a nuestra radio y le hicimos esta entrevista, esperamos que os guste.\u00a0<\/span><\/p>\n<p>&nbsp;<\/p>\n<p><!--nextpage--><\/p>\n<p><span style=\"font-family: arial, helvetica, sans-serif\">El d\u00eda <strong>7 de marzo<\/strong> con motivo de la conmemoraci\u00f3n al d\u00eda siguiente del d\u00eda de la mujer vino a visitarnos <span style=\"color: #008000\"><span style=\"font-family: 'arial black', sans-serif\">Noa Fern\u00e1ndez una judoca asturiana<\/span>.<\/span> La deportista hizo un taller de su deporte y esta entrevista:\u00a0<\/span><\/p>\n<p><img loading=\"lazy\" decoding=\"async\" class=\"size-medium wp-image-1735 aligncenter\" src=\"http:\/\/edublog.educastur.es\/aulasverdes\/files\/2025\/03\/Noa_radio-300x240.png\" alt=\"\" width=\"300\" height=\"240\" srcset=\"https:\/\/edublog.educastur.es\/aulasverdes\/files\/2025\/03\/Noa_radio-300x240.png 300w, https:\/\/edublog.educastur.es\/aulasverdes\/files\/2025\/03\/Noa_radio-768x615.png 768w, https:\/\/edublog.educastur.es\/aulasverdes\/files\/2025\/03\/Noa_radio-375x300.png 375w, https:\/\/edublog.educastur.es\/aulasverdes\/files\/2025\/03\/Noa_radio.png 828w\" sizes=\"auto, (max-width: 300px) 100vw, 300px\" \/>\n<!-- iframe plugin v.6.0 wordpress.org\/plugins\/iframe\/ -->\n<iframe loading=\"lazy\" src=\"https:\/\/www.ivoox.com\/player_ej_143268696_6_1.html?c1=e4340c\" width=\"100%\" height=\"200\" frameborder=\"0\" allowfullscreen scrolling=\"no\" 0=\"loading=&quot;lazy&quot;&gt;&lt;\/iframe\" class=\"iframe-class\"><\/iframe>\n<br \/>\n<!--nextpage--><\/p>\n<p><span style=\"font-family: arial, helvetica, sans-serif\">El jueves <strong>20 de febrero<\/strong> recibimos la visita de <span style=\"font-family: 'arial black', sans-serif;color: #008000\">Sonia Segarra, coordinadora del Grupo Territorial ApS Asturias<\/span>, visita nuestro centro para hacernos entrega de nuestro diploma como finalistas de los premios APS.<\/span><\/p>\n<p><img loading=\"lazy\" decoding=\"async\" class=\"size-medium wp-image-1683 aligncenter\" src=\"http:\/\/edublog.educastur.es\/aulasverdes\/files\/2025\/03\/radio2-e1741630286751-300x199.jpg\" alt=\"\" width=\"300\" height=\"199\" srcset=\"https:\/\/edublog.educastur.es\/aulasverdes\/files\/2025\/03\/radio2-e1741630286751-300x199.jpg 300w, https:\/\/edublog.educastur.es\/aulasverdes\/files\/2025\/03\/radio2-e1741630286751-1024x680.jpg 1024w, https:\/\/edublog.educastur.es\/aulasverdes\/files\/2025\/03\/radio2-e1741630286751-768x510.jpg 768w, https:\/\/edublog.educastur.es\/aulasverdes\/files\/2025\/03\/radio2-e1741630286751-1536x1020.jpg 1536w, https:\/\/edublog.educastur.es\/aulasverdes\/files\/2025\/03\/radio2-e1741630286751-1000x664.jpg 1000w, https:\/\/edublog.educastur.es\/aulasverdes\/files\/2025\/03\/radio2-e1741630286751-452x300.jpg 452w, https:\/\/edublog.educastur.es\/aulasverdes\/files\/2025\/03\/radio2-e1741630286751.jpg 2020w\" sizes=\"auto, (max-width: 300px) 100vw, 300px\" \/><\/p>\n\n<!-- iframe plugin v.6.0 wordpress.org\/plugins\/iframe\/ -->\n<iframe loading=\"lazy\" src=\"https:\/\/www.ivoox.com\/player_ej_141116670_6_1.html?c1=e4340c\" width=\"100%\" height=\"200\" frameborder=\"0\" allowfullscreen scrolling=\"no\" 0=\"loading=&quot;lazy&quot;&gt;&lt;\/iframe\" class=\"iframe-class\"><\/iframe>\n\n<p>&nbsp;<\/p>\n<p><!--nextpage--><\/p>\n<p><span style=\"font-family: arial, helvetica, sans-serif\">El pasado <strong>3 de diciembre<\/strong> se conmemora el d\u00eda internacional de las personas con Discapacidad, en nuestro centro hemos recibido una visita muy especial,<span style=\"color: #008000;font-family: 'arial black', sans-serif\"><strong> Carmen L\u00f3pez, campeona mundial de surf adaptado.\u00a0<\/strong><\/span><\/span><img loading=\"lazy\" decoding=\"async\" class=\"wp-image-1619 aligncenter\" src=\"http:\/\/edublog.educastur.es\/aulasverdes\/files\/2024\/12\/2024-12-11_09-40-53_000-scaled-e1741770371783-300x287.jpg\" alt=\"\" width=\"230\" height=\"220\" srcset=\"https:\/\/edublog.educastur.es\/aulasverdes\/files\/2024\/12\/2024-12-11_09-40-53_000-scaled-e1741770371783-300x287.jpg 300w, https:\/\/edublog.educastur.es\/aulasverdes\/files\/2024\/12\/2024-12-11_09-40-53_000-scaled-e1741770371783-1024x979.jpg 1024w, https:\/\/edublog.educastur.es\/aulasverdes\/files\/2024\/12\/2024-12-11_09-40-53_000-scaled-e1741770371783-768x734.jpg 768w, https:\/\/edublog.educastur.es\/aulasverdes\/files\/2024\/12\/2024-12-11_09-40-53_000-scaled-e1741770371783-1536x1468.jpg 1536w, https:\/\/edublog.educastur.es\/aulasverdes\/files\/2024\/12\/2024-12-11_09-40-53_000-scaled-e1741770371783-1000x956.jpg 1000w, https:\/\/edublog.educastur.es\/aulasverdes\/files\/2024\/12\/2024-12-11_09-40-53_000-scaled-e1741770371783-314x300.jpg 314w, https:\/\/edublog.educastur.es\/aulasverdes\/files\/2024\/12\/2024-12-11_09-40-53_000-scaled-e1741770371783.jpg 1834w\" sizes=\"auto, (max-width: 230px) 100vw, 230px\" \/><\/p>\n\n<!-- iframe plugin v.6.0 wordpress.org\/plugins\/iframe\/ -->\n<iframe loading=\"lazy\" src=\"https:\/\/www.ivoox.com\/player_ej_141097969_6_1.html?c1=e4340c\" width=\"100%\" height=\"200\" frameborder=\"0\" allowfullscreen scrolling=\"no\" 0=\"loading=&quot;lazy&quot;&gt;&lt;\/iframe\" class=\"iframe-class\"><\/iframe>\n\n","protected":false},"excerpt":{"rendered":"<p>Este curso hemos tenido muchas alumnas y alumnos de pr\u00e1cticas de distintas titulaciones. El d\u00eda 25 de abril despedimos a Julia, estudiante del grado de Trabajo Social. Le invitamos a nuestra radio y le hicimos esta entrevista, esperamos que os guste.\u00a0 &nbsp;<\/p>\n","protected":false},"author":917,"featured_media":1693,"parent":1818,"menu_order":7,"comment_status":"closed","ping_status":"closed","template":"","meta":{"footnotes":""},"class_list":["post-1698","page","type-page","status-publish","has-post-thumbnail","hentry"],"_links":{"self":[{"href":"https:\/\/edublog.educastur.es\/aulasverdes\/wp-json\/wp\/v2\/pages\/1698","targetHints":{"allow":["GET"]}}],"collection":[{"href":"https:\/\/edublog.educastur.es\/aulasverdes\/wp-json\/wp\/v2\/pages"}],"about":[{"href":"https:\/\/edublog.educastur.es\/aulasverdes\/wp-json\/wp\/v2\/types\/page"}],"author":[{"embeddable":true,"href":"https:\/\/edublog.educastur.es\/aulasverdes\/wp-json\/wp\/v2\/users\/917"}],"replies":[{"embeddable":true,"href":"https:\/\/edublog.educastur.es\/aulasverdes\/wp-json\/wp\/v2\/comments?post=1698"}],"version-history":[{"count":15,"href":"https:\/\/edublog.educastur.es\/aulasverdes\/wp-json\/wp\/v2\/pages\/1698\/revisions"}],"predecessor-version":[{"id":1901,"href":"https:\/\/edublog.educastur.es\/aulasverdes\/wp-json\/wp\/v2\/pages\/1698\/revisions\/1901"}],"up":[{"embeddable":true,"href":"https:\/\/edublog.educastur.es\/aulasverdes\/wp-json\/wp\/v2\/pages\/1818"}],"wp:featuredmedia":[{"embeddable":true,"href":"https:\/\/edublog.educastur.es\/aulasverdes\/wp-json\/wp\/v2\/media\/1693"}],"wp:attachment":[{"href":"https:\/\/edublog.educastur.es\/aulasverdes\/wp-json\/wp\/v2\/media?parent=1698"}],"curies":[{"name":"wp","href":"https:\/\/api.w.org\/{rel}","templated":true}]}}

<p><span style="font-family: arial, helvetica, sans-serif">Este curso hemos tenido muchas alumnas y alumnos de prácticas de distintas titulaciones. El día <strong>25 de abril</strong> despedimos a <span style="font-family: 'arial black', sans-serif;color: #008000">Julia, estudiante del grado de Trabajo Social.</span> Le invitamos a nuestra radio y le hicimos esta entrevista, esperamos que os guste. </span></p>
<p>&nbsp;</p>
<p><!--nextpage--></p>
<p><span style="font-family: arial, helvetica, sans-serif">El día <strong>7 de marzo</strong> con motivo de la conmemoración al día siguiente del día de la mujer vino a visitarnos <span style="color: #008000"><span style="font-family: 'arial black', sans-serif">Noa Fernández una judoca asturiana</span>.</span> La deportista hizo un taller de su deporte y esta entrevista: </span></p>
<p><img loading="lazy" decoding="async" class="size-medium wp-image-1735 aligncenter" src="http://edublog.educastur.es/aulasverdes/files/2025/03/Noa_radio-300x240.png" alt="" width="300" height="240" srcset="https://edublog.educastur.es/aulasverdes/files/2025/03/Noa_radio-300x240.png 300w, https://edublog.educastur.es/aulasverdes/files/2025/03/Noa_radio-768x615.png 768w, https://edublog.educastur.es/aulasverdes/files/2025/03/Noa_radio-375x300.png 375w, https://edublog.educastur.es/aulasverdes/files/2025/03/Noa_radio.png 828w" sizes="auto, (max-width: 300px) 100vw, 300px" />
<!-- iframe plugin v.6.0 wordpress.org/plugins/iframe/ -->
<iframe loading="lazy" src="https://www.ivoox.com/player_ej_143268696_6_1.html?c1=e4340c" width="100%" height="200" frameborder="0" allowfullscreen scrolling="no" 0="loading=&quot;lazy&quot;&gt;&lt;/iframe" class="iframe-class"></iframe>
<br />
<!--nextpage--></p>
<p><span style="font-family: arial, helvetica, sans-serif">El jueves <strong>20 de febrero</strong> recibimos la visita de <span style="font-family: 'arial black', sans-serif;color: #008000">Sonia Segarra, coordinadora del Grupo Territorial ApS Asturias</span>, visita nuestro centro para hacernos entrega de nuestro diploma como finalistas de los premios APS.</span></p>
<p><img loading="lazy" decoding="async" class="size-medium wp-image-1683 aligncenter" src="http://edublog.educastur.es/aulasverdes/files/2025/03/radio2-e1741630286751-300x199.jpg" alt="" width="300" height="199" srcset="https://edublog.educastur.es/aulasverdes/files/2025/03/radio2-e1741630286751-300x199.jpg 300w, https://edublog.educastur.es/aulasverdes/files/2025/03/radio2-e1741630286751-1024x680.jpg 1024w, https://edublog.educastur.es/aulasverdes/files/2025/03/radio2-e1741630286751-768x510.jpg 768w, https://edublog.educastur.es/aulasverdes/files/2025/03/radio2-e1741630286751-1536x1020.jpg 1536w, https://edublog.educastur.es/aulasverdes/files/2025/03/radio2-e1741630286751-1000x664.jpg 1000w, https://edublog.educastur.es/aulasverdes/files/2025/03/radio2-e1741630286751-452x300.jpg 452w, https://edublog.educastur.es/aulasverdes/files/2025/03/radio2-e1741630286751.jpg 2020w" sizes="auto, (max-width: 300px) 100vw, 300px" /></p>

<!-- iframe plugin v.6.0 wordpress.org/plugins/iframe/ -->
<iframe loading="lazy" src="https://www.ivoox.com/player_ej_141116670_6_1.html?c1=e4340c" width="100%" height="200" frameborder="0" allowfullscreen scrolling="no" 0="loading=&quot;lazy&quot;&gt;&lt;/iframe" class="iframe-class"></iframe>

<p>&nbsp;</p>
<p><!--nextpage--></p>
<p><span style="font-family: arial, helvetica, sans-serif">El pasado <strong>3 de diciembre</strong> se conmemora el día internacional de las personas con Discapacidad, en nuestro centro hemos recibido una visita muy especial,<span style="color: #008000;font-family: 'arial black', sans-serif"><strong> Carmen López, campeona mundial de surf adaptado. </strong></span></span><img loading="lazy" decoding="async" class="wp-image-1619 aligncenter" src="http://edublog.educastur.es/aulasverdes/files/2024/12/2024-12-11_09-40-53_000-scaled-e1741770371783-300x287.jpg" alt="" width="230" height="220" srcset="https://edublog.educastur.es/aulasverdes/files/2024/12/2024-12-11_09-40-53_000-scaled-e1741770371783-300x287.jpg 300w, https://edublog.educastur.es/aulasverdes/files/2024/12/2024-12-11_09-40-53_000-scaled-e1741770371783-1024x979.jpg 1024w, https://edublog.educastur.es/aulasverdes/files/2024/12/2024-12-11_09-40-53_000-scaled-e1741770371783-768x734.jpg 768w, https://edublog.educastur.es/aulasverdes/files/2024/12/2024-12-11_09-40-53_000-scaled-e1741770371783-1536x1468.jpg 1536w, https://edublog.educastur.es/aulasverdes/files/2024/12/2024-12-11_09-40-53_000-scaled-e1741770371783-1000x956.jpg 1000w, https://edublog.educastur.es/aulasverdes/files/2024/12/2024-12-11_09-40-53_000-scaled-e1741770371783-314x300.jpg 314w, https://edublog.educastur.es/aulasverdes/files/2024/12/2024-12-11_09-40-53_000-scaled-e1741770371783.jpg 1834w" sizes="auto, (max-width: 230px) 100vw, 230px" /></p>

<!-- iframe plugin v.6.0 wordpress.org/plugins/iframe/ -->
<iframe loading="lazy" src="https://www.ivoox.com/player_ej_141097969_6_1.html?c1=e4340c" width="100%" height="200" frameborder="0" allowfullscreen scrolling="no" 0="loading=&quot;lazy&quot;&gt;&lt;/iframe" class="iframe-class"></iframe>

<p>Este curso hemos tenido muchas alumnas y alumnos de prácticas de distintas titulaciones. El día 25 de abril despedimos a Julia, estudiante del grado de Trabajo Social. Le invitamos a nuestra radio y le hicimos esta entrevista, esperamos que os guste.  &nbsp;</p>
