{"id":2081,"date":"2025-05-08T19:02:06","date_gmt":"2025-05-08T19:02:06","guid":{"rendered":"https:\/\/edublog.educastur.es\/aulasverdes\/?page_id=2081"},"modified":"2025-05-08T19:02:06","modified_gmt":"2025-05-08T19:02:06","slug":"contacto","status":"publish","type":"page","link":"https:\/\/edublog.educastur.es\/aulasverdes\/contacto\/","title":{"rendered":"CONTACTO"},"content":{"rendered":"<p id=\"_Hl1kfRsmEKE5ty\" dir=\"ltr\"><span style=\"font-family: arial, helvetica, sans-serif\"><strong>PROYECTO EDUCATIVO DEL CENTRO: <\/strong><\/span><\/p>\n<p id=\"_jwpFcd2tNVqZde\" dir=\"ltr\"><span style=\"font-family: arial, helvetica, sans-serif\"><strong><em>C.P.E.E. CASTIELLO DE BERNUECES. GIJ\u00d3N, ASTURIAS, ESPA\u00d1A. <\/em><\/strong><\/span><\/p>\n<p id=\"_vK6xDcUAUMpI60\" dir=\"ltr\"><span style=\"font-family: arial, helvetica, sans-serif\"><em><strong>Correo electr\u00f3nico del centro:<\/strong> bernuece@educastur.org<\/em><\/span><\/p>\n<p dir=\"ltr\"><span style=\"font-family: arial, helvetica, sans-serif\"><strong>Coordinaci\u00f3n del proyecto Aulas Verdes<\/strong>:\u00a0<\/span><span style=\"font-family: arial, helvetica, sans-serif\">isabelmsa@educastur.org<\/span><\/p>\n<p id=\"_PD0wi0No4DhLr4\" dir=\"ltr\"><span style=\"font-family: arial, helvetica, sans-serif\"><a href=\"https:\/\/alojaweb.educastur.es\/web\/cpeecastiellodebernueces\" rel=\"nofollow noreferrer\"><em>P\u00c1GINA WEB DEL CPEE CASTIELLO DE BERNUECES<\/em><\/a>\u00a0<\/span><\/p>\n<p id=\"_eLb6Uo2wJrwJL7\" dir=\"ltr\"><span style=\"font-family: arial, helvetica, sans-serif\"><em><strong>Facebook:<\/strong> Castiello De Bernueces Cpee<\/em><\/span><\/p>\n<p id=\"_AHOeeuxUKSjM6q\" dir=\"ltr\"><a href=\"https:\/\/view.genially.com\/6627733b20cde80014fc5faf\/interactive-content-1proyecto-aulas-verdes\" rel=\"nofollow noreferrer\">M\u00e1s informaci\u00f3n<\/a><\/p>\n<p id=\"_eLb6Uo2wJrwJL7\" dir=\"ltr\">\n","protected":false},"excerpt":{"rendered":"<p>PROYECTO EDUCATIVO DEL CENTRO: C.P.E.E. CASTIELLO DE BERNUECES. GIJ\u00d3N, ASTURIAS, ESPA\u00d1A. Correo electr\u00f3nico del centro: bernuece@educastur.org Coordinaci\u00f3n del proyecto Aulas Verdes:\u00a0isabelmsa@educastur.org P\u00c1GINA WEB DEL CPEE CASTIELLO DE BERNUECES\u00a0 Facebook: Castiello De Bernueces Cpee M\u00e1s informaci\u00f3n<\/p>\n","protected":false},"author":917,"featured_media":0,"parent":0,"menu_order":0,"comment_status":"closed","ping_status":"closed","template":"","meta":{"footnotes":""},"class_list":["post-2081","page","type-page","status-publish","hentry"],"_links":{"self":[{"href":"https:\/\/edublog.educastur.es\/aulasverdes\/wp-json\/wp\/v2\/pages\/2081","targetHints":{"allow":["GET"]}}],"collection":[{"href":"https:\/\/edublog.educastur.es\/aulasverdes\/wp-json\/wp\/v2\/pages"}],"about":[{"href":"https:\/\/edublog.educastur.es\/aulasverdes\/wp-json\/wp\/v2\/types\/page"}],"author":[{"embeddable":true,"href":"https:\/\/edublog.educastur.es\/aulasverdes\/wp-json\/wp\/v2\/users\/917"}],"replies":[{"embeddable":true,"href":"https:\/\/edublog.educastur.es\/aulasverdes\/wp-json\/wp\/v2\/comments?post=2081"}],"version-history":[{"count":1,"href":"https:\/\/edublog.educastur.es\/aulasverdes\/wp-json\/wp\/v2\/pages\/2081\/revisions"}],"predecessor-version":[{"id":2082,"href":"https:\/\/edublog.educastur.es\/aulasverdes\/wp-json\/wp\/v2\/pages\/2081\/revisions\/2082"}],"wp:attachment":[{"href":"https:\/\/edublog.educastur.es\/aulasverdes\/wp-json\/wp\/v2\/media?parent=2081"}],"curies":[{"name":"wp","href":"https:\/\/api.w.org\/{rel}","templated":true}]}}

<p id="_Hl1kfRsmEKE5ty" dir="ltr"><span style="font-family: arial, helvetica, sans-serif"><strong>PROYECTO EDUCATIVO DEL CENTRO: </strong></span></p>
<p id="_jwpFcd2tNVqZde" dir="ltr"><span style="font-family: arial, helvetica, sans-serif"><strong><em>C.P.E.E. CASTIELLO DE BERNUECES. GIJÓN, ASTURIAS, ESPAÑA. </em></strong></span></p>
<p id="_vK6xDcUAUMpI60" dir="ltr"><span style="font-family: arial, helvetica, sans-serif"><em><strong>Correo electrónico del centro:</strong> bernuece@educastur.org</em></span></p>
<p dir="ltr"><span style="font-family: arial, helvetica, sans-serif"><strong>Coordinación del proyecto Aulas Verdes</strong>: </span><span style="font-family: arial, helvetica, sans-serif">isabelmsa@educastur.org</span></p>
<p id="_PD0wi0No4DhLr4" dir="ltr"><span style="font-family: arial, helvetica, sans-serif"><a href="https://alojaweb.educastur.es/web/cpeecastiellodebernueces" rel="nofollow noreferrer"><em>PÁGINA WEB DEL CPEE CASTIELLO DE BERNUECES</em></a> </span></p>
<p id="_eLb6Uo2wJrwJL7" dir="ltr"><span style="font-family: arial, helvetica, sans-serif"><em><strong>Facebook:</strong> Castiello De Bernueces Cpee</em></span></p>
<p id="_AHOeeuxUKSjM6q" dir="ltr"><a href="https://view.genially.com/6627733b20cde80014fc5faf/interactive-content-1proyecto-aulas-verdes" rel="nofollow noreferrer">Más información</a></p>
<p id="_eLb6Uo2wJrwJL7" dir="ltr">

<p>PROYECTO EDUCATIVO DEL CENTRO: C.P.E.E. CASTIELLO DE BERNUECES. GIJÓN, ASTURIAS, ESPAÑA. Correo electrónico del centro: bernuece@educastur.org Coordinación del proyecto Aulas Verdes: isabelmsa@educastur.org PÁGINA WEB DEL CPEE CASTIELLO DE BERNUECES  Facebook: Castiello De Bernueces Cpee Más información</p>
