{"id":45,"date":"2025-10-13T18:01:44","date_gmt":"2025-10-13T16:01:44","guid":{"rendered":"https:\/\/edublog.educastur.es\/bienestararregui\/?page_id=45"},"modified":"2025-10-13T18:06:38","modified_gmt":"2025-10-13T16:06:38","slug":"patios-que-educan-en-igualdad-e-inclusion-transformando-el-recreo","status":"publish","type":"page","link":"https:\/\/edublog.educastur.es\/bienestararregui\/patios-que-educan-en-igualdad-e-inclusion-transformando-el-recreo\/","title":{"rendered":"Patios que educan en igualdad e inclusi\u00f3n. Transformando el recreo"},"content":{"rendered":"<p><span style=\"font-family: tahoma, arial, helvetica, sans-serif\">En nuestro centro educativo, entendemos que el recreo es mucho m\u00e1s que un momento de descanso: es una oportunidad para aprender, convivir y crecer. Por eso, hemos puesto en marcha la iniciativa de <strong>patios din\u00e1micos, diversificados, igualitarios e inclusivos<\/strong>, un proyecto que busca transformar los espacios de juego en entornos seguros, participativos y enriquecedores para todo el alumnado.<\/span><\/p>\n<p><span style=\"font-family: tahoma, arial, helvetica, sans-serif\">Durante los recreos, se ofrecen propuestas variadas que responden a diferentes intereses, habilidades y formas de relacionarse. Juegos deportivos,\u00a0 cooperativos, espacios de calma, clubs de ocio que fomentan la cultura asociativa-participativa con actividades l\u00fadicas y creativas.<\/span><\/p>\n<p><span style=\"font-family: tahoma, arial, helvetica, sans-serif\">El objetivo es que cada ni\u00f1o y ni\u00f1a encuentre su lugar, se sienta valorado y pueda disfrutar de un tiempo de ocio que tambi\u00e9n educa en valores. Esta iniciativa, adem\u00e1s, favorece la prevenci\u00f3n de conflictos, mejora la convivencia y fortalece el sentido de comunidad.<\/span><\/p>\n<p><span style=\"font-family: tahoma, arial, helvetica, sans-serif\">Seguimos apostando por una escuela que educa en todos los momentos del d\u00eda, y el recreo juega un papel muy importante en esto.<\/span><\/p>\n","protected":false},"excerpt":{"rendered":"<p>En nuestro centro educativo, entendemos que el recreo es mucho m\u00e1s que un momento de descanso: es una oportunidad para aprender, convivir y crecer. Por eso, hemos puesto en marcha la iniciativa de patios din\u00e1micos, diversificados, igualitarios e inclusivos, un proyecto que busca transformar los espacios de juego en entornos seguros, participativos y enriquecedores para&hellip; <a href=\"https:\/\/edublog.educastur.es\/bienestararregui\/patios-que-educan-en-igualdad-e-inclusion-transformando-el-recreo\/\" class=\"more-link\">Seguir leyendo <span class=\"screen-reader-text\">Patios que educan en igualdad e inclusi\u00f3n. Transformando el recreo<\/span><\/a><\/p>\n","protected":false},"author":2300,"featured_media":0,"parent":0,"menu_order":0,"comment_status":"closed","ping_status":"closed","template":"","meta":{"footnotes":""},"class_list":["post-45","page","type-page","status-publish","hentry","without-featured-image"],"_links":{"self":[{"href":"https:\/\/edublog.educastur.es\/bienestararregui\/wp-json\/wp\/v2\/pages\/45","targetHints":{"allow":["GET"]}}],"collection":[{"href":"https:\/\/edublog.educastur.es\/bienestararregui\/wp-json\/wp\/v2\/pages"}],"about":[{"href":"https:\/\/edublog.educastur.es\/bienestararregui\/wp-json\/wp\/v2\/types\/page"}],"author":[{"embeddable":true,"href":"https:\/\/edublog.educastur.es\/bienestararregui\/wp-json\/wp\/v2\/users\/2300"}],"replies":[{"embeddable":true,"href":"https:\/\/edublog.educastur.es\/bienestararregui\/wp-json\/wp\/v2\/comments?post=45"}],"version-history":[{"count":2,"href":"https:\/\/edublog.educastur.es\/bienestararregui\/wp-json\/wp\/v2\/pages\/45\/revisions"}],"predecessor-version":[{"id":90,"href":"https:\/\/edublog.educastur.es\/bienestararregui\/wp-json\/wp\/v2\/pages\/45\/revisions\/90"}],"wp:attachment":[{"href":"https:\/\/edublog.educastur.es\/bienestararregui\/wp-json\/wp\/v2\/media?parent=45"}],"curies":[{"name":"wp","href":"https:\/\/api.w.org\/{rel}","templated":true}]}}