{"id":289,"date":"2024-03-01T18:14:08","date_gmt":"2024-03-01T17:14:08","guid":{"rendered":"https:\/\/edublog.educastur.es\/biohumphreys\/?page_id=289"},"modified":"2024-03-01T18:14:08","modified_gmt":"2024-03-01T17:14:08","slug":"funciones-de-los-nucleotidos-estructurales-energeticas-y-coenzimaticas","status":"publish","type":"page","link":"https:\/\/edublog.educastur.es\/biohumphreys\/funciones-de-los-nucleotidos-estructurales-energeticas-y-coenzimaticas\/","title":{"rendered":"FUNCIONES DE LOS NUCLE\u00d3TIDOS: ESTRUCTURALES, ENERG\u00c9TICAS Y COENZIM\u00c1TICAS"},"content":{"rendered":"<p style=\"text-align: justify\">Como <a href=\"https:\/\/edublog.educastur.es\/biohumphreys\/acidos-nucleicos\/\">vimos en otras entradas<\/a>, los nucle\u00f3tidos son los <strong>sillares moleculares b\u00e1sicos de los \u00e1cidos nucleicos<\/strong>, es decir, son sus <strong>mon\u00f3meros<\/strong> o, como propusimos por analog\u00eda, esos <strong>eslabones peque\u00f1os de la cadena de bicicleta<\/strong>, siendo dicha cadena correspondiente al \u00e1cido nucleico.<\/p>\n<p style=\"text-align: justify\">No obstante, los nucle\u00f3tidos, <strong>adem\u00e1s de esta funci\u00f3n estructural<\/strong>, desempe\u00f1an en las c\u00e9lulas otras funciones importantes como:<\/p>\n<ol>\n<li>Energ\u00e9tica: la <strong>moneda energ\u00e9tica fundamental es<\/strong>\u00a0el <strong>ATP<\/strong>, un ribonucle\u00f3tido trifosfato de Adenina, la cual almacena calor\u00edas (7,7 Kcal\/mol) en forma de los enlaces fosfato. As\u00ed, esos enlaces se formar\u00e1n o romper\u00e1n con diferentes motivos:\n<ul>\n<li style=\"text-align: justify\"><strong>Se hidrolizar\u00e1n o romper\u00e1n para liberar energ\u00eda<\/strong>, transformando ese ATP (con 3 fosfatos) en ADP (con 2 fosfatos), liberando un fosfato inorg\u00e1nico.<\/li>\n<li style=\"text-align: justify\"><strong>Se crear\u00e1 un enlace fosfodi\u00e9ster para acumular y almacenar energ\u00eda<\/strong>, convirtiendo un ADP, junto con un fosfato inorg\u00e1nico, en ATP.<\/li>\n<\/ul>\n<\/li>\n<\/ol>\n<div style=\"width: 604px\" class=\"wp-caption aligncenter\"><img loading=\"lazy\" decoding=\"async\" class=\"\" src=\"https:\/\/upload.wikimedia.org\/wikipedia\/commons\/thumb\/0\/08\/ATP_cycle.png\/1200px-ATP_cycle.png?20211001225442\" alt=\"Sistema energ\u00e9tico del ATP-ADP. El ATP acumula energ\u00eda en forma de enlace fosfato. Por su parte, se liberar\u00e1n calor\u00edas cuando se rompa dicho enlace, convirtiendo ese ATP en ADP, adem\u00e1s de liberar fosfato como subproducto.\" width=\"594\" height=\"413\" \/><p class=\"wp-caption-text\">Sistema energ\u00e9tico del ATP-ADP. El ATP acumula energ\u00eda en forma de enlace fosfato. Por su parte, se liberar\u00e1n calor\u00edas cuando se rompa dicho enlace, convirtiendo ese ATP en ADP, adem\u00e1s de liberar fosfato como subproducto.<\/p><\/div>\n<ul>\n<li style=\"text-align: justify\">Las <strong>coenzimas NAD<sup>+<\/sup>, NADP<sup>+<\/sup>, FAD o FMN, <\/strong>que intervienen en procesos y reacciones redox, concretamente, act\u00faan como transportadores de electrones, como ya vimos en el <a href=\"https:\/\/edublog.educastur.es\/biohumphreys\/la-energia-en-biologia\/\">tema de metabolismo<\/a>. No obstante, dichas coenzimas las podemos encontrar en dos estados diferentes:\n<ul>\n<li><strong>Poder oxidante<\/strong>: estamos hablando de las <strong>coenzimas en su estado oxidado<\/strong>, <strong>FAD, NAD<sup>+<\/sup>, NADP<sup>+<\/sup> o FMN<\/strong>, aceptando electrones de mol\u00e9culas reducidas que, por tanto, oxida.<\/li>\n<li><span style=\"text-decoration: underline\"><strong>Poder reductor:<\/strong><\/span> las coenzimas mencionadas se encuentran en su <strong>estado reducido, FADH<sub>2<\/sub>, NADH, NADPH o FMNH<sub>2<\/sub>,<\/strong> l<strong>iberando electrones<\/strong> que, como ya sab\u00e9is, son muy <strong>importantes para la <a href=\"https:\/\/edublog.educastur.es\/biohumphreys\/catabolismo-esquemas\/\">cadena de transporte de electrones y la fosforilaci\u00f3n oxidativa,<\/a> produciendo ATP en la mitocondria.<\/strong><\/li>\n<\/ul>\n<\/li>\n<\/ul>\n<div style=\"width: 529px\" class=\"wp-caption aligncenter\"><img loading=\"lazy\" decoding=\"async\" class=\"\" title=\"VectorVictor, CC BY-SA 3.0 &lt;https:\/\/creativecommons.org\/licenses\/by-sa\/3.0&gt;, via Wikimedia Commons\" src=\"https:\/\/upload.wikimedia.org\/wikipedia\/commons\/f\/fc\/Nadh.svg\" alt=\"Cadena de transporte de electrones, donde vemos como el poder reductor, en forma de NADH, libera los electrones al complejo proteico de la membrana mitocondrial para generar, en \u00faltima instancia, energ\u00eda en forma de ATP.\" width=\"519\" height=\"401\" \/><p class=\"wp-caption-text\">Cadena de transporte de electrones, donde vemos como el poder reductor, en forma de NADH y FADH2 (representado por el succinato), libera los electrones al complejo proteico de la membrana mitocondrial para generar, en \u00faltima instancia, energ\u00eda en forma de ATP.<\/p><\/div>\n<p style=\"text-align: center\">\n<!-- iframe plugin v.6.0 wordpress.org\/plugins\/iframe\/ -->\n<iframe loading=\"lazy\" width=\"90%\" height=\"315\" src=\"https:\/\/www.youtube.com\/embed\/mvg4oN3VoVU?si=QzWLV8hW-h6i8gVf&#038;amp;start=358&#038;end=485\" title=\"YouTube video player\" frameborder=\"0\" allow=\"accelerometer; autoplay; clipboard-write; encrypted-media; gyroscope; picture-in-picture; web-share\" 0=\"allowfullscreen&gt;&lt;\/iframe\" scrolling=\"yes\" class=\"iframe-class\"><\/iframe>\n<\/p>\n","protected":false},"excerpt":{"rendered":"<p>Como vimos en otras entradas, los nucle\u00f3tidos son los sillares moleculares b\u00e1sicos de los \u00e1cidos nucleicos, es decir, son sus mon\u00f3meros o, como propusimos por analog\u00eda, esos eslabones peque\u00f1os de la cadena de bicicleta, siendo dicha cadena correspondiente al \u00e1cido nucleico. No obstante, los nucle\u00f3tidos, adem\u00e1s de esta funci\u00f3n estructural, desempe\u00f1an en las c\u00e9lulas otras [&hellip;]<\/p>\n","protected":false},"author":3666,"featured_media":0,"parent":0,"menu_order":0,"comment_status":"closed","ping_status":"closed","template":"template-fullwidth.php","meta":{"footnotes":""},"class_list":["post-289","page","type-page","status-publish","hentry","post-preview"],"_links":{"self":[{"href":"https:\/\/edublog.educastur.es\/biohumphreys\/wp-json\/wp\/v2\/pages\/289","targetHints":{"allow":["GET"]}}],"collection":[{"href":"https:\/\/edublog.educastur.es\/biohumphreys\/wp-json\/wp\/v2\/pages"}],"about":[{"href":"https:\/\/edublog.educastur.es\/biohumphreys\/wp-json\/wp\/v2\/types\/page"}],"author":[{"embeddable":true,"href":"https:\/\/edublog.educastur.es\/biohumphreys\/wp-json\/wp\/v2\/users\/3666"}],"replies":[{"embeddable":true,"href":"https:\/\/edublog.educastur.es\/biohumphreys\/wp-json\/wp\/v2\/comments?post=289"}],"version-history":[{"count":5,"href":"https:\/\/edublog.educastur.es\/biohumphreys\/wp-json\/wp\/v2\/pages\/289\/revisions"}],"predecessor-version":[{"id":294,"href":"https:\/\/edublog.educastur.es\/biohumphreys\/wp-json\/wp\/v2\/pages\/289\/revisions\/294"}],"wp:attachment":[{"href":"https:\/\/edublog.educastur.es\/biohumphreys\/wp-json\/wp\/v2\/media?parent=289"}],"curies":[{"name":"wp","href":"https:\/\/api.w.org\/{rel}","templated":true}]}}