{"id":307,"date":"2024-03-02T18:32:15","date_gmt":"2024-03-02T17:32:15","guid":{"rendered":"https:\/\/edublog.educastur.es\/biohumphreys\/?page_id=307"},"modified":"2024-03-02T18:32:15","modified_gmt":"2024-03-02T17:32:15","slug":"diferencias-entre-arn-y-adn","status":"publish","type":"page","link":"https:\/\/edublog.educastur.es\/biohumphreys\/diferencias-entre-arn-y-adn\/","title":{"rendered":"DIFERENCIAS ENTRE ARN Y ADN"},"content":{"rendered":"<p style=\"text-align: justify\">Una <strong>pregunta muy t\u00edpica y extendida<\/strong> en los diferentes ex\u00e1menes de Biolog\u00eda en la ESO, Bachiller, Selectividad e, incluso, grados y postgrados es la siguiente: se\u00f1ala las <strong>diferencias entre ARN y ADN.<\/strong><\/p>\n<p style=\"text-align: justify\">No obstante, aunque la contestaci\u00f3n no es dif\u00edcil, <strong>muchas veces se nos atasca sacar la puntuaci\u00f3n completa porque siempre nos falta alg\u00fan detalle.<\/strong><\/p>\n<p style=\"text-align: justify\">Sin embargo, con la siguiente tabla resumen lograremos nuestro objetivo:<\/p>\n<table class=\" aligncenter\" style=\"border-style: solid;width: 750px;border-color: #000000\" width=\"750\">\n<tbody>\n<tr style=\"background-color: #09ff00\">\n<td style=\"width: 254.875px;border-style: solid;border-color: #000000;text-align: center;background-color: #20f000\"><strong>DIFERENCIAS<\/strong><\/td>\n<td style=\"width: 247.35px;border-style: solid;border-color: #000000;text-align: center;background-color: #05fabd\"><b>ADN<\/b><\/td>\n<td style=\"width: 374.3px;border-style: solid;border-color: #000000;text-align: center;background-color: #bcfa02\"><b>ARN<\/b><\/td>\n<\/tr>\n<tr>\n<td style=\"width: 254.875px;border-style: solid;border-color: #000000;text-align: center;vertical-align: middle;background-color: #02fa1f\"><strong>BASES NITROGENADAS PIRIMID\u00cdNICAS EXCLUSIVAS<\/strong><\/td>\n<td style=\"width: 247.35px;border-style: solid;border-color: #000000;text-align: center;vertical-align: middle;background-color: #05fabd\">TIMINA<\/td>\n<td style=\"width: 374.3px;border-style: solid;border-color: #000000;text-align: center;vertical-align: middle;background-color: #bcfa02\">URACILO<\/td>\n<\/tr>\n<tr>\n<td style=\"width: 254.875px;border-style: solid;border-color: #000000;text-align: center;vertical-align: middle;background-color: #02fa1f\"><strong>LOCALIZACI\u00d3N<\/strong><\/td>\n<td style=\"width: 247.35px;border-style: solid;border-color: #000000;text-align: center;vertical-align: middle;background-color: #05fabd\">N\u00daCLEO<\/p>\n<p>MITOCONDRIA<\/p>\n<p>CLOROPLASTO<\/td>\n<td style=\"width: 374.3px;border-style: solid;border-color: #000000;text-align: center;vertical-align: middle;background-color: #bcfa02\">PRINCIPALMENTE EN EL CITOPLASMA<\/p>\n<p>RIBOSOMAS<\/p>\n<p>MITOCONDRIA<\/p>\n<p>CLOROPLASTO<\/td>\n<\/tr>\n<tr>\n<td style=\"width: 254.875px;border-style: solid;border-color: #000000;text-align: center;vertical-align: middle;background-color: #02fa1f\"><strong>AZ\u00daCAR<\/strong><\/td>\n<td style=\"width: 247.35px;border-style: solid;border-color: #000000;text-align: center;vertical-align: middle;background-color: #05fabd\">DESOXIRRIBOSA<\/td>\n<td style=\"width: 374.3px;border-style: solid;border-color: #000000;text-align: center;vertical-align: middle;background-color: #bcfa02\">RIBOSA<\/td>\n<\/tr>\n<tr>\n<td style=\"width: 254.875px;border-style: solid;border-color: #000000;text-align: center;vertical-align: middle;background-color: #02fa1f\"><strong>FUNCI\u00d3N<\/strong><\/td>\n<td style=\"width: 247.35px;border-style: solid;border-color: #000000;text-align: center;vertical-align: middle;background-color: #05fabd\">ALMACENAR INFORMACI\u00d3N GEN\u00c9TICA<\/td>\n<td style=\"width: 374.3px;border-style: solid;border-color: #000000;text-align: center;vertical-align: middle;background-color: #bcfa02\">SINTETIZAR PROTE\u00cdNAS<\/td>\n<\/tr>\n<tr>\n<td style=\"width: 254.875px;border-style: solid;border-color: #000000;text-align: center;vertical-align: middle;background-color: #02fa1f\"><strong>CADENA<\/strong><\/td>\n<td style=\"width: 247.35px;border-style: solid;border-color: #000000;text-align: center;vertical-align: middle;background-color: #05fabd\"><span style=\"text-decoration: underline\"><strong>BICATENARIO<\/strong><\/span> (A EXCEPCI\u00d3N DE ALG\u00daN VIRUS)<\/td>\n<td style=\"width: 374.3px;border-style: solid;border-color: #000000;text-align: center;vertical-align: middle;background-color: #bcfa02\"><span style=\"text-decoration: underline\"><strong>MONOCATENARIO<\/strong><\/span> (A EXCEPCI\u00d3N DE REGIONES DE ARNt Y ALG\u00daN VIRUS)<\/td>\n<\/tr>\n<tr>\n<td style=\"width: 254.875px;border-style: solid;border-color: #000000;text-align: center;vertical-align: middle;background-color: #02fa1f\"><strong>TAMA\u00d1O<\/strong><\/td>\n<td style=\"width: 247.35px;border-style: solid;border-color: #000000;text-align: center;vertical-align: middle;background-color: #05fabd\"><span style=\"text-decoration: underline\"><strong>GRANDE<\/strong><\/span><\/td>\n<td style=\"width: 374.3px;border-style: solid;border-color: #000000;text-align: center;vertical-align: middle;background-color: #bcfa02\"><span style=\"text-decoration: underline\"><strong>PEQUE\u00d1O<\/strong><\/span><\/td>\n<\/tr>\n<\/tbody>\n<\/table>\n<p>Si la forma tabla no es lo tuyo, aqu\u00ed te lo dejo escrito con un formato m\u00e1s desarrollado:<\/p>\n<ul>\n<li style=\"text-align: justify\"><span style=\"text-decoration: underline\"><span style=\"color: #ff0000\"><strong>Bases nitrogenadas exclusivas:<\/strong><\/span><\/span> ya hab\u00edamos mencionado que el <strong>ARN<\/strong> presenta una base pirimid\u00ednica \u00fanica, el <strong>Uracilo<\/strong>, mientras que el <strong>ADN presenta Timina<\/strong>.<\/li>\n<li style=\"text-align: justify\"><span style=\"text-decoration: underline\"><span style=\"color: #ff0000;text-decoration: underline\"><strong>Pentosa o az\u00facar:<\/strong><\/span> <\/span>mientras que en el <strong>ADN encontramos la desoxirribosa,<\/strong> por p\u00e9rdida de un ox\u00edgeno en el carbono 2, el <strong>ARN presenta la ribosa<\/strong>, con su caracter\u00edstico OH en el carbono 2 del mencionado az\u00facar.<\/li>\n<li style=\"text-align: justify\"><span style=\"text-decoration: underline;color: #ff0000\"><strong>Ubicaci\u00f3n:<\/strong><\/span> el <strong>ADN se va a encontrar en el n\u00facleo de las c\u00e9lulas eucariotas<\/strong>, aunque se hallar\u00eda en el <strong>citoplasma de las procariotas<\/strong> por no poseer dicho org\u00e1nulo. Por otra parte, el <strong>ARN se encuentra principalmente en el citoplasma<\/strong>, formando los ribosomas, el ARNt y el ARNm. No obstante, como sabes, el <strong>ARNm se forma en el n\u00facleo por el proceso de transcripci\u00f3n<\/strong>, pero<strong> se va r\u00e1pidamente para ejercer su funci\u00f3n en el citoplasma<\/strong>. En cuanto a las <strong>mitocondrias y los cloroplastos<\/strong>, debido a su origen simbi\u00f3tico, <strong>van a poseer tanto ARN como ADN<\/strong> en la matriz mitocondrial y en el estroma del cloroplasto.<\/li>\n<li style=\"text-align: justify\"><span style=\"text-decoration: underline\"><strong><span style=\"color: #ff0000;text-decoration: underline\">Funci\u00f3n:<\/span><\/strong><\/span> mientras que el <strong>ADN ser\u00e1 el encargado de almacenar la informaci\u00f3n gen\u00e9tica<\/strong>, el <strong>ARN ser\u00e1 un intermediario entre la informaci\u00f3n de cada gen del ADN y las prote\u00ednas.<\/strong> Es decir, imag\u00ednate que el <span style=\"color: #993300\"><strong>ADN es el jefe<\/strong><\/span>, el <strong><span style=\"color: #993300\">ARN es un secretario<\/span><\/strong> que \u201cpasa la informaci\u00f3n, elige y construye\u201d a los <span style=\"color: #993300\"><strong>obreros, que ser\u00edan las prote\u00ednas<\/strong><\/span>.<\/li>\n<li style=\"text-align: justify\"><span style=\"text-decoration: underline;color: #ff0000\"><strong>Cadena:<\/strong><\/span> el <strong>ADN ser\u00e1, normalmente, bicatenario<\/strong> (dos cadenas), mientras que el A<strong>RN ser\u00e1, usualmente, monocatenario<\/strong>. Como siempre, los <strong>virus dan lugar a excepciones,<\/strong> encontr\u00e1ndose, as\u00ed, ADN monocatenarios, ARN bicatenarios y muchas otras cosas poco usuales.<\/li>\n<li style=\"text-align: justify\"><span style=\"text-decoration: underline;color: #ff0000\"><strong>Tama\u00f1o:<\/strong><\/span> el <strong>ADN presenta un mayor tama\u00f1o que el ARN<\/strong>. F\u00e1cilmente entendible si consideramos que el ADN contiene toda la informaci\u00f3n gen\u00e9tica, mientras que el ARN solo va a transcribir una peque\u00f1a parte.<\/li>\n<\/ul>\n<p style=\"text-align: center\">\n<!-- iframe plugin v.6.0 wordpress.org\/plugins\/iframe\/ -->\n<iframe loading=\"lazy\" width=\"90%\" height=\"315\" src=\"https:\/\/www.youtube.com\/embed\/mvg4oN3VoVU?si=z2u4uw4SQ0HqxKeI&#038;amp;start=551&#038;end=629\" title=\"YouTube video player\" frameborder=\"0\" allow=\"accelerometer; autoplay; clipboard-write; encrypted-media; gyroscope; picture-in-picture; web-share\" 0=\"allowfullscreen&gt;&lt;\/iframe\" scrolling=\"yes\" class=\"iframe-class\"><\/iframe>\n<\/p>\n","protected":false},"excerpt":{"rendered":"<p>Una pregunta muy t\u00edpica y extendida en los diferentes ex\u00e1menes de Biolog\u00eda en la ESO, Bachiller, Selectividad e, incluso, grados y postgrados es la siguiente: se\u00f1ala las diferencias entre ARN y ADN. No obstante, aunque la contestaci\u00f3n no es dif\u00edcil, muchas veces se nos atasca sacar la puntuaci\u00f3n completa porque siempre nos falta alg\u00fan detalle. [&hellip;]<\/p>\n","protected":false},"author":3666,"featured_media":0,"parent":0,"menu_order":0,"comment_status":"closed","ping_status":"closed","template":"template-fullwidth.php","meta":{"footnotes":""},"class_list":["post-307","page","type-page","status-publish","hentry","post-preview"],"_links":{"self":[{"href":"https:\/\/edublog.educastur.es\/biohumphreys\/wp-json\/wp\/v2\/pages\/307","targetHints":{"allow":["GET"]}}],"collection":[{"href":"https:\/\/edublog.educastur.es\/biohumphreys\/wp-json\/wp\/v2\/pages"}],"about":[{"href":"https:\/\/edublog.educastur.es\/biohumphreys\/wp-json\/wp\/v2\/types\/page"}],"author":[{"embeddable":true,"href":"https:\/\/edublog.educastur.es\/biohumphreys\/wp-json\/wp\/v2\/users\/3666"}],"replies":[{"embeddable":true,"href":"https:\/\/edublog.educastur.es\/biohumphreys\/wp-json\/wp\/v2\/comments?post=307"}],"version-history":[{"count":3,"href":"https:\/\/edublog.educastur.es\/biohumphreys\/wp-json\/wp\/v2\/pages\/307\/revisions"}],"predecessor-version":[{"id":310,"href":"https:\/\/edublog.educastur.es\/biohumphreys\/wp-json\/wp\/v2\/pages\/307\/revisions\/310"}],"wp:attachment":[{"href":"https:\/\/edublog.educastur.es\/biohumphreys\/wp-json\/wp\/v2\/media?parent=307"}],"curies":[{"name":"wp","href":"https:\/\/api.w.org\/{rel}","templated":true}]}}