{"id":312,"date":"2024-03-03T11:32:05","date_gmt":"2024-03-03T10:32:05","guid":{"rendered":"https:\/\/edublog.educastur.es\/biohumphreys\/?page_id=312"},"modified":"2024-03-03T11:32:05","modified_gmt":"2024-03-03T10:32:05","slug":"arn-tipos-y-funciones","status":"publish","type":"page","link":"https:\/\/edublog.educastur.es\/biohumphreys\/arn-tipos-y-funciones\/","title":{"rendered":"ARN: TIPOS Y FUNCIONES"},"content":{"rendered":"<p style=\"text-align: justify\">El <strong>ARN<\/strong> es un pol\u00edmero de <strong>ribonucle\u00f3tidos<\/strong> unidos por enlace fosfodi\u00e9ster, que, como <a href=\"https:\/\/edublog.educastur.es\/biohumphreys\/diferencias-entre-arn-y-adn\/\">vimos anteriormente<\/a>, tiene como <strong>base pirimid\u00ednica exclusiva el Uracilo y Ribosa como pentosa<\/strong>.<\/p>\n<p style=\"text-align: justify\">Si bien <strong>puede constituir el material gen\u00e9tico de algunos virus, pudiendo ser de cadena simple o de cadena doble<\/strong>; tanto\u00a0en <strong>procariotas como en eucariotas est\u00e1 formado por una sola cadena<\/strong>, aunque en el ARN transferente existen apareamientos de bases intracatenarios, lo que hace que aparezcan tramos de doble cadena.<\/p>\n<p style=\"text-align: justify\">Respecto a su funci\u00f3n, podr\u00edamos decir que es <strong>una mol\u00e9cula intermediaria entre la informaci\u00f3n gen\u00e9tica almacenada en el ADN y la s\u00edntesis de prote\u00ednas.<\/strong><\/p>\n<p style=\"text-align: justify\">Recordad la analog\u00eda que hab\u00edamos propuesto:<\/p>\n<ul>\n<li style=\"text-align: justify\">El <strong>ADN es el jefe<\/strong>, tiene toda la informaci\u00f3n de la empresa.<\/li>\n<li style=\"text-align: justify\">El <strong>ARN es el secretario<\/strong>, va a trasladar una parte de esa<strong> informaci\u00f3n espec\u00edfica para contratar o \u201ccrear\u201d los obreros<\/strong>.<\/li>\n<li style=\"text-align: justify\">Las<strong> prote\u00ednas<\/strong>, han sido contratadas espec\u00edficamente por la informaci\u00f3n que alberga el ADN, que se ha copiado en el ARN y que, finalmente, <strong>llevar\u00e1n a cabo la funci\u00f3n o el trabajo para la que han sido contratadas o \u201ccreadas\u201d. <\/strong>Son las unidades efectoras de las c\u00e9lulas.<\/li>\n<\/ul>\n<div id=\"attachment_314\" style=\"width: 657px\" class=\"wp-caption aligncenter\"><img loading=\"lazy\" decoding=\"async\" aria-describedby=\"caption-attachment-314\" class=\"wp-image-314\" src=\"http:\/\/edublog.educastur.es\/biohumphreys\/files\/2024\/03\/Captura-de-pantalla-2024-03-03-103018-1024x595.png\" alt=\"Esquema ilustrativo de los procesos de transcripci\u00f3n, replicaci\u00f3n y traducci\u00f3n, as\u00ed como las funciones del ADN, ARN y prote\u00ednas.\" width=\"647\" height=\"376\" srcset=\"https:\/\/edublog.educastur.es\/biohumphreys\/files\/2024\/03\/Captura-de-pantalla-2024-03-03-103018-1024x595.png 1024w, https:\/\/edublog.educastur.es\/biohumphreys\/files\/2024\/03\/Captura-de-pantalla-2024-03-03-103018-300x174.png 300w, https:\/\/edublog.educastur.es\/biohumphreys\/files\/2024\/03\/Captura-de-pantalla-2024-03-03-103018-768x446.png 768w, https:\/\/edublog.educastur.es\/biohumphreys\/files\/2024\/03\/Captura-de-pantalla-2024-03-03-103018-676x393.png 676w, https:\/\/edublog.educastur.es\/biohumphreys\/files\/2024\/03\/Captura-de-pantalla-2024-03-03-103018.png 1195w\" sizes=\"auto, (max-width: 647px) 100vw, 647px\" \/><p id=\"caption-attachment-314\" class=\"wp-caption-text\">Esquema ilustrativo de los procesos de transcripci\u00f3n, replicaci\u00f3n y traducci\u00f3n, as\u00ed como las funciones del ADN, ARN y prote\u00ednas.<\/p><\/div>\n<p style=\"text-align: justify\">En este proceso de transferencia de informaci\u00f3n gen\u00e9tica a prote\u00ednas, intervienen <strong>tres tipos de RNA<\/strong>:<\/p>\n<ul style=\"text-align: justify\">\n<li><strong>RNA mensajero (ARNm).<\/strong><\/li>\n<li><strong>RNA ribos\u00f3mico (ARNr).<\/strong><\/li>\n<li><strong>RNA transferente (ARNt). <\/strong><\/li>\n<li>Adem\u00e1s, en <strong>eucariotas encontramos dos tipos exclusivos, el ARN peque\u00f1o nuclear y el ARN heterog\u00e9neo nuclear<\/strong>. Esto es debido a que el <strong>ARNm de los eucariotas, en el proceso de transcripci\u00f3n, necesita madurar<\/strong>, eliminar unas secuencias \u201cintrusas\u201d o intrones.\n<ul>\n<li>Ese ARN todav\u00eda no madurado se llama <strong>ARN heterog\u00e9neo nuclear.<\/strong><\/li>\n<li>El ARN que favorece esa maduraci\u00f3n se llama <strong>ARN peque\u00f1o nuclear<\/strong> (elimina los intrones).<\/li>\n<\/ul>\n<\/li>\n<\/ul>\n<p style=\"text-align: justify\">Igualmente, tambi\u00e9n disponemos en nuestras c\u00e9lulas de unas mol\u00e9culas de <strong>ARN con funci\u00f3n catal\u00edtica<\/strong>, conocidos como <strong>ribozimas<\/strong>, cuyo descubrimiento le permiti\u00f3 a Cech y Altman hacerse con el Nobel en 1989.<\/p>\n<p style=\"text-align: justify\">Aunque el tema del ARN es fascinante y existen diferentes tipos, solo nos vamos a quedar con los b\u00e1sicos: ARNm, ARNr y ARNt.<\/p>\n<p style=\"text-align: center\">\n<!-- iframe plugin v.6.0 wordpress.org\/plugins\/iframe\/ -->\n<iframe loading=\"lazy\" width=\"90%\" height=\"315\" src=\"https:\/\/www.youtube.com\/embed\/FmY-t-3zIJ4?si=r3F4-wIfNFR694d3&#038;amp;clip=UgkxO6Zor8Wcpdy3WyaYZ-ZkWy1qi0pkCd4z&#038;amp;clipt=EMOzCRijiA0\" title=\"YouTube video player\" frameborder=\"0\" allow=\"accelerometer; autoplay; clipboard-write; encrypted-media; gyroscope; picture-in-picture; web-share\" 0=\"allowfullscreen&gt;&lt;\/iframe\" scrolling=\"yes\" class=\"iframe-class\"><\/iframe>\n<\/p>\n<h3 style=\"text-align: justify\">ARN MENSAJERO (ARNr)<\/h3>\n<p style=\"text-align: justify\">Es un <strong>ARN monohebra cuya secuencia nucleot\u00eddica es complementaria a cada gen o grupo de genes que vayan a expresarse.<\/strong><\/p>\n<p style=\"text-align: justify\">Como ya sabemos, <strong>su funci\u00f3n es copiar la informaci\u00f3n gen\u00e9tica del ADN en el proceso de la transcripci\u00f3n para, posteriormente, generar su prote\u00edna o polip\u00e9ptido respectivo en el proceso de la traducci\u00f3n.<\/strong><\/p>\n<p style=\"text-align: justify\">En procariotas, una mol\u00e9cula de ARN puede codificar para un \u00fanico polip\u00e9ptido (ARNm monocistr\u00f3nico) o para varios (ARNm policistr\u00f3nico).<\/p>\n<p style=\"text-align: justify\">En <strong>eucariotas son todos monocistr\u00f3nicos y adem\u00e1s sufren maduraci\u00f3n<\/strong>.<\/p>\n<p style=\"text-align: justify\">En <strong>la maduraci\u00f3n eucari\u00f3tica<\/strong>, como mencionamos, se deben de eliminar secuencias que no codifican para prote\u00ednas (intrones) y fusionar los exones (fragmentos que s\u00ed las codifican para).<\/p>\n<h3 style=\"text-align: justify\">ARN RIBOS\u00d3MICO<\/h3>\n<p style=\"text-align: justify\">Forma parte de los ribosomas y, por consiguiente, <strong>interviene en la s\u00edntesis de prote\u00ednas<\/strong>, al ser el <strong>lugar de uni\u00f3n entre el ARNm y el ARNt en el proceso de la traducci\u00f3n.\u00a0<\/strong><\/p>\n<p style=\"text-align: justify\">Se trata del ARN m\u00e1s abundante de todos, llegando a constituir el 80% de la c\u00e9lula.<\/p>\n<p style=\"text-align: justify\">Las c\u00e9lulas procariotas y eucariotas tienen cadenas de ARNr ligeramente distintas.<\/p>\n<p style=\"text-align: justify\">Los ARN ribos\u00f3micos se han venido clasificando tradicionalmente seg\u00fan su <strong>coeficiente de sedimentaci\u00f3n, medido en Svedbergs (S).<\/strong><\/p>\n<p style=\"text-align: justify\">Los ribosomas eucari\u00f3ticos y procari\u00f3ticos tienen un coeficiente de sedimentaci\u00f3n ligeramente distinto: 80 y 70 S, respectivamente. Los cuales pueden ser disociados en dos subunidades cada uno: 40 y 60 para el primero y 30 y 50 para el segundo. A su vez, pueden ser divididos en sus subunidades basales, por lo que podemos decir que en organismos procariotas existen tres ARNr distintos (5S, 16S y 23S) y en organismos eucariotas cuatro (5S, 5&#8217;8S, 18S y 28S).<\/p>\n<h3 style=\"text-align: justify\">ARN DE TRANSFERENCIA<\/h3>\n<p style=\"text-align: justify\">Las mol\u00e9culas de <strong>ARNt son los ARN de menor tama\u00f1o<\/strong> y representan el <strong>15% del ARN total<\/strong>.<\/p>\n<p style=\"text-align: justify\">Su funci\u00f3n ser\u00e1 el <strong>transporte y la conexi\u00f3n de cada amino\u00e1cido espec\u00edfico dictaminado la secuencia de bases del ARNm.<\/strong><\/p>\n<p style=\"text-align: justify\">Presentan algunas zonas con bases complementarias que <strong>forman estructuras secundarias en doble h\u00e9lice y la aparici\u00f3n de 4 bucles o brazos<\/strong>, dando la <strong>imagen de una hoja de tr\u00e9bol<\/strong> si se dispone en un plano, aunque en realidad forma una estructura tridimensional m\u00e1s compleja con forma de L invertida o \u201cboomerang\u201d.<\/p>\n<ul style=\"text-align: justify\">\n<li><strong>Brazo aceptor<\/strong> formado por el extremo 5&#8242; y el extremo 3&#8242;, donde se <strong>une con el amino\u00e1cido concreto y espec\u00edfico para ese ARNt<\/strong>.<\/li>\n<li><strong>El bucle (o brazo)T- gamma-C,<\/strong> que act\u00faa como lugar de reconocimiento del ribosoma.<\/li>\n<li>El <strong>bucle (o brazo)D,<\/strong> cuya secuencia es <strong>reconocida de manera espec\u00edfica por una de las veinte enzimas<\/strong>, llamadas aminoacil-ARNt sintetasas, encargadas de <strong>unir cada amino\u00e1cido con su correspondiente mol\u00e9cula de ARNt.<\/strong><\/li>\n<li>El <strong>bucle<\/strong> situado en el extremo del brazo largo del \u201cbumer\u00e1n\u201d, que contiene una secuencia de tres bases llamada <strong>anticod\u00f3n<\/strong>.<\/li>\n<\/ul>\n<p style=\"text-align: justify\">Cada ARNt \u00abcargado\u00bb con su correspondiente amino\u00e1cido se une al ARNm, mediante la regi\u00f3n del anticod\u00f3n, suponiendo la conexi\u00f3n entre la informaci\u00f3n copiada en el ARNm y los amino\u00e1cidos integrantes de las prote\u00ednas.<\/p>\n<div style=\"width: 466px\" class=\"wp-caption aligncenter\"><img loading=\"lazy\" decoding=\"async\" class=\"\" src=\"https:\/\/upload.wikimedia.org\/wikipedia\/commons\/5\/5e\/Anticodo_n.jpg\" alt=\"Estructura t\u00edpica de tr\u00e9bol del ARNt. Observamos c\u00f3mo en el sitio 3\u2019 se une el amino\u00e1cido espec\u00edfico y el extremo del anticod\u00f3n se une espec\u00edficamente a una secuencia de 3 bases del ARNm, suponiendo la conexi\u00f3n entre la secuencia de ribonucle\u00f3tidos y la de los amino\u00e1cidos integrantes de las prote\u00ednas.\" width=\"456\" height=\"548\" \/><p class=\"wp-caption-text\">Estructura t\u00edpica de tr\u00e9bol del ARNt. Observamos c\u00f3mo en el sitio 3\u2019 se une el amino\u00e1cido espec\u00edfico y el extremo del anticod\u00f3n se une espec\u00edficamente a una secuencia de 3 bases del ARNm, suponiendo la conexi\u00f3n entre la secuencia de ribonucle\u00f3tidos y la de los amino\u00e1cidos integrantes de las prote\u00ednas.<\/p><\/div>\n<p style=\"text-align: center\">\n<!-- iframe plugin v.6.0 wordpress.org\/plugins\/iframe\/ -->\n<iframe loading=\"lazy\" width=\"90%\" height=\"315\" src=\"https:\/\/www.youtube.com\/embed\/FmY-t-3zIJ4?si=BmdNLnvUCkyDM3Qs&#038;amp;clip=UgkxQ482vrtrttHmzmrwPym4aVhQCO-FR8Xy&#038;amp;clipt=EPiGDRiuhhA\" title=\"YouTube video player\" frameborder=\"0\" allow=\"accelerometer; autoplay; clipboard-write; encrypted-media; gyroscope; picture-in-picture; web-share\" 0=\"allowfullscreen&gt;&lt;\/iframe\" scrolling=\"yes\" class=\"iframe-class\"><\/iframe>\n<\/p>\n<p><!-- notionvc: d1cc74f8-d974-4d4f-9b48-5b0498ce7d23 --><\/p>\n","protected":false},"excerpt":{"rendered":"<p>El ARN es un pol\u00edmero de ribonucle\u00f3tidos unidos por enlace fosfodi\u00e9ster, que, como vimos anteriormente, tiene como base pirimid\u00ednica exclusiva el Uracilo y Ribosa como pentosa. Si bien puede constituir el material gen\u00e9tico de algunos virus, pudiendo ser de cadena simple o de cadena doble; tanto\u00a0en procariotas como en eucariotas est\u00e1 formado por una sola [&hellip;]<\/p>\n","protected":false},"author":3666,"featured_media":0,"parent":0,"menu_order":0,"comment_status":"closed","ping_status":"closed","template":"template-fullwidth.php","meta":{"footnotes":""},"class_list":["post-312","page","type-page","status-publish","hentry","post-preview"],"_links":{"self":[{"href":"https:\/\/edublog.educastur.es\/biohumphreys\/wp-json\/wp\/v2\/pages\/312","targetHints":{"allow":["GET"]}}],"collection":[{"href":"https:\/\/edublog.educastur.es\/biohumphreys\/wp-json\/wp\/v2\/pages"}],"about":[{"href":"https:\/\/edublog.educastur.es\/biohumphreys\/wp-json\/wp\/v2\/types\/page"}],"author":[{"embeddable":true,"href":"https:\/\/edublog.educastur.es\/biohumphreys\/wp-json\/wp\/v2\/users\/3666"}],"replies":[{"embeddable":true,"href":"https:\/\/edublog.educastur.es\/biohumphreys\/wp-json\/wp\/v2\/comments?post=312"}],"version-history":[{"count":4,"href":"https:\/\/edublog.educastur.es\/biohumphreys\/wp-json\/wp\/v2\/pages\/312\/revisions"}],"predecessor-version":[{"id":317,"href":"https:\/\/edublog.educastur.es\/biohumphreys\/wp-json\/wp\/v2\/pages\/312\/revisions\/317"}],"wp:attachment":[{"href":"https:\/\/edublog.educastur.es\/biohumphreys\/wp-json\/wp\/v2\/media?parent=312"}],"curies":[{"name":"wp","href":"https:\/\/api.w.org\/{rel}","templated":true}]}}