{"id":337,"date":"2024-03-06T13:21:54","date_gmt":"2024-03-06T12:21:54","guid":{"rendered":"https:\/\/edublog.educastur.es\/biohumphreys\/?page_id=337"},"modified":"2024-03-13T19:42:07","modified_gmt":"2024-03-13T18:42:07","slug":"mitosis","status":"publish","type":"page","link":"https:\/\/edublog.educastur.es\/biohumphreys\/mitosis\/","title":{"rendered":"MITOSIS"},"content":{"rendered":"<h3 style=\"text-align: center\">SIGNIFICADO BIOL\u00d3GICO DE LA MITOSIS<\/h3>\n<p style=\"text-align: justify\">Ocurre en los <strong>procesos som\u00e1ticos pluricelulares<\/strong>, es decir, en los\u00a0<strong>procesos no reproductivos<\/strong>, como la\u00a0<strong>cicatrizaci\u00f3n de una herida, el crecimiento de un ni\u00f1o o la reparaci\u00f3n de un da\u00f1o org\u00e1nico,\u00a0<\/strong>manteniendo el correcto funcionamiento de \u00f3rganos y tejidos.<\/p>\n<p style=\"text-align: justify\">No obstante, en\u00a0<strong>organismos unicelulares, s\u00ed que constituye un proceso reproductivo<\/strong>, ya que, como comprender\u00e9is, si el organismo es una c\u00e9lula, por la divisi\u00f3n,\u00a0<strong>produce dos c\u00e9lulas hijas<\/strong>.<\/p>\n<p style=\"text-align: justify\">En este tipo de divisi\u00f3n, observamos c\u00f3mo l<strong>as c\u00e9lulas hijas son id\u00e9nticas entre s\u00ed e id\u00e9nticas a la c\u00e9lula progenitora, manteniendo la misma cantidad de material gen\u00e9tico<\/strong>\u00a0(si la c\u00e9lula madre es diploide, es decir, tiene dos pares de cromosomas, las c\u00e9lulas hijas tambi\u00e9n lo ser\u00e1n).<\/p>\n<p style=\"text-align: justify\">Es interesante se\u00f1alar este tipo de gr\u00e1ficos, en los que observamos la cantidad de material gen\u00e9tico (ADN) a lo largo del ciclo celular (<em>ver la explicaci\u00f3n de la imagen para su descripci\u00f3n<\/em>):<\/p>\n<div style=\"width: 877px\" class=\"wp-caption aligncenter\"><img loading=\"lazy\" decoding=\"async\" title=\"https:\/\/www.biologiasur.org\/images\/stories\/Fotos\/ciclo_celular\/008.jpg\" src=\"https:\/\/www.biologiasur.org\/images\/stories\/Fotos\/ciclo_celular\/008.jpg\" alt=\"Variaci\u00f3n de la cantidad de ADN en el ciclo celular de una c\u00e9lula que sufre mitosis. Como podemos observar, se trata de una c\u00e9lula diploide (con dos cromosomas de cada tipo). En la fase S, el material gen\u00e9tico se duplica, como viene representado en esa pendiente, en la G2 se mantiene la cantidad de ADN duplicado y en la mitosis, al repartirse entre las c\u00e9lulas hijas, se divide a la mitad, volviendo a tener la cantidad de material gen\u00e9tico normal (diploide).\" width=\"867\" height=\"367\" \/><p class=\"wp-caption-text\">Variaci\u00f3n de la cantidad de ADN en el ciclo celular de una c\u00e9lula que sufre mitosis. Como podemos observar, se trata de una c\u00e9lula diploide (con dos cromosomas de cada tipo). En la fase S, el material gen\u00e9tico se duplica, como viene representado en esa pendiente, en la G2 se mantiene la cantidad de ADN duplicado y en la mitosis, al repartirse entre las c\u00e9lulas hijas, se divide a la mitad, volviendo a tener la cantidad de material gen\u00e9tico normal (diploide).<\/p><\/div>\n<p style=\"text-align: center\">\n<!-- iframe plugin v.6.0 wordpress.org\/plugins\/iframe\/ -->\n<iframe loading=\"lazy\" width=\"90%\" height=\"315\" src=\"https:\/\/www.youtube.com\/embed\/cgaTfeSxQeI?si=RdIk8jHuRaBrQtdx&#038;amp;start=28&#038;amp;clip=UgkxopsUW1X1O5FsAERY2hcLCvnrwzIxs3Oq&#038;amp;clipt=EOzrEhjo4hQ\" title=\"YouTube video player\" frameborder=\"0\" allow=\"accelerometer; autoplay; clipboard-write; encrypted-media; gyroscope; picture-in-picture; web-share\" 0=\"allowfullscreen&gt;&lt;\/iframe\" scrolling=\"yes\" class=\"iframe-class\"><\/iframe>\n<\/p>\n<ul>\n<li style=\"list-style-type: none\">\n<h3 style=\"text-align: center\">DIVISI\u00d3N MIT\u00d3TICA<\/h3>\n<\/li>\n<\/ul>\n<p style=\"text-align: justify\">Durante la mitosis, los cromosomas, previamente replicados en la fase S de la interfase, se <strong>condensan<\/strong>, la <strong>envoltura nuclear desaparece<\/strong> y cada <strong>cromosoma realiza unos movimientos que dan lugar a la separaci\u00f3n de las crom\u00e1tidas<\/strong>, para lo cual es fundamental la<strong> existencia de un aparato mit\u00f3tico constituido por elementos citoesquel\u00e9ticos<\/strong>, fundamentalmente <strong>microt\u00fabulos<\/strong>.<\/p>\n<p style=\"text-align: justify\">Estos <strong>microt\u00fabulos emerger\u00e1n desde el centrosoma en c\u00e9lulas animales y del Centro amorfo Organizador de Microt\u00fabulos (COM) en c\u00e9lulas vegetales<\/strong>, ya que, como sab\u00e9is, el centrosoma es exclusivo de las c\u00e9lulas eucariotas animales.<\/p>\n<p style=\"text-align: justify\">La <strong>mitosis es un proceso que la c\u00e9lula realiza de manera continua<\/strong>, si bien, con fines did\u00e1cticos, <strong>se ha dividido en cuatro fases para explicar mejor<\/strong> los cambios por los que pasa la c\u00e9lula hasta la aparici\u00f3n de los dos nuevos n\u00facleos: <strong><span style=\"color: #ff0000\">Profase<\/span>, <span style=\"color: #993300\">Metafase<\/span>, <span style=\"color: #ff00ff\">Anafase<\/span> y <span style=\"color: #0000ff\">Telofase<\/span>.<\/strong><\/p>\n<p>S\u00ed, acordarse de estos nombrecitos puede ser dif\u00edcil cuando estamos con unas pulsaciones muy altas en el examen, as\u00ed que acu\u00e9rdate de la siguiente <span style=\"text-decoration: underline\"><strong>regla mnemot\u00e9cnica: \u00ab<span style=\"color: #ff0000;text-decoration: underline\">PRO<\/span><span style=\"color: #993300;text-decoration: underline\">METO<\/span>\u00a0a <span style=\"color: #ff00ff;text-decoration: underline\">ANA<\/span> ver la <span style=\"color: #0000ff;text-decoration: underline\">TELE<\/span>\u00ab.<\/strong><\/span><\/p>\n<div style=\"width: 1060px\" class=\"wp-caption aligncenter\"><img loading=\"lazy\" decoding=\"async\" title=\"Steffen Dietzel, CC BY 2.5 &lt;https:\/\/creativecommons.org\/licenses\/by\/2.5&gt;, via Wikimedia Commons\" src=\"https:\/\/upload.wikimedia.org\/wikipedia\/commons\/4\/49\/Mitosepanel-gl.jpg\" alt=\"Microfotograf\u00eda en la que se observan las fases de la mitosis. La interfase en la que la cromatina se encuentra dispersa por todo el n\u00facleo; la profase en la que se comienza a condensar; la metafase disponi\u00e9ndose en el plano ecuatorial de la c\u00e9lula los cromosomas; la anafase en la que separan las crom\u00e1tidas y la telofase en el que se dividen las dos c\u00e9lulas.\" width=\"1050\" height=\"246\" \/><p class=\"wp-caption-text\">Microfotograf\u00eda en la que se observan las fases de la mitosis. La interfase en la que la cromatina se encuentra dispersa por todo el n\u00facleo; la profase en la que se comienza a condensar; la metafase disponi\u00e9ndose en el plano ecuatorial de la c\u00e9lula los cromosomas; la anafase en la que separan las crom\u00e1tidas y la telofase en el que se dividen las dos c\u00e9lulas.<\/p><\/div>\n<h5 style=\"text-align: center\"><span style=\"color: #ff0000\">PROFASE<\/span><\/h5>\n<p>En esta fase ocurre lo siguiente:<\/p>\n<ol>\n<li>La <strong>cromatina comienza a condensarse<\/strong>, de manera que los cromosomas van haci\u00e9ndose visibles.<\/li>\n<li>Se produce la <strong>desaparici\u00f3n paulatina del nucleolo<\/strong>.<\/li>\n<li>Los <strong>cromosomas migran a la periferia nuclear<\/strong>, es decir, a la proximidad de la membrana nuclear.<\/li>\n<li>Los dos <strong>centrosomas van, poco a poco, desplaz\u00e1ndose hacia los polos celulares, uno a cada polo opuesto.<\/strong><\/li>\n<li>Finalmente, ocurre lo conocido como <span style=\"text-decoration: underline\"><strong>prometafase<\/strong><\/span>:en la que la <strong>envoltura nuclear se fragmenta, desapareciendo, <\/strong>y se <strong>produce la formaci\u00f3n de los cinet\u00f3coros<\/strong> que quedan unidos a los microt\u00fabulos del huso.<\/li>\n<\/ol>\n<div style=\"width: 483px\" class=\"wp-caption aligncenter\"><img loading=\"lazy\" decoding=\"async\" title=\"Leomonaci98, CC BY-SA 4.0 &lt;https:\/\/creativecommons.org\/licenses\/by-sa\/4.0&gt;, via Wikimedia Commons\" src=\"https:\/\/upload.wikimedia.org\/wikipedia\/commons\/9\/99\/Profase.png\" alt=\"Metafase. La cromatina comienza a condensarse, as\u00ed como la envoltura nuclear desaparece y los centrosomas migran a cada polo.\" width=\"473\" height=\"473\" \/><p class=\"wp-caption-text\">Metafase. La cromatina comienza a condensarse, as\u00ed como la envoltura nuclear desaparece y los centrosomas migran a cada polo.<\/p><\/div>\n<h5 style=\"text-align: center\"><span style=\"color: #993300\">METAFASE<\/span><\/h5>\n<p>Aqu\u00ed, los <strong>cromosomas alcanzan su m\u00e1ximo grado de empaquetamiento<\/strong> y quedan <strong>dispuestos de manera que todos los centr\u00f3meros se localizan en el plano ecuatorial<\/strong> de la c\u00e9lula, formando <span style=\"text-decoration: underline\"><strong>la placa metaf\u00e1sica<\/strong><\/span>.<\/p>\n<div style=\"width: 386px\" class=\"wp-caption aligncenter\"><img loading=\"lazy\" decoding=\"async\" title=\"Leomonaci98, CC BY-SA 4.0 &lt;https:\/\/creativecommons.org\/licenses\/by-sa\/4.0&gt;, via Wikimedia Commons\" src=\"https:\/\/upload.wikimedia.org\/wikipedia\/commons\/d\/dc\/Metafase.png\" alt=\"Metafase. Los cromosomas, alcanzando su m\u00e1ximo grado de condensaci\u00f3n, se sit\u00faan en la placa ecuatorial de la c\u00e9lula. \" width=\"376\" height=\"376\" \/><p class=\"wp-caption-text\">Metafase. Los cromosomas, alcanzando su m\u00e1ximo grado de condensaci\u00f3n, se sit\u00faan en la placa ecuatorial de la c\u00e9lula.<\/p><\/div>\n<h5 style=\"text-align: center\"><span style=\"color: #ff00ff\">ANAFASE<\/span><\/h5>\n<p>Comienza con la separaci\u00f3n de los cinetocoros de cada cromosoma, con lo que <strong>cada crom\u00e1tida es arrastrada hacia uno de los polos del huso.<\/strong><\/p>\n<p>Este movimiento es el resultado de un desensamblado o despolimerizaci\u00f3n de los microt\u00fabulos cinetoc\u00f3ricos que traccionan los cromosomas hacia los polos.<\/p>\n<p>Al desplazarse cada crom\u00e1tida, sus <strong>brazos se retrasan formando estructuras en \u00abV\u00bb<\/strong>\u00a0con los v\u00e9rtices dirigidos hacia los polos.<\/p>\n<div style=\"width: 546px\" class=\"wp-caption aligncenter\"><img loading=\"lazy\" decoding=\"async\" title=\"Leomonaci98, CC BY-SA 4.0 &lt;https:\/\/creativecommons.org\/licenses\/by-sa\/4.0&gt;, via Wikimedia Commons\" src=\"https:\/\/upload.wikimedia.org\/wikipedia\/commons\/3\/34\/Anafase.png\" alt=\"Anafase. Se observa c\u00f3mo los cromosomas se rompen a nivel de centr\u00f3mero, separ\u00e1ndose las crom\u00e1tidas y migrando a cada polo celular.\" width=\"536\" height=\"294\" \/><p class=\"wp-caption-text\">Anafase. Se observa c\u00f3mo los cromosomas se rompen a nivel de centr\u00f3mero, separ\u00e1ndose las crom\u00e1tidas y migrando a cada polo celular.<\/p><\/div>\n<h5 style=\"text-align: center\"><span style=\"color: #0000ff\">TELOFASE<\/span><\/h5>\n<p>Desaparecen los microt\u00fabulos cinetoc\u00f3ricos y los polares se alargan a\u00fan m\u00e1s separando los dos polos de la c\u00e9lula.<\/p>\n<p>Comienza la <strong>descondensaci\u00f3n de los cromosomas<\/strong> y las<strong> masas de cromatina se rodean de una nueva envoltura nuclear<\/strong> resultado de la fusi\u00f3n de las ves\u00edculas de ret\u00edculo.<\/p>\n<p>Igualmente, los <strong>nucleolos aparecen de nuevo<\/strong>.<\/p>\n<p><!-- notionvc: cb233a39-c4ff-46a7-bd50-8f463c35ad54 --><\/p>\n<p style=\"text-align: justify\">Posteriormente, en la mayor\u00eda de las c\u00e9lulas ocurrir\u00e1 la <strong>citocinesis<\/strong>, separ\u00e1ndose <strong>dos c\u00e9lulas hijas con id\u00e9ntica dotaci\u00f3n cromos\u00f3mica e id\u00e9ntica a la c\u00e9lula madre.<\/strong><\/p>\n<div style=\"width: 630px\" class=\"wp-caption aligncenter\"><img loading=\"lazy\" decoding=\"async\" title=\"Leomonaci98, CC BY-SA 4.0 &lt;https:\/\/creativecommons.org\/licenses\/by-sa\/4.0&gt;, via Wikimedia Commons\" src=\"https:\/\/upload.wikimedia.org\/wikipedia\/commons\/9\/96\/Telofase.png\" alt=\"Diagrama de la telofase. Como se observa, se separan los dos polos de la c\u00e9lula, comienza la descondensaci\u00f3n de los cromosomas y las masas de cromatina se rodean de una nueva envoltura nuclear resultado de la fusi\u00f3n de las ves\u00edculas de ret\u00edculo.\" width=\"620\" height=\"340\" \/><p class=\"wp-caption-text\">Diagrama de la telofase. Como se observa, se separan los dos polos de la c\u00e9lula, comienza la descondensaci\u00f3n de los cromosomas y las masas de cromatina se rodean de una nueva envoltura nuclear resultado de la fusi\u00f3n de las ves\u00edculas de ret\u00edculo.<\/p><\/div>\n<p style=\"text-align: center\">\n<!-- iframe plugin v.6.0 wordpress.org\/plugins\/iframe\/ -->\n<iframe loading=\"lazy\" width=\"90%\" height=\"315\" src=\"https:\/\/www.youtube.com\/embed\/cgaTfeSxQeI?si=YpcGN0n3-mcpkMgx&#038;amp;start=28&#038;end=263\" title=\"YouTube video player\" frameborder=\"0\" allow=\"accelerometer; autoplay; clipboard-write; encrypted-media; gyroscope; picture-in-picture; web-share\" 0=\"allowfullscreen&gt;&lt;\/iframe\" scrolling=\"yes\" class=\"iframe-class\"><\/iframe>\n<\/p>\n","protected":false},"excerpt":{"rendered":"<p>SIGNIFICADO BIOL\u00d3GICO DE LA MITOSIS Ocurre en los procesos som\u00e1ticos pluricelulares, es decir, en los\u00a0procesos no reproductivos, como la\u00a0cicatrizaci\u00f3n de una herida, el crecimiento de un ni\u00f1o o la reparaci\u00f3n de un da\u00f1o org\u00e1nico,\u00a0manteniendo el correcto funcionamiento de \u00f3rganos y tejidos. No obstante, en\u00a0organismos unicelulares, s\u00ed que constituye un proceso reproductivo, ya que, como comprender\u00e9is, [&hellip;]<\/p>\n","protected":false},"author":3666,"featured_media":0,"parent":0,"menu_order":0,"comment_status":"closed","ping_status":"closed","template":"template-fullwidth.php","meta":{"footnotes":""},"class_list":["post-337","page","type-page","status-publish","hentry","post-preview"],"_links":{"self":[{"href":"https:\/\/edublog.educastur.es\/biohumphreys\/wp-json\/wp\/v2\/pages\/337","targetHints":{"allow":["GET"]}}],"collection":[{"href":"https:\/\/edublog.educastur.es\/biohumphreys\/wp-json\/wp\/v2\/pages"}],"about":[{"href":"https:\/\/edublog.educastur.es\/biohumphreys\/wp-json\/wp\/v2\/types\/page"}],"author":[{"embeddable":true,"href":"https:\/\/edublog.educastur.es\/biohumphreys\/wp-json\/wp\/v2\/users\/3666"}],"replies":[{"embeddable":true,"href":"https:\/\/edublog.educastur.es\/biohumphreys\/wp-json\/wp\/v2\/comments?post=337"}],"version-history":[{"count":8,"href":"https:\/\/edublog.educastur.es\/biohumphreys\/wp-json\/wp\/v2\/pages\/337\/revisions"}],"predecessor-version":[{"id":401,"href":"https:\/\/edublog.educastur.es\/biohumphreys\/wp-json\/wp\/v2\/pages\/337\/revisions\/401"}],"wp:attachment":[{"href":"https:\/\/edublog.educastur.es\/biohumphreys\/wp-json\/wp\/v2\/media?parent=337"}],"curies":[{"name":"wp","href":"https:\/\/api.w.org\/{rel}","templated":true}]}}