{"id":436,"date":"2024-04-04T09:57:13","date_gmt":"2024-04-04T07:57:13","guid":{"rendered":"https:\/\/edublog.educastur.es\/biohumphreys\/?page_id=436"},"modified":"2024-04-05T18:17:40","modified_gmt":"2024-04-05T16:17:40","slug":"codigo-genetico-teoria-y-resolucion-de-problemas","status":"publish","type":"page","link":"https:\/\/edublog.educastur.es\/biohumphreys\/codigo-genetico-teoria-y-resolucion-de-problemas\/","title":{"rendered":"C\u00d3DIGO GEN\u00c9TICO: TEOR\u00cdA Y RESOLUCI\u00d3N DE PROBLEMAS"},"content":{"rendered":"<p style=\"text-align: justify\">El c\u00f3digo gen\u00e9tico es la relaci\u00f3n entre la secuencia de nucle\u00f3tidos del ARNm y la secuencia de amino\u00e1cidos de una prote\u00edna.<\/p>\n<p style=\"text-align: justify\">La conexi\u00f3n que se establece es a trav\u00e9s de s<strong>ecuencias de tres bases del ARNm, conocida como cod\u00f3n<\/strong>, las cuales van a ser <strong>reconocidas por el anticod\u00f3n, otra secuencia de 3 bases complementarias, pero del ARNt.<\/strong><\/p>\n<p style=\"text-align: justify\">As\u00ed, el ARNt tiene un amino\u00e1cido espec\u00edfico para esa secuencia, produci\u00e9ndose, as\u00ed, el v\u00ednculo entre el cod\u00f3n del ARNm y el amino\u00e1cido espec\u00edfico.<\/p>\n<p style=\"text-align: justify\">Existen <strong>61 codones codificadores de amino\u00e1cidos y tres que se\u00f1alan el final del mensaje y no especifican ning\u00fan amino\u00e1cido (UAA, UAG y UGA).<\/strong> Por su parte, <strong>el cod\u00f3n AUG, adem\u00e1s de codificar para metionina, es la se\u00f1al de comienzo de la s\u00edntesis.<\/strong><\/p>\n<p style=\"text-align: justify\">Este c\u00f3digo gen\u00e9tico presenta algunas caracter\u00edsticas como:<\/p>\n<ul style=\"text-align: justify\">\n<li>Es <strong>universal<\/strong>: es el mismo para todas las c\u00e9lulas de todas las especies y ha permanecido invariable a lo largo de miles de millones de a\u00f1os de evoluci\u00f3n. Solo se han encontrado excepciones a esta universalidad en las mitocondrias, en algunos protistas ciliados y en micoplasmas.<\/li>\n<li>Es <strong>degenerado<\/strong>: un amino\u00e1cido puede estar codificado por m\u00e1s de un cod\u00f3n.<\/li>\n<li><strong>Espec\u00edfico<\/strong>: ning\u00fan cod\u00f3n codifica m\u00e1s de un amino\u00e1cido.<\/li>\n<li>No <strong>hay espacios, separaciones o solapamiento<\/strong>s entre los sucesivos codones.<\/li>\n<\/ul>\n<p style=\"text-align: justify\">Con todo ello, el c\u00f3digo gen\u00e9tico viene indicado en la siguiente tabla:<\/p>\n<div style=\"width: 694px\" class=\"wp-caption aligncenter\"><img loading=\"lazy\" decoding=\"async\" class=\"\" src=\"https:\/\/upload.wikimedia.org\/wikipedia\/commons\/thumb\/8\/8a\/Genetic_Code.png\/936px-Genetic_Code.png?20180815152224\" alt=\"C\u00f3digo gen\u00e9tico. En esta tabla se puede encontrar la equivalencia entre las secuencias de 3 bases nitrogenadas del ARNm (cod\u00f3n) y el amino\u00e1cido espec\u00edfico para esa secuencia.\" width=\"684\" height=\"657\" \/><p class=\"wp-caption-text\">C\u00f3digo gen\u00e9tico. En esta tabla se puede encontrar la equivalencia entre las secuencias de 3 bases nitrogenadas del ARNm (cod\u00f3n) y el amino\u00e1cido espec\u00edfico para esa secuencia.<\/p><\/div>\n<p style=\"text-align: center\">\n<!-- iframe plugin v.6.0 wordpress.org\/plugins\/iframe\/ -->\n<iframe loading=\"lazy\" width=\"90%\" height=\"315\" src=\"https:\/\/www.youtube.com\/embed\/ND1Lz0-u6fg?si=ke-Bmi5CBIMkQlr6&#038;amp;start=36&#038;end=182\" title=\"YouTube video player\" frameborder=\"0\" allow=\"accelerometer; autoplay; clipboard-write; encrypted-media; gyroscope; picture-in-picture; web-share\" referrerpolicy=\"strict-origin-when-cross-origin\" 0=\"allowfullscreen&gt;&lt;\/iframe\" scrolling=\"yes\" class=\"iframe-class\"><\/iframe>\n<\/p>\n<h2 style=\"text-align: center\">RESOLUCI\u00d3N DE PROBLEMAS PR\u00c1CTICOS DE REPLICACI\u00d3N<\/h2>\n<p style=\"text-align: justify\">Aunque la mayor\u00eda de preguntas de la replicaci\u00f3n suelen estar relacionadas con la teor\u00eda, bastando el respectivo estudio de la entrada espec\u00edfica de la <a href=\"https:\/\/edublog.educastur.es\/biohumphreys\/replicacion-del-adn\/\">Replicaci\u00f3n en este blog<\/a> para su correcto desempe\u00f1o, puede haber problemas pr\u00e1cticos en los que es necesario conocer los siguientes puntos:<\/p>\n<ul style=\"text-align: justify\">\n<li><strong>Las cadenas de ADN son antiparalelas<\/strong>, es decir, el extremo 5\u00b4de una de ellas se opone al extremo de 3\u00b4de la complementaria.<\/li>\n<li><strong>Ambas hebras son complementarias<\/strong>, es decir, sus bases nitrogenadas se aparean en funci\u00f3n a la siguiente relaci\u00f3n:\n<ul>\n<li>Adenina empareja con Timina y viceversa.<\/li>\n<li>Guanina empareja con Citosina y al rev\u00e9s.<\/li>\n<\/ul>\n<\/li>\n<\/ul>\n<p style=\"text-align: justify\"><strong><span style=\"color: #ff0000\">Con ello, imaginemos el siguiente problema, si la hebra codificante de un oligonucle\u00f3tido de DNA es la siguiente:<\/span><\/strong><\/p>\n<p style=\"text-align: center\"><strong><span style=\"color: #ff0000\">5\u2019 \u2013 ATTAGCCGAATGATT \u2013 3\u2019<\/span><\/strong><\/p>\n<p style=\"text-align: justify\"><strong><span style=\"color: #ff0000\">\u00bfCu\u00e1l es la secuencia de su complementaria?<\/span><\/strong><\/p>\n<p style=\"text-align: justify\"><strong><span style=\"color: #3366ff\">Teniendo en consideraci\u00f3n lo expuesto anteriormente, desarrollaremos una hebra orientada de 3\u00b4a 5\u00b4, ya que ambas cadenas son antiparalelas, siguiendo la complementariedad y equivalencia de las bases citada.<\/span><\/strong><\/p>\n<p style=\"text-align: justify\"><strong>Cadena que nos dan \u2192\u00a0 \u00a0 5\u2019 \u2013 A T T A G C C G A A T G A T T \u2013 3\u2019<\/strong><\/p>\n<p style=\"text-align: justify\"><strong><span style=\"color: #0000ff\">Cadena que nos piden\u2192 3\u00b4\u2013 T A A T C G G C T T A C T A A \u2013 5\u00b4<\/span><\/strong><\/p>\n<h2 style=\"text-align: center\">RESOLUCI\u00d3N DE PROBLEMAS PR\u00c1CTICOS DE TRANSCRIPCI\u00d3N<\/h2>\n<p style=\"text-align: justify\"><a href=\"https:\/\/edublog.educastur.es\/biohumphreys\/transcripcion-el-paso-de-adn-a-arn\/\">Como vimos en otras entradas del blog<\/a>, la transcripci\u00f3n es el <strong>paso de la informaci\u00f3n gen\u00e9tica respectiva a un gen o conjunto de genes de ADN a ARN mensajero (ARNm)<\/strong>. Por consiguiente, traspasamos un c\u00f3digo de desoxirribonucle\u00f3tidos a ribonucle\u00f3tidos.<\/p>\n<p style=\"text-align: justify\">Asimismo, debemos de tener en cuenta lo siguiente:<\/p>\n<ul style=\"text-align: justify\">\n<li><strong>Solo se transcribe una de las dos cadenas de ADN, la denominada hebra molde, con sentido o no codificante.<\/strong> La hebra codificante o sin sentido no se transcribe.<\/li>\n<li>Una vez que sabemos cu\u00e1l es la hebra molde, transcribiremos la informaci\u00f3n teniendo en cuenta que <strong>ambas cadenas son antiparalelas<\/strong>, es decir, que el <strong>extremo 5\u00b4 del ADN se opone al 3\u00b4del ARNm.<\/strong><\/li>\n<li>Al estar hablando de ribonucle\u00f3tidos, la complementariedad es la siguiente:\n<ul>\n<li><span style=\"text-decoration: underline;color: #ff0000\"><strong>Adenina empareja con Uracilo y viceversa<\/strong><\/span>. Esta es la diferencia notable, no sab\u00e9is cuantos ex\u00e1menes he corregido con este fallo.<\/li>\n<li>Citosina se complementa con Guanina y su inverso, es decir, como el caso del ADN.<\/li>\n<\/ul>\n<\/li>\n<\/ul>\n<p style=\"text-align: justify\"><strong><span style=\"color: #ff0000\">Una vez expuestas las bases para el correcto desempe\u00f1o de los ejercicios, intentemos resolver el siguiente problema, observa el siguiente segmento de ADN:<\/span><\/strong><\/p>\n<p style=\"text-align: center\"><strong><span style=\"color: #ff0000\">5\u2019 G C T T C C C A A 3\u2019<\/span><\/strong><br \/>\n<strong><span style=\"color: #ff0000\">3\u2019 C G A A G G G T T 5\u2019<\/span><\/strong><\/p>\n<p><strong><span style=\"color: #ff0000\">a) Escribe la mol\u00e9cula de ARN que se transcribir\u00eda a partir de este segmento. Considera que la ARN polimerasa usa la hebra superior como molde cuando va a sintetizar ARN.<\/span><\/strong><\/p>\n<p><strong><span style=\"color: #3366ff\">Ya sabemos cu\u00e1l es la cadena molde, puesto que nos dice que la ARN polimerasa utiliza la \u00ab<em>hebra superior<\/em>\u00bb como tal. Por consiguiente, vamos a realizar la complementaria, en forma de ARN de la cadena de ADN orientada de 5\u00b4\u21923\u00b4:<\/span><\/strong><\/p>\n<p style=\"text-align: center\"><strong><span style=\"color: #000000\">ADN: 5\u2019 G C T T C C C A A 3\u2019<\/span><\/strong><\/p>\n<p style=\"text-align: center\"><strong><span style=\"color: #3366ff\">ARN: 3\u00b4 C G A A G G G U U 5\u00b4<\/span><\/strong><\/p>\n<p><strong><span style=\"color: #3366ff\">A m\u00ed, personalmente, me gusta ordenar el ARNm que transcribo en posici\u00f3n 5\u00b4\u21923\u00b4, porque luego, normalmente, siempre te hacen preguntas sobre la traducci\u00f3n, pasando dicho c\u00f3digo de ARN al de amino\u00e1cidos. Por ello, al orientarlo como menciono, ya lo tenemos ordenado para la equivalencia entre codones y amino\u00e1cidos, si no habr\u00eda que leerlo al rev\u00e9s.<\/span><\/strong><\/p>\n<p><strong><span style=\"color: #3366ff\">Adem\u00e1s, lo correcto ser\u00eda disponerlo como digo, ya que, como recordar\u00e9is, la ARN Polimerasa lee la cadena molde de ADN en sentido 3\u00b4\u21925\u00b4, sintetizando ese ARNm con orientaci\u00f3n 5\u00b4\u21923\u00b4.<\/span><\/strong><\/p>\n<p><strong><span style=\"color: #3366ff\">As\u00ed quedar\u00eda: 5\u2019 U U G G G A A G C 3\u2019\u00a0<\/span><\/strong><\/p>\n<h2 style=\"text-align: center\">RESOLUCI\u00d3N DE PROBLEMAS PR\u00c1CTICOS DE TRADUCCI\u00d3N<\/h2>\n<p>La traducci\u00f3n es el paso de la secuencia de bases del ARN mensajero (ARNm) a la cadena de amino\u00e1cidos integrantes de los p\u00e9ptidos o prote\u00ednas.<\/p>\n<p>Aunque tambi\u00e9n hay preguntas te\u00f3ricas que ser\u00edan f\u00e1ciles si nos basamos en la i<a href=\"https:\/\/edublog.educastur.es\/biohumphreys\/traduccion\/\">nformaci\u00f3n depositada en la respectiva entrada del Blog,<\/a> suelen hacer problemas relacionados con un aspecto m\u00e1s pr\u00e1ctico que suelen dar lata. Por ello, debemos de tener en mente lo siguiente:<\/p>\n<ul>\n<li>La e<strong>quivalencia entre las bases de ARNm y la secuencia de amino\u00e1cidos<\/strong> se realiza a trav\u00e9s de conjuntos de <strong>tres bases nitrogenadas conocidos como cod\u00f3n.<\/strong><\/li>\n<li><strong>Los codones del ARNm son le\u00eddos de direcci\u00f3n 5\u00b4\u21923\u00b4<\/strong>. Por eso os dije que en los problemas de transcripci\u00f3n era mejor que orientarais as\u00ed la cadena.<\/li>\n<li>La <strong>secuencia de amino\u00e1cidos se crea desde el extremo N-terminal (amino) hasta el C-terminal (carboxilo)<\/strong>. Es decir, el primer cod\u00f3n le\u00eddo, el posicionado en el extremo 5\u00b4se corresponde con el amino\u00e1cido del extremo N-terminal de la prote\u00edna.<\/li>\n<li>Para saber dicha <strong>equivalencia es necesario recurrir a tablas<\/strong> como la que aparece m\u00e1s arriba en esta entrada, aunque tambi\u00e9n nos pueden dar la informaci\u00f3n en forma m\u00e1s esquem\u00e1tica y compleja, como esta:\n<p><div style=\"width: 558px\" class=\"wp-caption aligncenter\"><img loading=\"lazy\" decoding=\"async\" class=\"\" src=\"https:\/\/upload.wikimedia.org\/wikipedia\/commons\/thumb\/7\/70\/Aminoacids_table.svg\/1200px-Aminoacids_table.svg.png\" alt=\"C\u00f3digo gen\u00e9tico. Como pod\u00e9is ver, este tipo de diagrama es m\u00e1s complejo. Para su interpretaci\u00f3n debemos de leerlo del interior hacia el exterior. As\u00ed, como sab\u00e9is, leemos el cod\u00f3n de 5\u00b4a 3\u00b4. Por ejemplo, si cogemos la letra G (la del centro), con la A (en el medio) y la C (en amarillo, al final y peque\u00f1a), tenemos el cod\u00f3n GAC, que corresponde con el amino\u00e1cido Aspartato (Asp-D).\" width=\"548\" height=\"540\" \/><p class=\"wp-caption-text\">C\u00f3digo gen\u00e9tico. Como pod\u00e9is ver, este tipo de diagrama es m\u00e1s complejo. Para su interpretaci\u00f3n debemos de leerlo del interior hacia el exterior. As\u00ed, como sab\u00e9is, leemos el cod\u00f3n de 5\u00b4a 3\u00b4. Por ejemplo, si cogemos la letra G (la del centro), con la A (en el medio) y la C (en amarillo, al final y peque\u00f1a), tenemos el cod\u00f3n GAC, que corresponde con el amino\u00e1cido Aspartato (Asp-D).<\/p><\/div><\/li>\n<li>Como encontr\u00e1is en el diagrama y en la tabla superior, el <strong>cod\u00f3n AUG corresponde, adem\u00e1s de la Metionina, a la secuencia de iniciaci\u00f3n<\/strong>; mientras que los <strong>codones UAA, UAG y UGA indican una secuencia de terminaci\u00f3n<\/strong>.<\/li>\n<\/ul>\n<p>Ahora, con estas nociones b\u00e1sicas, vamos a realizar el siguiente problema:<\/p>\n<p style=\"text-align: left\"><span style=\"color: #ff0000\"><strong>Un fragmento de ADN presenta la siguiente secuencia de bases:<\/strong><\/span><\/p>\n<p style=\"text-align: center\"><span style=\"color: #ff0000\"><strong>5\u2019\u2026 TTCGTTACACCCGCCTCTGGTGCA\u20263\u2019<\/strong><\/span><br \/>\n<span style=\"color: #ff0000\"><strong>3\u00b4\u2026 AAGCAATGTGGGCGGAGACCACGT\u2026 5\u00b4<\/strong><\/span><\/p>\n<p style=\"text-align: justify\"><span style=\"color: #ff0000\"><strong>Utilizando como molde la hebra correspondiente, tras su expresi\u00f3n da lugar a un fragmento de prote\u00edna con la siguiente secuencia de amino\u00e1cidos:\u00a0<\/strong><\/span><\/p>\n<p style=\"text-align: center\"><span style=\"color: #ff0000\"><strong>N-terminal- Phe-Val-Thr-Pro-Ala-Ser-Gly-Ala- C-terminal<\/strong><\/span><\/p>\n<p style=\"text-align: justify\"><span style=\"color: #ff0000\"><strong>a) \u00bfCu\u00e1l ser\u00eda el fragmento correspondiente al ARN mensajero?<\/strong><\/span><\/p>\n<p><strong><span style=\"color: #3366ff\">El primer amino\u00e1cido, es decir, el del extremo N-terminal es la Fenilalanina (Phe), que seg\u00fan el c\u00f3digo gen\u00e9tico que aparece m\u00e1s arriba, corresponde a los siguientes codones en forma de ARNm: UUU o UUC.<\/span><\/strong><\/p>\n<p><strong><span style=\"color: #3366ff\">\u00bfAhora bien, qu\u00e9 cadena de ADN debo de seleccionar?<\/span><\/strong><\/p>\n<p><strong><span style=\"color: #3366ff\">S\u00e9 que debo encontrar una secuencia de ARNm en cuyo extremo 5\u00b4se encuentre la secuencia UUU o UUC, por consiguiente, vamos a transcribir ambas hebras y a ver qu\u00e9 nos encontramos:<\/span><\/strong><\/p>\n<h5 style=\"text-align: center\"><strong><span style=\"color: #3366ff\">1\u00aa PRUEBA<\/span><\/strong><\/h5>\n<ul>\n<li><strong><span style=\"color: #3366ff\">1\u00aa Cadena de ADN:\u00a0 \u00a0 \u00a0 \u00a0 \u00a0 \u00a0 \u00a0 \u00a0 \u00a0 \u00a0 \u00a0 \u00a0 \u00a0 \u00a0 \u00a0 \u00a0 \u00a0 \u00a0 \u00a0 \u00a0 \u00a05\u2019\u2026 TTC GTT ACA CCC GCC TCT GGT GCA\u20263\u2019<\/span><\/strong><\/li>\n<li><strong><span style=\"color: #3366ff\">Cadena de ARNm complementaria:\u00a0 \u00a0 \u00a03\u00b4&#8230;AAG CAA UGU GGG CGG AGA CCA CGU&#8230;5\u00b4<\/span><\/strong><\/li>\n<\/ul>\n<h5 style=\"text-align: center\"><strong><span style=\"color: #3366ff\">2\u00aa PRUEBA<\/span><\/strong><\/h5>\n<ul>\n<li><strong><span style=\"color: #3366ff\">2\u00aa Cadena de ADN:\u00a0 \u00a0 \u00a0 \u00a0 \u00a0 \u00a0 \u00a0 \u00a0 \u00a0 \u00a0 \u00a0 \u00a0 \u00a0 \u00a0 \u00a0 \u00a0 \u00a0 \u00a0 \u00a0 \u00a0 \u00a03\u00b4\u2026 AAG CAA TGT GGG CGG AGA CCA CGT\u2026 5\u00b4<\/span><\/strong><\/li>\n<li><strong><span style=\"color: #3366ff\">Cadena de ARNm complementaria:\u00a0 \u00a0 \u00a05\u2019\u2026 UUC GUU ACA CCC GCC UCU GGU GCA\u20263\u2019<\/span><\/strong><\/li>\n<\/ul>\n<h5 style=\"text-align: center\"><strong><span style=\"color: #3366ff\">\u00bfQU\u00c9 CADENA ELIJO?<\/span><\/strong><\/h5>\n<p><strong><span style=\"color: #3366ff\">Con base en la transcripci\u00f3n, puedo observar que, leyendo el ARNm transcrito de 5\u00b4\u21923\u00b4, solo hallo el cod\u00f3n UUC teniendo como molde la segunda cadena de ADN. Por consiguiente, contestando a la pregunta, el segmento correspondiente al ARNm es:<\/span><\/strong><\/p>\n<p style=\"text-align: center\"><strong><span style=\"color: #3366ff\">5\u2019\u2026 UUC GUU ACA CCC GCC UCU GGU GCA\u20263\u2019<\/span><\/strong><\/p>\n<p style=\"text-align: justify\"><strong><span style=\"color: #ff0000\">b) \u00bfCu\u00e1l ser\u00e1 el cod\u00f3n de la prolina (Pro)? \u00bfy en el caso de la alanina (Ala)? <\/span><span style=\"color: #ff0000\">Razone la respuesta<\/span><\/strong><\/p>\n<p><strong><span style=\"color: #3366ff\">Sabemos que la secuencia del ARNm es le\u00edda en direcci\u00f3n 5\u00b4\u21923\u00b4 para el proceso de la traducci\u00f3n. Por consiguiente, el primer amino\u00e1cido de la secuencia propuesta corresponde al primer cod\u00f3n (secuencia de 3 bases) del ARNm dilucidado, es decir, la Phe corresponde con el UUC.<\/span><\/strong><\/p>\n<p><strong><span style=\"color: #3366ff\">Consecutivamente, el extremo 5\u00b4 del ARNm coincide con el N-terminal de la prote\u00edna y el extremo 3\u00b4con el C-terminal.<\/span><\/strong><\/p>\n<p><strong><span style=\"color: #3366ff\">Con ello, tendr\u00edamos lo siguiente:<\/span><\/strong><\/p>\n<p style=\"text-align: center\"><strong><span style=\"color: #3366ff\">5\u2019\u2026 UUC GUU ACA CCC GCC UCU GGU GCA\u20263\u2019<\/span><\/strong><\/p>\n<p style=\"text-align: center\"><strong><span style=\"color: #3366ff\">Nt&#8230;. Phe &#8211; Val &#8211; Thr &#8211; Pro &#8211; Ala &#8211; Ser &#8211; Gly &#8211; Ala&#8230;Ct<\/span><\/strong><\/p>\n<p><strong><span style=\"color: #3366ff\">El cod\u00f3n de la Pro (Prolina) ser\u00eda el CCC, mientras que el de la Alanina ser\u00eda el GCC y la GCA.\u00a0<\/span><\/strong><\/p>\n<p><strong><span style=\"color: #3366ff\">Adem\u00e1s, si quer\u00e9is saber si el ejercicio lo hab\u00e9is hecho bien, pod\u00e9is consultarlo en la tabla del c\u00f3digo gen\u00e9tico que os dar\u00eda el ejercicio que, como veis, coincide.<\/span><\/strong><\/p>\n<p><strong><span style=\"color: #3366ff\">El razonamiento de la respuesta aparece en la explicaci\u00f3n dada anteriormente, aunque pod\u00e9is a\u00f1adir que la equivalencia la hac\u00e9is siguiendo las caracter\u00edsticas del c\u00f3digo gen\u00e9tico, es decir, que la secuencia de tres bases del ARNm equivale a un \u00fanico amino\u00e1cido y que no hay espacios, separaciones ni solapamientos entre los sucesivos codones. Adem\u00e1s, la Alamina puede venir dada por dos codones diferentes, puesto que el c\u00f3digo gen\u00e9tico es degenerado.<\/span><\/strong><\/p>\n<h2 style=\"text-align: center\">EJERCICIO RESUELTO PASO A PASO<\/h2>\n<p>S\u00e9 que estos ejercicios suelen costar bastante, as\u00ed que he resuelto un problema modelo que engloba replicaci\u00f3n, transcripci\u00f3n y traducci\u00f3n en el siguiente v\u00eddeo:<\/p>\n<p style=\"text-align: center\">\n<!-- iframe plugin v.6.0 wordpress.org\/plugins\/iframe\/ -->\n<iframe loading=\"lazy\" width=\"90%\" height=\"315\" src=\"https:\/\/www.youtube.com\/embed\/Aca96zjEfA4?si=yJ0UPGCfSyN4iRts\" title=\"YouTube video player\" frameborder=\"0\" allow=\"accelerometer; autoplay; clipboard-write; encrypted-media; gyroscope; picture-in-picture; web-share\" referrerpolicy=\"strict-origin-when-cross-origin\" 0=\"allowfullscreen&gt;&lt;\/iframe\" scrolling=\"yes\" class=\"iframe-class\"><\/iframe>\n<\/p>\n<p><!-- notionvc: 3851e86d-d47a-49be-801a-4c001f423d63 --><\/p>\n","protected":false},"excerpt":{"rendered":"<p>El c\u00f3digo gen\u00e9tico es la relaci\u00f3n entre la secuencia de nucle\u00f3tidos del ARNm y la secuencia de amino\u00e1cidos de una prote\u00edna. La conexi\u00f3n que se establece es a trav\u00e9s de secuencias de tres bases del ARNm, conocida como cod\u00f3n, las cuales van a ser reconocidas por el anticod\u00f3n, otra secuencia de 3 bases complementarias, pero [&hellip;]<\/p>\n","protected":false},"author":3666,"featured_media":0,"parent":0,"menu_order":0,"comment_status":"closed","ping_status":"closed","template":"template-fullwidth.php","meta":{"footnotes":""},"class_list":["post-436","page","type-page","status-publish","hentry","post-preview"],"_links":{"self":[{"href":"https:\/\/edublog.educastur.es\/biohumphreys\/wp-json\/wp\/v2\/pages\/436","targetHints":{"allow":["GET"]}}],"collection":[{"href":"https:\/\/edublog.educastur.es\/biohumphreys\/wp-json\/wp\/v2\/pages"}],"about":[{"href":"https:\/\/edublog.educastur.es\/biohumphreys\/wp-json\/wp\/v2\/types\/page"}],"author":[{"embeddable":true,"href":"https:\/\/edublog.educastur.es\/biohumphreys\/wp-json\/wp\/v2\/users\/3666"}],"replies":[{"embeddable":true,"href":"https:\/\/edublog.educastur.es\/biohumphreys\/wp-json\/wp\/v2\/comments?post=436"}],"version-history":[{"count":16,"href":"https:\/\/edublog.educastur.es\/biohumphreys\/wp-json\/wp\/v2\/pages\/436\/revisions"}],"predecessor-version":[{"id":459,"href":"https:\/\/edublog.educastur.es\/biohumphreys\/wp-json\/wp\/v2\/pages\/436\/revisions\/459"}],"wp:attachment":[{"href":"https:\/\/edublog.educastur.es\/biohumphreys\/wp-json\/wp\/v2\/media?parent=436"}],"curies":[{"name":"wp","href":"https:\/\/api.w.org\/{rel}","templated":true}]}}