{"id":44,"date":"2024-02-09T20:36:08","date_gmt":"2024-02-09T19:36:08","guid":{"rendered":"https:\/\/edublog.educastur.es\/biohumphreys\/?page_id=44"},"modified":"2024-02-25T19:52:25","modified_gmt":"2024-02-25T18:52:25","slug":"metabolismo","status":"publish","type":"page","link":"https:\/\/edublog.educastur.es\/biohumphreys\/metabolismo\/","title":{"rendered":"BLOQUE D: METABOLISMO"},"content":{"rendered":"<p>En este bloque de contenidos aprender\u00e1s todo saber b\u00e1sico asociado con el Metabolismo, seg\u00fan el siguiente \u00edndice de contenido:<\/p>\n<ol>\n<li><a href=\"https:\/\/edublog.educastur.es\/biohumphreys\/tipos-de-metabolismo\/\">TIPOS DE METABOLISMO<\/a><\/li>\n<li><a href=\"https:\/\/edublog.educastur.es\/biohumphreys\/organulos-que-participan-en-el-metabolismo\/\">ORG\u00c1NULOS QUE PARTICIPAN EN EL METABOLISMO<\/a><\/li>\n<li><a href=\"https:\/\/edublog.educastur.es\/biohumphreys\/catabolismo-y-anabolismo-nociones-generales\/\">CATABOLISMO Y ANABOLISMO: NOCIONES GENERALES<\/a><\/li>\n<li><a href=\"https:\/\/edublog.educastur.es\/biohumphreys\/catabolismo-esquemas\/\">CATABOLISMO: ESQUEMAS<\/a><\/li>\n<li><a href=\"https:\/\/edublog.educastur.es\/biohumphreys\/anabolismo-esquemas\/\">ANABOLISMO: ESQUEMAS<\/a><\/li>\n<li><a href=\"https:\/\/edublog.educastur.es\/biohumphreys\/problemas-de-metabolismo-b-oxidacion-y-rendimiento-energetico-de-la-oxidacion-de-glucosa\/\">PROBLEMAS DE METABOLISMO: B-OXIDACI\u00d3N Y RENDIMIENTO ENERG\u00c9TICO DE LA OXIDACI\u00d3N DE GLUCOSA<\/a><\/li>\n<li><a href=\"https:\/\/edublog.educastur.es\/biohumphreys\/la-energia-en-biologia\/\">LA ENERG\u00cdA EN BIOLOG\u00cdA<\/a><\/li>\n<\/ol>\n","protected":false},"excerpt":{"rendered":"<p>En este bloque de contenidos aprender\u00e1s todo saber b\u00e1sico asociado con el Metabolismo, seg\u00fan el siguiente \u00edndice de contenido: TIPOS DE METABOLISMO ORG\u00c1NULOS QUE PARTICIPAN EN EL METABOLISMO CATABOLISMO Y ANABOLISMO: NOCIONES GENERALES CATABOLISMO: ESQUEMAS ANABOLISMO: ESQUEMAS PROBLEMAS DE METABOLISMO: B-OXIDACI\u00d3N Y RENDIMIENTO ENERG\u00c9TICO DE LA OXIDACI\u00d3N DE GLUCOSA LA ENERG\u00cdA EN BIOLOG\u00cdA<\/p>\n","protected":false},"author":3666,"featured_media":0,"parent":0,"menu_order":0,"comment_status":"closed","ping_status":"closed","template":"","meta":{"footnotes":""},"class_list":["post-44","page","type-page","status-publish","hentry","post-preview"],"_links":{"self":[{"href":"https:\/\/edublog.educastur.es\/biohumphreys\/wp-json\/wp\/v2\/pages\/44","targetHints":{"allow":["GET"]}}],"collection":[{"href":"https:\/\/edublog.educastur.es\/biohumphreys\/wp-json\/wp\/v2\/pages"}],"about":[{"href":"https:\/\/edublog.educastur.es\/biohumphreys\/wp-json\/wp\/v2\/types\/page"}],"author":[{"embeddable":true,"href":"https:\/\/edublog.educastur.es\/biohumphreys\/wp-json\/wp\/v2\/users\/3666"}],"replies":[{"embeddable":true,"href":"https:\/\/edublog.educastur.es\/biohumphreys\/wp-json\/wp\/v2\/comments?post=44"}],"version-history":[{"count":4,"href":"https:\/\/edublog.educastur.es\/biohumphreys\/wp-json\/wp\/v2\/pages\/44\/revisions"}],"predecessor-version":[{"id":247,"href":"https:\/\/edublog.educastur.es\/biohumphreys\/wp-json\/wp\/v2\/pages\/44\/revisions\/247"}],"wp:attachment":[{"href":"https:\/\/edublog.educastur.es\/biohumphreys\/wp-json\/wp\/v2\/media?parent=44"}],"curies":[{"name":"wp","href":"https:\/\/api.w.org\/{rel}","templated":true}]}}