{"id":368,"date":"2026-04-14T11:44:51","date_gmt":"2026-04-14T11:44:51","guid":{"rendered":"https:\/\/edublog.educastur.es\/cccenglish\/?page_id=368"},"modified":"2026-04-14T11:46:34","modified_gmt":"2026-04-14T11:46:34","slug":"unit6","status":"publish","type":"page","link":"https:\/\/edublog.educastur.es\/cccenglish\/unit6\/","title":{"rendered":"Unit 6 Have got +"},"content":{"rendered":"<p style=\"text-align: center\"><strong>UNIT 6\u00a0 HAVE GOT<\/strong><\/p>\n<p>&nbsp;<\/p>\n<p>14.- Verb to have got. Presente verbo to have got (tener) afirmativa<\/p>\n<p>15.- Adjetivos posesivos<\/p>\n<p>MATERIAL EXTRA<\/p>\n<p>The family<\/p>\n<p>&nbsp;<\/p>\n<p><strong>\u00a0<\/strong><strong>14.- Afirmativa del verbo to have got (tener poseer algo) Presente simple<\/strong><\/p>\n<p><img loading=\"lazy\" decoding=\"async\" class=\"alignnone size-full wp-image-369\" src=\"http:\/\/edublog.educastur.es\/cccenglish\/files\/2026\/04\/HavegotAff.png\" alt=\"\" width=\"366\" height=\"226\" srcset=\"https:\/\/edublog.educastur.es\/cccenglish\/files\/2026\/04\/HavegotAff.png 366w, https:\/\/edublog.educastur.es\/cccenglish\/files\/2026\/04\/HavegotAff-300x185.png 300w\" sizes=\"auto, (max-width: 366px) 100vw, 366px\" \/><\/p>\n<p>Al igual que el verbo to be, tanto la forma afirmativa como negativa del verbo <strong>to have got <\/strong>pueden\u00a0 aparecer contra\u00eddas o sin contraer (short form or full form). Lo habitual es usar la forma contracta en el lenguaje oral por simple econom\u00eda ling\u00fc\u00edstica. (Decir las cosas en menos tiempo) La forma completa se usa principalmente en textos escritos formales.<\/p>\n<p><em><strong><span style=\"color: #808000\">Se dice I\u2019m 26\/ tengo 26 a\u00f1os, I\u2019m 1,70 \/ mido 1,70( no usamos have got<span style=\"text-decoration: line-through\"> I have got 26 years \/ I have got 1,70 meters<\/span>)Se usa have got para describir aspecto f\u00edsico I have got brown eyes\/ Tengo ojos marrones. He has got red hair \/ Es pelirrojo<\/span><\/strong><\/em><\/p>\n<table style=\"width: 100%;border-collapse: collapse;border-style: dotted;border-color: #000000\">\n<tbody>\n<tr>\n<td style=\"width: 100%;border-color: #080707;border-style: dotted\">Vocabulario: eyes:ojos; ears:orejas; nose: nariz; mouth: boca, hair: pelo; brown: marr\u00f3n, casta\u00f1o; blond: rubio; dark: negro, oscuro<\/td>\n<\/tr>\n<\/tbody>\n<\/table>\n<p><strong>\u00a0<\/strong><a href=\"https:\/\/www.youtube.com\/watch?v=hWq_fVOulsI\"><strong>En este enlace puedes escuchar y practicar el verbo have got en forma afirmativa<\/strong><\/a><strong>\u00a0<\/strong><\/p>\n<p>En estos enlaces puedes practicar el verbo HAVE GOT<\/p>\n<p><a href=\"https:\/\/agendaweb.org\/exercises\/verbs\/have\/present-simple-forms-pronouns\">Have got 1<\/a><\/p>\n<p><a href=\"https:\/\/agendaweb.org\/verbs\/have-present\/index.html\">Have got 2<\/a><\/p>\n<p><a href=\"https:\/\/agendaweb.org\/exercises\/verbs\/have\/present-simple-forms-1\">Have got 3<\/a><\/p>\n<p><a href=\"https:\/\/first-english.org\/english_learning\/english_beginners\/have_got_exercises\/01_have_got_has_got_exercises.htm\">Have got 4<\/a><strong>\u00a0<\/strong><strong>\u00a0<\/strong><strong>\u00a0<\/strong><strong>\u00a0<\/strong><strong>\u00a0<\/strong><strong>\u00a0<\/strong><strong>\u00a0<\/strong><\/p>\n<p><span style=\"color: #3366ff\"><strong>\u00a0<\/strong><strong>Ejercicio 20<\/strong><\/span><\/p>\n<p><span style=\"color: #3366ff\"><strong>\u00a0<\/strong><strong>Escribe las contracciones, mira el ejemplo<\/strong><\/span><br \/>\nI have got &#8211; \u00a0<span style=\"color: #ff0000\">I\u2019ve got<\/span><\/p>\n<p>a.- He has got __________________<\/p>\n<p>b.- We have got_________________<\/p>\n<p>c.- You have got_________________<\/p>\n<p>d.- It has got____________________<\/p>\n<p>e.- They have got________________<strong>\u00a0<\/strong><strong>\u00a0<\/strong><\/p>\n<p><span style=\"color: #3366ff\"><strong>Ejercicio 21<\/strong><strong>\u00a0<\/strong><\/span><\/p>\n<p><span style=\"color: #3366ff\"><strong>Escribe oraciones, mira el ejemplo<\/strong><\/span><br \/>\nI \/ a pencil &#8211; \u00a0<span style=\"color: #ff0000\">I\u2019ve got a pencil<\/span><\/p>\n<p>a.- Fernando Alonso\/ fast car____________________________________<\/p>\n<p>b.- Joanna \/ a German friend_____________________________________<\/p>\n<p>c.- Peter and Paul \/a purple book _________________________________<\/p>\n<p>d.- The cat \/ a new house________________________________________<\/p>\n<p>e.- The tree\/ pink flowers________________________________________<strong>\u00a0<\/strong><strong>\u00a0<\/strong><strong>\u00a0<\/strong><strong>\u00a0<\/strong><strong>\u00a0<\/strong><strong>\u00a0<\/strong><strong>\u00a0<\/strong><strong>\u00a0<\/strong><strong>\u00a0<\/strong><strong>\u00a0<\/strong><strong>\u00a0<\/strong><strong>\u00a0<\/strong><strong>\u00a0<\/strong><strong>\u00a0<\/strong><strong>\u00a0<\/strong><strong>\u00a0<\/strong><strong>\u00a0<\/strong><strong>\u00a0<\/strong><strong>\u00a0<\/strong><strong>\u00a0<\/strong><strong>\u00a0<\/strong><strong>\u00a0<\/strong><\/p>\n<p>&nbsp;<\/p>\n<p><strong>\u00a0<\/strong><strong>15.- \u00a0ADJETIVO POSESIVO<\/strong><\/p>\n<p>Los tercer forma personal (\u00e9l, ella, ello) de los pronombres posesivos en ingl\u00e9s son diferentes\u00a0 he \u2013 his (su)\u00a0 \/she \u2013 her (su) \/ it \u2013 its (su). Los pronombres posesivos no tienen plural.<\/p>\n<p>Mary and Susan have got a cat. <strong>Their<\/strong> cat <strong>is<\/strong> blue. (Mary y Susan tienen un gato. Su(de ellas)\u00a0 gato es marr\u00f3n.<\/p>\n<p>Peter and Paul have got three cats. <strong>Their<\/strong> cats <strong>are<\/strong> black. (Peter y Paul tienen tres gatos. Sus(de ellos) gatos son negros.<\/p>\n<p>F\u00edjate que en ambas frases el adjetivo posesivo es el mismo \u201cTHEIR\u201d sin importar el g\u00e9nero o el n\u00famero de cosas pose\u00eddas<\/p>\n<p><a href=\"https:\/\/www.youtube.com\/watch?v=XhV_534yiOk\">En este enlace puedes practicar y ver ejemplos de adjetivos posesivos<\/a><\/p>\n<p>Puedes practicar los posesivos en estos enlaces<\/p>\n<p><a href=\"https:\/\/agendaweb.org\/exercises\/grammar\/possessive\/adjectives-3\">Adjetivos posesivos 1<\/a><\/p>\n<p><a href=\"https:\/\/agendaweb.org\/exercises\/grammar\/possessive\/adjectives-1\">Adjetivos posesivos 2<\/a><\/p>\n<p><strong>\u00a0<\/strong><span style=\"color: #3366ff\"><strong>\u00a0<\/strong><strong>Ejercicio 22<\/strong><\/span><\/p>\n<p><span style=\"color: #3366ff\"><strong>Completa con el adjetivo posesivo<\/strong><\/span><\/p>\n<p><strong>\u00a0<\/strong>Su (de \u00e9l) book is grey. <span style=\"color: #ff0000\"><strong><u>His <\/u><\/strong>book is grey<\/span><\/p>\n<p>a.- (Carol and Fred) __________dog is brown<\/p>\n<p>b .- (Lidia)___________house has got a green door.<\/p>\n<p>c.- (The cat) __________ nose is pink<\/p>\n<p>d.- (Thomas and you) ________friend isn\u2019t French.<\/p>\n<p>e.- (I) __________ children have got brown hair<\/p>\n<p><strong>\u00a0<\/strong><strong>\u00a0<\/strong><span style=\"color: #3366ff\"><strong>\u00a0<\/strong><strong>\u00a0<\/strong><strong>\u00a0<\/strong><strong>\u00a0<\/strong><strong>Ejercicio 23<\/strong><\/span><\/p>\n<p><span style=\"color: #3366ff\"><strong>Haz frases con la informaci\u00f3n. Mira el ejemplo, escribe los n\u00fameros con letras.<\/strong><strong>\u00a0<\/strong><\/span><\/p>\n<p>Mary \/ 1 hermano y 2 hermanas \u2192 <span style=\"color: #ff0000\">Mary\u2019s got a brother and two sisters<\/span><br \/>\na.- They \/ 5 hermanos\u2192__________________________________________________________________________________________<\/p>\n<p>b.- We \/ 2 hijos y una hija\u2192__________________________________________________________________________________________<\/p>\n<p>c.- Mis abuelos \/ 3 nietos\u2192__________________________________________________________________________________________<\/p>\n<p>d.-\u00c9l \/ 10 primos \u2192__________________________________________________________________________________________<\/p>\n<p>e-\u00a0 T\u00fa \/ 4 t\u00edos y 6 t\u00edas\u2192__________________________________________________________________________________________<\/p>\n<p><span style=\"color: #3366ff\"><strong>\u00a0<\/strong><strong>\u00a0<\/strong><strong>Ejercicio 24<\/strong><strong>\u00a0<\/strong><\/span><\/p>\n<p><span style=\"color: #3366ff\"><strong>Haz frases como la del ejemplo con la informaci\u00f3n que tienes de Silvia y Daniel, completa la \u00faltima l\u00ednea con informaci\u00f3n sobre ti y haz la frase correspondiente.<\/strong><\/span><\/p>\n<p><em><strong><span style=\"color: #ff0000\">He\u2019s Abdul Dere. He\u2019s from Morocco, he\u2019s Moroccan. He\u2019s a painter. He\u2019s thirty-seven. He\u2019s got grey eyes and dark hair. He\u2019s got two boys and a girl.<\/span><\/strong><\/em><\/p>\n<p>___________________________________________________________________________________________________________________________________________________________________________________________________________________________________________________________________________________________________________________________________________________________________________________________________________________________________________________________________________________________________________________________________________________________________________________________________________________________________________________________________________________________________<strong>\u00a0<\/strong><strong>\u00a0<\/strong><strong>\u00a0<\/strong><strong>\u00a0<\/strong><\/p>\n<p style=\"text-align: center\"><strong>\u00a0<\/strong><strong>MATERIAL EXTRA<\/strong><strong>\u00a0<\/strong><\/p>\n<p style=\"text-align: left\"><img loading=\"lazy\" decoding=\"async\" class=\"alignnone size-full wp-image-370 aligncenter\" src=\"http:\/\/edublog.educastur.es\/cccenglish\/files\/2026\/04\/family.png\" alt=\"\" width=\"409\" height=\"392\" srcset=\"https:\/\/edublog.educastur.es\/cccenglish\/files\/2026\/04\/family.png 409w, https:\/\/edublog.educastur.es\/cccenglish\/files\/2026\/04\/family-300x288.png 300w\" sizes=\"auto, (max-width: 409px) 100vw, 409px\" \/><\/p>\n<p><a href=\"https:\/\/www.youtube.com\/watch?v=FHaObkHEkHQ\">En este enlace puedes conocer a los miembros de una familia<\/a><\/p>\n<p>Enlaces para practicar el vocabulario de la familia<br \/>\n<a href=\"https:\/\/agendaweb.org\/exercises\/vocabulary\/family\/family-3\">Family 1<\/a><\/p>\n<p><a href=\"http:\/\/www.adelescorner.org\/vocab\/family\/family1.html\">Family 2<\/a><\/p>\n<p><a href=\"https:\/\/www.englishexercises.org\/makeagame\/viewgame.asp?id=453\">Familiy 3<\/a><\/p>\n","protected":false},"excerpt":{"rendered":"<p>UNIT 6\u00a0 HAVE GOT &nbsp; 14.- Verb to have got. Presente verbo to have got (tener) afirmativa 15.- Adjetivos posesivos MATERIAL EXTRA The family &nbsp; \u00a014.- Afirmativa del verbo to have got (tener poseer algo) Presente simple Al igual que el verbo to be, tanto la forma afirmativa como negativa del verbo to have got [&hellip;]<\/p>\n","protected":false},"author":168,"featured_media":0,"parent":0,"menu_order":0,"comment_status":"closed","ping_status":"closed","template":"","meta":{"footnotes":""},"class_list":["post-368","page","type-page","status-publish","hentry","post-preview"],"_links":{"self":[{"href":"https:\/\/edublog.educastur.es\/cccenglish\/wp-json\/wp\/v2\/pages\/368","targetHints":{"allow":["GET"]}}],"collection":[{"href":"https:\/\/edublog.educastur.es\/cccenglish\/wp-json\/wp\/v2\/pages"}],"about":[{"href":"https:\/\/edublog.educastur.es\/cccenglish\/wp-json\/wp\/v2\/types\/page"}],"author":[{"embeddable":true,"href":"https:\/\/edublog.educastur.es\/cccenglish\/wp-json\/wp\/v2\/users\/168"}],"replies":[{"embeddable":true,"href":"https:\/\/edublog.educastur.es\/cccenglish\/wp-json\/wp\/v2\/comments?post=368"}],"version-history":[{"count":3,"href":"https:\/\/edublog.educastur.es\/cccenglish\/wp-json\/wp\/v2\/pages\/368\/revisions"}],"predecessor-version":[{"id":374,"href":"https:\/\/edublog.educastur.es\/cccenglish\/wp-json\/wp\/v2\/pages\/368\/revisions\/374"}],"wp:attachment":[{"href":"https:\/\/edublog.educastur.es\/cccenglish\/wp-json\/wp\/v2\/media?parent=368"}],"curies":[{"name":"wp","href":"https:\/\/api.w.org\/{rel}","templated":true}]}}