{"id":375,"date":"2026-04-14T11:58:13","date_gmt":"2026-04-14T11:58:13","guid":{"rendered":"https:\/\/edublog.educastur.es\/cccenglish\/?page_id=375"},"modified":"2026-04-14T11:58:23","modified_gmt":"2026-04-14T11:58:23","slug":"unit7","status":"publish","type":"page","link":"https:\/\/edublog.educastur.es\/cccenglish\/unit7\/","title":{"rendered":"UNIT 7 Have got &#8211;"},"content":{"rendered":"<p style=\"text-align: center\"><strong>UNIT 7\u00a0 HAVE GOT NEGATIVE<\/strong><\/p>\n<p><strong>\u00a0<\/strong><\/p>\n<p>&nbsp;<\/p>\n<p>Verb to have got. Presente verbo to have got (tener) negativa<\/p>\n<p>Telling the time \/ decir la hora(formato digital)<\/p>\n<p>MATERIAL EXTRA<\/p>\n<p>Daily Routine \/ rutinas diarias<\/p>\n<p>&nbsp;<\/p>\n<p><strong>\u00a0<\/strong><\/p>\n<p><strong>17.- NEGATIVA DEL VERBO TO HAVE GOT (tener poseer algo) <\/strong><\/p>\n<p><img loading=\"lazy\" decoding=\"async\" class=\"alignnone size-full wp-image-376 aligncenter\" src=\"http:\/\/edublog.educastur.es\/cccenglish\/files\/2026\/04\/HavegotNeg.png\" alt=\"\" width=\"387\" height=\"238\" srcset=\"https:\/\/edublog.educastur.es\/cccenglish\/files\/2026\/04\/HavegotNeg.png 387w, https:\/\/edublog.educastur.es\/cccenglish\/files\/2026\/04\/HavegotNeg-300x184.png 300w\" sizes=\"auto, (max-width: 387px) 100vw, 387px\" \/><\/p>\n<p>En la tabla tienes la forma negativa contracta del verbo<span style=\"color: #ff0000\"> <strong>to have got <\/strong><\/span>tambi\u00e9n se puede escribir sin contraer, pero no la vamos a usar en estos ejercicios. Lo habitual es usar la forma contracta en el lenguaje oral por simple econom\u00eda ling\u00fc\u00edstica. (Decir las cosas en menos tiempo) La forma completa se usa principalmente en textos escritos formales.<\/p>\n<p><strong>\u00a0<\/strong><\/p>\n<p><a href=\"https:\/\/www.youtube.com\/watch?v=SkDB-9z6Q0s\"><strong>En este enlace puedes escuchar y practicar el verbo have got en forma negativa<\/strong><\/a><\/p>\n<p><strong>\u00a0<\/strong><\/p>\n<p>En estos enlaces puedes practicar el verbo HAVE GOT (negativa)<\/p>\n<p><a href=\"https:\/\/agendaweb.org\/exercises\/verbs\/have-negative-forms\">Have got negativa 1<\/a><\/p>\n<p><a href=\"https:\/\/agendaweb.org\/exercises\/verbs\/have\/negative-forms\">Have got negativa 2<\/a><\/p>\n<p><a href=\"https:\/\/www.englisch-hilfen.de\/en\/exercises\/tenses\/have_not_got.htm\">Have got negativa 3<\/a><\/p>\n<p><a href=\"https:\/\/www.englisch-hilfen.de\/en\/exercises\/tenses\/have_not_got2.htm\">Have got negativa 4<\/a><\/p>\n<p><span style=\"color: #0000ff\"><strong>Ejercicio 25<\/strong><\/span><\/p>\n<p><span style=\"color: #0000ff\"><strong>\u00a0<\/strong><strong>Escribe las contracciones, mira el ejemplo<\/strong><\/span><\/p>\n<p>I have not got &#8211; \u00a0<em><strong><span style=\"color: #ff0000\">I haven\u2019t got<\/span><\/strong><\/em><\/p>\n<p>a.- We have not got __________________<\/p>\n<p>b.- She has not got_________________<\/p>\n<p>c.- They have not got_________________<\/p>\n<p>d.- You have not got____________________<\/p>\n<p>e.- It has not got________________<\/p>\n<p><strong>\u00a0<\/strong><\/p>\n<p><span style=\"color: #0000ff\"><strong>Ejercicio 26<\/strong><\/span><\/p>\n<p><span style=\"color: #0000ff\"><strong>\u00a0<\/strong><strong>Escribe oraciones negativas, mira el ejemplo<\/strong><\/span><\/p>\n<p>I \/ a pencil &#8211; <strong><em><span style=\"color: #ff0000\">\u00a0I haven\u2019t got a pencil<\/span><\/em><\/strong><\/p>\n<p>a.- Mark\/ a brother_______________________________________<\/p>\n<p>b.- My cousin \/ two black radios____________________________<\/p>\n<p>c.- We \/a pink car _______________________________________<\/p>\n<p>d.- Walter and Carol \/ new passports________________________<\/p>\n<p>e.- You\/ blue eyes________________________________________<\/p>\n<p>&nbsp;<\/p>\n<p><span style=\"color: #0000ff\"><strong>Ejercicio 27<\/strong><\/span><\/p>\n<p><span style=\"color: #0000ff\"><strong>\u00a0<\/strong><strong>Escribe frases con esta informaci\u00f3n. <\/strong><\/span><\/p>\n<p>Martin + a blue credit card (yes) &gt; <strong><em><span style=\"color: #ff0000\">Martin\u2019s got a blue credit card<\/span><\/em><\/strong><\/p>\n<p>We + 7 cousins (no) &gt; <em><span style=\"color: #ff0000\"><strong>We haven\u2019t got seven cousins<\/strong><\/span><\/em><\/p>\n<p>a.- Carol + a sister (no)\u00a0 &gt;<\/p>\n<p>b.- Susan and Sam + a new car (yes) &gt;<\/p>\n<p>c.- Your grandparents + 5 grandchildren (no) &gt;<\/p>\n<p>d.- I + 3children (yes) &gt;<\/p>\n<p>e.- It + 4 red flowers (no) &gt;<\/p>\n<p>&nbsp;<\/p>\n<p><span style=\"font-size: 14pt\"><strong>18.- Telling the time \/ decir la hora<\/strong><\/span><\/p>\n<p><img loading=\"lazy\" decoding=\"async\" class=\"alignnone size-full wp-image-46 aligncenter\" src=\"http:\/\/edublog.educastur.es\/cccenglish\/files\/2020\/11\/clock.jpg\" alt=\"\" width=\"382\" height=\"218\" srcset=\"https:\/\/edublog.educastur.es\/cccenglish\/files\/2020\/11\/clock.jpg 382w, https:\/\/edublog.educastur.es\/cccenglish\/files\/2020\/11\/clock-300x171.jpg 300w\" sizes=\"auto, (max-width: 382px) 100vw, 382px\" \/><\/p>\n<p>Vamos a ver la forma digital de decir la hora.<\/p>\n<p>What\u2019s the time? \/ What time is it?\u00a0\u00a0 &gt; \u00bfQu\u00e9 hora es?<\/p>\n<p>1:00 &gt; It\u2019s one o\u2019clock<\/p>\n<p>2:15 &gt; It\u2019s quarter past two \/ two fifteen<\/p>\n<p>3: 20 &gt; It\u2019s three twenty<\/p>\n<p>4:30 &gt; It\u2019s half past four \/ four thirty<\/p>\n<p>5:40 &gt; It\u2019s five forty<\/p>\n<p>6: 45 &gt; It\u2019s quarter to seven \/ six forty-five<\/p>\n<p>7: 53&gt; It\u2019s seven fifty-three<\/p>\n<p><strong>\u00a0<\/strong><\/p>\n<p><strong>Usamos <span style=\"color: #ff0000\">AT<\/span> para decir <\/strong><span style=\"color: #ff0000\"><strong>a qu\u00e9 hora <\/strong><\/span><strong>hacemos o sucede algo<\/strong><\/p>\n<p>The shops close <span style=\"color: #ff0000\"><strong>at<\/strong><\/span> nine o\u2019clock &gt; Las tiendas cierran <span style=\"color: #ff0000\"><strong>a las<\/strong><\/span> 9:00<\/p>\n<p>We cook dinner <span style=\"color: #ff0000\"><strong>at<\/strong><\/span> eight thirty-three &gt; Hacemos la cena <span style=\"color: #ff0000\"><strong>a las<\/strong><\/span> 8:33<\/p>\n<p><strong>\u00a0<\/strong><\/p>\n<p><strong>\u00a0<\/strong><\/p>\n<p><span style=\"color: #0000ff\"><strong>Ejercicio 28<\/strong><\/span><\/p>\n<p><span style=\"color: #0000ff\"><strong>\u00a0<\/strong><strong>\u00bfQu\u00e9 hora es? \/ What time is it? Escribe las horas, mira los ejemplos.<\/strong><\/span><\/p>\n<p><strong>\u00a0<\/strong><\/p>\n<p>7:45 &gt;<em><span style=\"color: #ff0000\"> <strong>It\u2019s seven forty-five \/ It\u2019s quarter to eight<\/strong><\/span><\/em><\/p>\n<p>5:16 &gt;<em><span style=\"color: #ff0000\"> <strong>It\u2019s five sixteen<\/strong><\/span><\/em><\/p>\n<p>&nbsp;<\/p>\n<p>a.- 2:46\u00a0 &gt;<\/p>\n<p>b.- 12:15 &gt;<\/p>\n<p>c.- 3:33 &gt;<\/p>\n<p>d.- 7:18 &gt;<\/p>\n<p>e.- 10:51 &gt;<\/p>\n<p><strong>\u00a0<\/strong><\/p>\n<p><span style=\"color: #0000ff\"><strong>Ejercicio 29<\/strong><\/span><\/p>\n<p><span style=\"color: #0000ff\"><strong>\u00a0<\/strong><strong>Esta es la rutina diaria de lunes a viernes de Robert and Rose, completa el texto utilizando la tabla.<\/strong><\/span><\/p>\n<p><strong>\u00a0<\/strong><\/p>\n<p><strong><img loading=\"lazy\" decoding=\"async\" class=\"alignnone size-full wp-image-377\" src=\"http:\/\/edublog.educastur.es\/cccenglish\/files\/2026\/04\/rutina.png\" alt=\"\" width=\"299\" height=\"402\" srcset=\"https:\/\/edublog.educastur.es\/cccenglish\/files\/2026\/04\/rutina.png 299w, https:\/\/edublog.educastur.es\/cccenglish\/files\/2026\/04\/rutina-223x300.png 223w\" sizes=\"auto, (max-width: 299px) 100vw, 299px\" \/>\u00a0<\/strong><\/p>\n<p><em><strong><span style=\"color: #ff0000\">Robert and Rose get up at eight o\u2019clock. They have a shower at eight ten. They have a coffee at half past eight\u2026<\/span><\/strong><\/em><\/p>\n<p><strong>\u00a0<span style=\"color: #000000\">_______________________________________________________________________________________________________________________<\/span><\/strong><\/p>\n<p><strong><span style=\"color: #000000\">_________________________________________________________________________________________________________________________<\/span><\/strong><\/p>\n<p><strong><span style=\"color: #000000\">_________________________________________________________________________________________________________________________<\/span><\/strong><\/p>\n<p>_________________________________________________________________________________________________________________________<\/p>\n<p>&nbsp;<\/p>\n<p><strong>\u00a0<\/strong><\/p>\n<p><strong>MATERIAL EXTRA<\/strong><\/p>\n<p><strong>\u00a0<\/strong>DAILY ROUTINES \/ RUTINA DIARIAS<\/p>\n<p>wake up\u00a0\u00a0 &gt; despertarse<\/p>\n<p>get up\u00a0\u00a0\u00a0\u00a0\u00a0 &gt; levantarse<\/p>\n<p>have a shower \/ take a shower\u00a0 &gt; ducharse<\/p>\n<p>have a bath \/ take a bath&gt; ba\u00f1arse<\/p>\n<p>get dressed &gt; vestirse<\/p>\n<p>have breakfast &gt; desayunar<\/p>\n<p>have lunch &gt; comer<\/p>\n<p>have dinner &gt; cenar<\/p>\n<p>go to work \/ school &gt; ir al trabajo\/colegio<\/p>\n<p>get to work \/school &gt; llegar al trabajo\/ colegio<\/p>\n<p>start work\/ classes &gt; empezar a trabajar\/ las clases<\/p>\n<p>have a break &gt; tomar un descanso<\/p>\n<p>have a coffee\/ tea &gt; tomar un caf\u00e9 \/ t\u00e9<\/p>\n<p>finish work \/clases &gt; acabar el trabajo\/ las clases<\/p>\n<p>go home &gt; ir a casa<\/p>\n<p>arrive home \/ get home &gt; llegar a casa<\/p>\n<p>go for a walk &gt; ir de paseo<\/p>\n<p>go to the gym &gt; ir al gimnasio<\/p>\n<p>go shopping &gt; ir de compras<\/p>\n<p>visit friends &gt; visitar amigos\/as<\/p>\n<p>cook breakfast \/lunch \/ dinner &gt; cocinar el desayuno\/comida\/cena<\/p>\n<p>read a newspaper\/ book \/ magazine &gt; leer el peri\u00f3dico, libro, revista<\/p>\n<p>listen to music &gt; escuchar m\u00fasica<\/p>\n<p>watch TV &gt; ver la tele<\/p>\n<p>go to bed &gt; ir a la cama<\/p>\n<p>sleep &gt; dormir<\/p>\n<p>&nbsp;<\/p>\n<p><a href=\"https:\/\/www.vocabulary.cl\/Lists\/Daily_Routines.htm\">En este video practicar\u00e1s el vocabulario de las rutinas diarias<\/a><\/p>\n","protected":false},"excerpt":{"rendered":"<p>UNIT 7\u00a0 HAVE GOT NEGATIVE \u00a0 &nbsp; Verb to have got. Presente verbo to have got (tener) negativa Telling the time \/ decir la hora(formato digital) MATERIAL EXTRA Daily Routine \/ rutinas diarias &nbsp; \u00a0 17.- NEGATIVA DEL VERBO TO HAVE GOT (tener poseer algo) En la tabla tienes la forma negativa contracta del verbo [&hellip;]<\/p>\n","protected":false},"author":168,"featured_media":0,"parent":0,"menu_order":0,"comment_status":"closed","ping_status":"closed","template":"","meta":{"footnotes":""},"class_list":["post-375","page","type-page","status-publish","hentry","post-preview"],"_links":{"self":[{"href":"https:\/\/edublog.educastur.es\/cccenglish\/wp-json\/wp\/v2\/pages\/375","targetHints":{"allow":["GET"]}}],"collection":[{"href":"https:\/\/edublog.educastur.es\/cccenglish\/wp-json\/wp\/v2\/pages"}],"about":[{"href":"https:\/\/edublog.educastur.es\/cccenglish\/wp-json\/wp\/v2\/types\/page"}],"author":[{"embeddable":true,"href":"https:\/\/edublog.educastur.es\/cccenglish\/wp-json\/wp\/v2\/users\/168"}],"replies":[{"embeddable":true,"href":"https:\/\/edublog.educastur.es\/cccenglish\/wp-json\/wp\/v2\/comments?post=375"}],"version-history":[{"count":1,"href":"https:\/\/edublog.educastur.es\/cccenglish\/wp-json\/wp\/v2\/pages\/375\/revisions"}],"predecessor-version":[{"id":378,"href":"https:\/\/edublog.educastur.es\/cccenglish\/wp-json\/wp\/v2\/pages\/375\/revisions\/378"}],"wp:attachment":[{"href":"https:\/\/edublog.educastur.es\/cccenglish\/wp-json\/wp\/v2\/media?parent=375"}],"curies":[{"name":"wp","href":"https:\/\/api.w.org\/{rel}","templated":true}]}}