{"id":7,"date":"2020-10-08T08:56:21","date_gmt":"2020-10-08T08:56:21","guid":{"rendered":"https:\/\/edublog.educastur.es\/ciclodependenciavegadeo\/?page_id=7"},"modified":"2026-02-26T12:55:35","modified_gmt":"2026-02-26T12:55:35","slug":"contacto","status":"publish","type":"page","link":"https:\/\/edublog.educastur.es\/ciclodependenciavegadeo\/contacto\/","title":{"rendered":"Contacto"},"content":{"rendered":"<p>En esta p\u00e1gina encontrar\u00e1s diferentes formas para que puedas contactar con el instituto y el profesorado.<\/p>\n<p><strong><u>Instituto<\/u>.<\/strong><\/p>\n<p align=\"justify\">Tel\u00e9fono: 985 634 377<\/p>\n<p align=\"justify\">elisaylu@educastur.org<\/p>\n<p align=\"justify\"><u><strong>Departamento de Servicios Socioculturales y a la Comunidad<\/strong><\/u><strong>.<\/strong><\/p>\n<p align=\"justify\">ssc@iesvegadeo.es<\/p>\n<p align=\"justify\"><u><strong>Profesorado<\/strong><\/u><strong>.<\/strong><\/p>\n<p align=\"justify\"><strong>Hugo Camblor Buelga:<\/strong> hugocb@educastur.org<\/p>\n<p align=\"justify\"><strong>Ana Mar\u00eda L\u00f3pez Men\u00e9ndez:<\/strong> anamlm@educastur.org<\/p>\n<p align=\"justify\"><strong>Elena Fern\u00e1ndez-Casta\u00f1\u00f3n Mart\u00ednez<\/strong>: elenafma@educastur.org<\/p>\n<p align=\"justify\"><strong>Raquel Garc\u00eda Rodr\u00edguez<\/strong>: raquelgrodr<span class=\"contentLine-664\">@educastur.org<\/span><\/p>\n<p align=\"justify\"><strong>Alicia Moro Garc\u00eda<\/strong>: aliciamg<span class=\"contentLine-664\">@educastur.org<\/span><\/p>\n<p align=\"justify\">\n","protected":false},"excerpt":{"rendered":"<p>En esta p\u00e1gina encontrar\u00e1s diferentes formas para que puedas contactar con el instituto y el profesorado. Instituto. Tel\u00e9fono: 985 634 377 elisaylu@educastur.org Departamento de Servicios Socioculturales y a la Comunidad. ssc@iesvegadeo.es Profesorado. Hugo Camblor Buelga: hugocb@educastur.org Ana Mar\u00eda L\u00f3pez Men\u00e9ndez: anamlm@educastur.org Elena Fern\u00e1ndez-Casta\u00f1\u00f3n Mart\u00ednez: elenafma@educastur.org Raquel Garc\u00eda Rodr\u00edguez: raquelgrodr@educastur.org Alicia Moro Garc\u00eda: aliciamg@educastur.org<\/p>\n","protected":false},"author":418,"featured_media":0,"parent":0,"menu_order":0,"comment_status":"closed","ping_status":"closed","template":"","meta":{"footnotes":""},"class_list":["post-7","page","type-page","status-publish","hentry"],"_links":{"self":[{"href":"https:\/\/edublog.educastur.es\/ciclodependenciavegadeo\/wp-json\/wp\/v2\/pages\/7","targetHints":{"allow":["GET"]}}],"collection":[{"href":"https:\/\/edublog.educastur.es\/ciclodependenciavegadeo\/wp-json\/wp\/v2\/pages"}],"about":[{"href":"https:\/\/edublog.educastur.es\/ciclodependenciavegadeo\/wp-json\/wp\/v2\/types\/page"}],"author":[{"embeddable":true,"href":"https:\/\/edublog.educastur.es\/ciclodependenciavegadeo\/wp-json\/wp\/v2\/users\/418"}],"replies":[{"embeddable":true,"href":"https:\/\/edublog.educastur.es\/ciclodependenciavegadeo\/wp-json\/wp\/v2\/comments?post=7"}],"version-history":[{"count":8,"href":"https:\/\/edublog.educastur.es\/ciclodependenciavegadeo\/wp-json\/wp\/v2\/pages\/7\/revisions"}],"predecessor-version":[{"id":366,"href":"https:\/\/edublog.educastur.es\/ciclodependenciavegadeo\/wp-json\/wp\/v2\/pages\/7\/revisions\/366"}],"wp:attachment":[{"href":"https:\/\/edublog.educastur.es\/ciclodependenciavegadeo\/wp-json\/wp\/v2\/media?parent=7"}],"curies":[{"name":"wp","href":"https:\/\/api.w.org\/{rel}","templated":true}]}}

<p>En esta página encontrarás diferentes formas para que puedas contactar con el instituto y el profesorado.</p>
<p><strong><u>Instituto</u>.</strong></p>
<p align="justify">Teléfono: 985 634 377</p>
<p align="justify">elisaylu@educastur.org</p>
<p align="justify"><u><strong>Departamento de Servicios Socioculturales y a la Comunidad</strong></u><strong>.</strong></p>
<p align="justify">ssc@iesvegadeo.es</p>
<p align="justify"><u><strong>Profesorado</strong></u><strong>.</strong></p>
<p align="justify"><strong>Hugo Camblor Buelga:</strong> hugocb@educastur.org</p>
<p align="justify"><strong>Ana María López Menéndez:</strong> anamlm@educastur.org</p>
<p align="justify"><strong>Elena Fernández-Castañón Martínez</strong>: elenafma@educastur.org</p>
<p align="justify"><strong>Raquel García Rodríguez</strong>: raquelgrodr<span class="contentLine-664">@educastur.org</span></p>
<p align="justify"><strong>Alicia Moro García</strong>: aliciamg<span class="contentLine-664">@educastur.org</span></p>
<p align="justify">

<p>En esta página encontrarás diferentes formas para que puedas contactar con el instituto y el profesorado. Instituto. Teléfono: 985 634 377 elisaylu@educastur.org Departamento de Servicios Socioculturales y a la Comunidad. ssc@iesvegadeo.es Profesorado. Hugo Camblor Buelga: hugocb@educastur.org Ana María López Menéndez: anamlm@educastur.org Elena Fernández-Castañón Martínez: elenafma@educastur.org Raquel García Rodríguez: raquelgrodr@educastur.org Alicia Moro García: aliciamg@educastur.org</p>
