{"id":250,"date":"2020-12-27T17:03:34","date_gmt":"2020-12-27T17:03:34","guid":{"rendered":"https:\/\/edublog.educastur.es\/cienciaenlavallina2020\/?page_id=250"},"modified":"2020-12-27T17:03:53","modified_gmt":"2020-12-27T17:03:53","slug":"pintura-esponjosa","status":"publish","type":"page","link":"https:\/\/edublog.educastur.es\/cienciaenlavallina2020\/pintura-esponjosa\/","title":{"rendered":"PINTURA ESPONJOSA"},"content":{"rendered":"<p><strong><span style=\"font-family: arial, helvetica, sans-serif\">Unidad 8: Burbujas en la cocina<\/span><\/strong><\/p>\n<p>&nbsp;<\/p>\n<p><span style=\"color: #339966;font-family: 'comic sans ms', sans-serif\"><strong>\u00bfQU\u00c9 MATERIALES NECESITAMOS?<\/strong><\/span><\/p>\n<ul>\n<li><span style=\"font-family: 'comic sans ms', sans-serif\">Levadura qu\u00edmica o polvo de hornear (1 sobre)<\/span><\/li>\n<li><span style=\"font-family: 'comic sans ms', sans-serif\">1 taza de harina de trigo<\/span><\/li>\n<li><span style=\"font-family: 'comic sans ms', sans-serif\">Sal (1 cucharada)<\/span><\/li>\n<li><span style=\"font-family: 'comic sans ms', sans-serif\">Agua<\/span><\/li>\n<li><span style=\"font-family: 'comic sans ms', sans-serif\">Acuarela l\u00edquida, colorante alimentario o t\u00e9mpera<\/span><\/li>\n<li><span style=\"font-family: 'comic sans ms', sans-serif\">Un cuenco o recipiente grande<\/span><\/li>\n<li><span style=\"font-family: 'comic sans ms', sans-serif\">Tantos vasos como colores queramos hacer<\/span><\/li>\n<li><span style=\"font-family: 'comic sans ms', sans-serif\">Cartulina o cart\u00f3n<\/span><\/li>\n<li><span style=\"font-family: 'comic sans ms', sans-serif\">Microondas<\/span><\/li>\n<li><span style=\"font-family: 'comic sans ms', sans-serif\">Cucharas<\/span><\/li>\n<\/ul>\n<p>&nbsp;<\/p>\n<p><span style=\"color: #339966;font-family: 'comic sans ms', sans-serif\"><strong>\u00bfC\u00d3MO PREPARAMOS PINTURA ESPONJOSA ?<\/strong><\/span><\/p>\n<ol>\n<li><span style=\"font-family: 'comic sans ms', sans-serif\">Echamos en un cuenco o recipiente grande una taza de harina. A continuaci\u00f3n a\u00f1adimos 1 cuchara de sal y 1 sobre de levadura o una cucharada de levadura qu\u00edmica.\u00a0 Removimos la mezcla mientras a\u00f1ad\u00edamos agua hasta conseguir una masa sin grumos.<\/span><\/li>\n<li><span style=\"font-family: 'comic sans ms', sans-serif\">Separamos la masa en tantos vasos como colores necesit\u00e1bamos. <\/span><\/li>\n<li><span style=\"font-family: 'comic sans ms', sans-serif\">\u00bfC\u00f3mo coloreamos la masa?, echamos un poco de t\u00e9mpera (aunque tambi\u00e9n se puede usar colorante alimenticio o acuarelas l\u00edquidas) y removimos.\u00a0<\/span><\/li>\n<li><span style=\"font-family: 'comic sans ms', sans-serif\">Creamos nuestras obras de arte pintando sobre la cartulina con pinceles, aunque tambi\u00e9n se pueden usar cucharas. \u00a1Importante!, es necesario que quede una capa gruesa de pintura.<\/span><\/li>\n<li><span style=\"font-family: 'comic sans ms', sans-serif\">Sin dejar reposar el dibujo (sino se nos seca la pintura y ya no quedar\u00eda esponjosa), lo introducimos en el microondas, 30 segundos aproximadamente.\u00a0<\/span><\/li>\n<\/ol>\n<p><img loading=\"lazy\" decoding=\"async\" class=\"size-medium wp-image-263 aligncenter\" src=\"http:\/\/edublog.educastur.es\/cienciaenlavallina2020\/files\/2020\/12\/Pintura-300x151.jpg\" alt=\"\" width=\"300\" height=\"151\" srcset=\"https:\/\/edublog.educastur.es\/cienciaenlavallina2020\/files\/2020\/12\/Pintura-300x151.jpg 300w, https:\/\/edublog.educastur.es\/cienciaenlavallina2020\/files\/2020\/12\/Pintura-1024x517.jpg 1024w, https:\/\/edublog.educastur.es\/cienciaenlavallina2020\/files\/2020\/12\/Pintura-768x388.jpg 768w, https:\/\/edublog.educastur.es\/cienciaenlavallina2020\/files\/2020\/12\/Pintura-1536x775.jpg 1536w, https:\/\/edublog.educastur.es\/cienciaenlavallina2020\/files\/2020\/12\/Pintura-2048x1034.jpg 2048w\" sizes=\"auto, (max-width: 300px) 100vw, 300px\" \/><\/p>\n<p><strong><span style=\"font-family: 'comic sans ms', sans-serif;color: #339966\">\u00bfQU\u00c9 SUCEDE?<\/span><\/strong><\/p>\n<p><em><span style=\"font-family: 'comic sans ms', sans-serif\">La<strong>\u00a0levadura qu\u00edmica<\/strong>\u00a0es una mezcla de bicarbonato y un \u00e1cido que, en contacto con un l\u00edquido y el calor\u2026\u00a1pum! Producen una reacci\u00f3n qu\u00edmica que crea las burbujitas que surgen en nuestros dibujos.<\/span><\/em><\/p>\n<p><em><span style=\"font-family: 'comic sans ms', sans-serif\">La reacci\u00f3n que tenemos delante se llama \u201c<strong>\u00e1cido-base<\/strong>\u201d, que siempre produce di\u00f3xido de carbono. Y es ese gas tan importante el que hace que nuestra pintura crezca, ya que intenta salir de la masa. Al hacerlo la hincha, hasta que termina por salir por lo peque\u00f1os agujeritos que vemos en la superficie de nuestro dibujo.<\/span><\/em><\/p>\n<p><span style=\"font-family: 'comic sans ms', sans-serif\">Fuente: https:\/\/universidadparapequesvirtual.es\/<\/span><\/p>\n","protected":false},"excerpt":{"rendered":"<p>Unidad 8: Burbujas en la cocina &nbsp; \u00bfQU\u00c9 MATERIALES NECESITAMOS? Levadura qu\u00edmica o polvo de hornear (1 sobre) 1 taza de harina de trigo Sal (1 cucharada) Agua Acuarela l\u00edquida, colorante alimentario o t\u00e9mpera Un cuenco o recipiente grande Tantos vasos como colores queramos hacer Cartulina o cart\u00f3n Microondas Cucharas &nbsp; \u00bfC\u00d3MO PREPARAMOS PINTURA ESPONJOSA&hellip; <a href=\"https:\/\/edublog.educastur.es\/cienciaenlavallina2020\/pintura-esponjosa\/\" class=\"more-link\">Seguir leyendo <span class=\"screen-reader-text\">PINTURA ESPONJOSA<\/span><\/a><\/p>\n","protected":false},"author":348,"featured_media":0,"parent":0,"menu_order":13,"comment_status":"closed","ping_status":"closed","template":"","meta":{"footnotes":""},"class_list":["post-250","page","type-page","status-publish","hentry","without-featured-image"],"_links":{"self":[{"href":"https:\/\/edublog.educastur.es\/cienciaenlavallina2020\/wp-json\/wp\/v2\/pages\/250","targetHints":{"allow":["GET"]}}],"collection":[{"href":"https:\/\/edublog.educastur.es\/cienciaenlavallina2020\/wp-json\/wp\/v2\/pages"}],"about":[{"href":"https:\/\/edublog.educastur.es\/cienciaenlavallina2020\/wp-json\/wp\/v2\/types\/page"}],"author":[{"embeddable":true,"href":"https:\/\/edublog.educastur.es\/cienciaenlavallina2020\/wp-json\/wp\/v2\/users\/348"}],"replies":[{"embeddable":true,"href":"https:\/\/edublog.educastur.es\/cienciaenlavallina2020\/wp-json\/wp\/v2\/comments?post=250"}],"version-history":[{"count":4,"href":"https:\/\/edublog.educastur.es\/cienciaenlavallina2020\/wp-json\/wp\/v2\/pages\/250\/revisions"}],"predecessor-version":[{"id":264,"href":"https:\/\/edublog.educastur.es\/cienciaenlavallina2020\/wp-json\/wp\/v2\/pages\/250\/revisions\/264"}],"wp:attachment":[{"href":"https:\/\/edublog.educastur.es\/cienciaenlavallina2020\/wp-json\/wp\/v2\/media?parent=250"}],"curies":[{"name":"wp","href":"https:\/\/api.w.org\/{rel}","templated":true}]}}