{"id":11,"date":"2024-04-11T11:56:11","date_gmt":"2024-04-11T09:56:11","guid":{"rendered":"https:\/\/edublog.educastur.es\/cislancircular\/?page_id=11"},"modified":"2025-12-15T11:36:57","modified_gmt":"2025-12-15T10:36:57","slug":"reaccionar","status":"publish","type":"page","link":"https:\/\/edublog.educastur.es\/cislancircular\/reaccionar\/","title":{"rendered":"Reaccionar, participaci\u00f3n en la Semana Europea de Prevenci\u00f3n de residuos"},"content":{"rendered":"<blockquote data-start=\"152\" data-end=\"502\">\n<p data-start=\"154\" data-end=\"502\">Nuestro centro ha participado activamente en la <strong data-start=\"202\" data-end=\"246\">Semana Europea de Prevenci\u00f3n de Residuos<\/strong>, trabajando con una <strong data-start=\"267\" data-end=\"298\">metodolog\u00eda basada en retos<\/strong>. El alumnado ha creado principalmente <strong data-start=\"337\" data-end=\"363\">campa\u00f1as audiovisuales<\/strong> para concienciar sobre la reducci\u00f3n, reutilizaci\u00f3n y reciclaje de residuos, combinando creatividad, t\u00e9cnica y responsabilidad ambiental.<\/p>\n<\/blockquote>\n<blockquote data-start=\"504\" data-end=\"1116\">\n<p data-start=\"506\" data-end=\"870\">Adem\u00e1s, colaboramos con <strong data-start=\"530\" data-end=\"541\">COGERSA<\/strong> en sus campa\u00f1as de Navidad mediante propuestas que unen <strong data-start=\"598\" data-end=\"633\">aprendizaje y compromiso social<\/strong>. Gracias a estas actividades, el alumnado toma conciencia de la importancia de aportar su granito de arena para construir una comunidad m\u00e1s solidaria, consciente de los problemas actuales y comprometida con la participaci\u00f3n ciudadana.<\/p>\n<p data-start=\"877\" data-end=\"1116\">De esta forma, en nuestro centro no solo formamos profesionales del audiovisual, sino que tambi\u00e9n fomentamos valores de <strong data-start=\"997\" data-end=\"1035\">responsabilidad ambiental y social<\/strong>, demostrando que la educaci\u00f3n y la sostenibilidad pueden ir de la mano<\/p>\n<\/blockquote>\n<blockquote class=\"wp-embedded-content\" data-secret=\"WjCokGll04\"><p><a href=\"https:\/\/cogersa.es\/noticias\/cogersa-felicita-la-navidad-con-una-postal-elaborada-por-alumnado-del-cislan\/\">Cogersa felicita la Navidad con una postal elaborada por alumnado del Cislan<\/a><\/p><\/blockquote>\n<p><iframe loading=\"lazy\" class=\"wp-embedded-content\" sandbox=\"allow-scripts\" security=\"restricted\" style=\"position: absolute; visibility: hidden;\" title=\"\u00abCogersa felicita la Navidad con una postal elaborada por alumnado del Cislan\u00bb \u2014 COGERSA\" src=\"https:\/\/cogersa.es\/noticias\/cogersa-felicita-la-navidad-con-una-postal-elaborada-por-alumnado-del-cislan\/embed\/#?secret=PxxTLsJt7A#?secret=WjCokGll04\" data-secret=\"WjCokGll04\" width=\"600\" height=\"338\" frameborder=\"0\" marginwidth=\"0\" marginheight=\"0\" scrolling=\"no\"><\/iframe><\/p>\n<p>&nbsp;<\/p>\n<p><a class=\"\" href=\"https:\/\/hogaresresiduocero.es\/diecisiete-videos-de-navidad-y-economia-circular-compiten-en-el-reto-del-cislan-y-cogersa\/\" target=\"_blank\" rel=\"noopener\">hogaresresiduocero.es\/diecisiete-videos-de-navidad-y-economia-circular-compiten-en-el-reto-del-cislan-y-cogersa<\/a><\/p>\n","protected":false},"excerpt":{"rendered":"<p>Nuestro centro ha participado activamente en la Semana Europea de Prevenci\u00f3n de Residuos, trabajando con una metodolog\u00eda basada en retos. El alumnado ha creado principalmente campa\u00f1as audiovisuales para concienciar sobre la reducci\u00f3n, reutilizaci\u00f3n y reciclaje de residuos, combinando creatividad, t\u00e9cnica y responsabilidad ambiental. Adem\u00e1s, colaboramos con COGERSA en sus campa\u00f1as de Navidad mediante propuestas que [&hellip;]<\/p>\n","protected":false},"author":1350,"featured_media":0,"parent":0,"menu_order":0,"comment_status":"closed","ping_status":"closed","template":"","meta":{"footnotes":""},"class_list":["post-11","page","type-page","status-publish","hentry","post-preview"],"_links":{"self":[{"href":"https:\/\/edublog.educastur.es\/cislancircular\/wp-json\/wp\/v2\/pages\/11","targetHints":{"allow":["GET"]}}],"collection":[{"href":"https:\/\/edublog.educastur.es\/cislancircular\/wp-json\/wp\/v2\/pages"}],"about":[{"href":"https:\/\/edublog.educastur.es\/cislancircular\/wp-json\/wp\/v2\/types\/page"}],"author":[{"embeddable":true,"href":"https:\/\/edublog.educastur.es\/cislancircular\/wp-json\/wp\/v2\/users\/1350"}],"replies":[{"embeddable":true,"href":"https:\/\/edublog.educastur.es\/cislancircular\/wp-json\/wp\/v2\/comments?post=11"}],"version-history":[{"count":14,"href":"https:\/\/edublog.educastur.es\/cislancircular\/wp-json\/wp\/v2\/pages\/11\/revisions"}],"predecessor-version":[{"id":334,"href":"https:\/\/edublog.educastur.es\/cislancircular\/wp-json\/wp\/v2\/pages\/11\/revisions\/334"}],"wp:attachment":[{"href":"https:\/\/edublog.educastur.es\/cislancircular\/wp-json\/wp\/v2\/media?parent=11"}],"curies":[{"name":"wp","href":"https:\/\/api.w.org\/{rel}","templated":true}]}}