{"id":293,"date":"2024-12-19T13:16:18","date_gmt":"2024-12-19T12:16:18","guid":{"rendered":"https:\/\/edublog.educastur.es\/cislancircular\/?page_id=293"},"modified":"2025-01-08T13:09:32","modified_gmt":"2025-01-08T12:09:32","slug":"cislan-sin-desperdicios","status":"publish","type":"page","link":"https:\/\/edublog.educastur.es\/cislancircular\/cislan-sin-desperdicios\/","title":{"rendered":"Cislan sin desperdicios"},"content":{"rendered":"<blockquote><p><strong>Cislan sin disperdicios<\/strong><\/p><\/blockquote>\n<p>La campa\u00f1a presentada por nuestro centro para el curso 24-25 aborda el desperdicio alimentario y tiene como objetivo principal concienciar a la poblaci\u00f3n sobre la importancia de reducir y reutilizar alimentos que a\u00fan tienen valor comestible, pero que frecuentemente son desechados como residuos por falta de usos alternativos.<\/p>\n<p>La campa\u00f1a se centrar\u00e1 en crear contenido para su difusi\u00f3n en \u00a0 Instagram y Facebook,\u00a0 Carteles Digitales, Encuesta y\u00a0 Colaboraciones con comercio minorista.<\/p>\n<p>En esta campa\u00f1a colaboran todos los\u00a0 ciclos formativos ,\u00a0 Iluminaci\u00f3n, Captaci\u00f3n y Tratamiento de la Imagen, Realizaci\u00f3n de Audiovisuales, Animaci\u00f3n 3D, Producci\u00f3n de Espect\u00e1culos y VideoDj y sonido , para la creaci\u00f3n de material como carteles, fotograf\u00edas, animaciones, podcasts y audiovisuales.<\/p>\n<blockquote><p><strong>Lemas y enfoques<\/strong><\/p><\/blockquote>\n<p><strong><em>\u00abAhorra f\u00e1cil con una compra m\u00e1s \u00e1gil\u00bb<\/em><\/strong>: Mejora de la gesti\u00f3n de compras.<\/p>\n<p><em><strong>\u00abSomos lo que comemos y la comida no es menos\u00bb<\/strong><\/em>: Conservaci\u00f3n de alimentos en buen estado.<\/p>\n<p><em><strong>\u00abCocina creativa\u00bb<\/strong><\/em>: Recetas \u00fatiles para aprovechar sobras.<\/p>\n<p><em><strong>\u00abFechas claras\u00bb<\/strong><\/em>: Diferenciaci\u00f3n entre fecha de caducidad y de consumo preferente.<\/p>\n<p><em><strong>\u00abRecicla hoy por el ma\u00f1ana\u00bb<\/strong><\/em>: Promoci\u00f3n del compostaje.<\/p>\n<p><em><strong>\u00abComparte y dona\u00bb<\/strong><\/em>: Fomento de donaciones, descuentos y mercados solidarios.<\/p>\n<p style=\"text-align: center\"><strong>Contacto y participaci\u00f3n<\/strong>:<\/p>\n<p style=\"text-align: center\">Se invita al p\u00fablico a proponer ideas para mejorar la gesti\u00f3n de residuos alimentarios mediante el correo cislansindesperdicio@gmail.com.<\/p>\n<p style=\"text-align: center\">Es una campa\u00f1a integral que combina la creatividad con acciones concretas para abordar un problema global.<\/p>\n<p>&nbsp;<\/p>\n<blockquote><p><strong>Estad\u00edsticas<\/strong><\/p><\/blockquote>\n<div id=\"attachment_308\" style=\"width: 310px\" class=\"wp-caption alignnone\"><a href=\"https:\/\/educastur.sharepoint.com\/:b:\/r\/sites\/DPTOFOL\/Documentos%20compartidos\/General\/INFOGRAF%C3%8DA.pdf?csf=1&amp;web=1&amp;e=7uZUSc\" target=\"_blank\" rel=\"noopener\"><img loading=\"lazy\" decoding=\"async\" aria-describedby=\"caption-attachment-308\" class=\"wp-image-308 size-medium\" src=\"http:\/\/edublog.educastur.es\/cislancircular\/files\/2025\/01\/infografia-300x235.jpg\" alt=\"\" width=\"300\" height=\"235\" srcset=\"https:\/\/edublog.educastur.es\/cislancircular\/files\/2025\/01\/infografia-300x235.jpg 300w, https:\/\/edublog.educastur.es\/cislancircular\/files\/2025\/01\/infografia.jpg 329w\" sizes=\"auto, (max-width: 300px) 100vw, 300px\" \/><\/a><p id=\"caption-attachment-308\" class=\"wp-caption-text\">Infograf\u00eda de la campa\u00f1a<\/p><\/div>\n<p style=\"text-align: center\"><a href=\"https:\/\/edublog.educastur.es\/cislancircular\/wp-includes\/images\/media\/document.svg\" target=\"_blank\" rel=\"noopener\">Acceso a encuesta<\/a><\/p>\n<p>&nbsp;<\/p>\n<p>&nbsp;<\/p>\n<blockquote><p><strong>Material audiovisual\u00a0<\/strong><\/p><\/blockquote>\n<p>&nbsp;<\/p>\n<p><a href=\"https:\/\/educastur-my.sharepoint.com\/:u:\/g\/personal\/maurocg_educastur_org\/ERMHbqX7l_VJu_I-kBacWTAByIKEXzAkH4CEGxZDa2jLJA\" target=\"_blank\" rel=\"noopener\"><img loading=\"lazy\" decoding=\"async\" class=\"wp-image-312 size-full aligncenter\" src=\"http:\/\/edublog.educastur.es\/cislancircular\/files\/2025\/01\/Captura.jpg\" alt=\"\" width=\"244\" height=\"181\" \/><\/a><a href=\"https:\/\/educastur-my.sharepoint.com\/:v:\/r\/personal\/fcojgg_educastur_org\/Documents\/Semana%20Europea%20de%20Prevenci%C3%B3n%20de%20Residuos\/TRIPLERPODCASTresiduos.mov?csf=1&amp;web=1&amp;nav=eyJyZWZlcnJhbEluZm8iOnsicmVmZXJyYWxBcHAiOiJPbmVEcml2ZUZvckJ1c2luZXNzIiwicmVmZXJyYWxBcHBQbGF0Zm9ybSI6IldlYiIsInJlZmVycmFsTW9kZSI6InZpZXciLCJyZWZlcnJhbFZpZXciOiJNeUZpbGVzTGlua0NvcHkifX0&amp;e=wKZeGz\"><img loading=\"lazy\" decoding=\"async\" class=\"wp-image-315 alignleft\" src=\"http:\/\/edublog.educastur.es\/cislancircular\/files\/2025\/01\/Captura-2.jpg\" alt=\"\" width=\"241\" height=\"182\" \/><\/a><a href=\"https:\/\/educastur-my.sharepoint.com\/:v:\/r\/personal\/fcojgg_educastur_org\/Documents\/Semana%20Europea%20de%20Prevenci%C3%B3n%20de%20Residuos\/Prevencio%CC%81n%20de%20residuos.mov?csf=1&amp;web=1&amp;nav=eyJyZWZlcnJhbEluZm8iOnsicmVmZXJyYWxBcHAiOiJPbmVEcml2ZUZvckJ1c2luZXNzIiwicmVmZXJyYWxBcHBQbGF0Zm9ybSI6IldlYiIsInJlZmVycmFsTW9kZSI6InZpZXciLCJyZWZlcnJhbFZpZXciOiJNeUZpbGVzTGlua0NvcHkifX0&amp;e=dVdch3\"><img loading=\"lazy\" decoding=\"async\" class=\" wp-image-314 alignleft\" src=\"http:\/\/edublog.educastur.es\/cislancircular\/files\/2025\/01\/Captura-1-300x153.jpg\" alt=\"\" width=\"296\" height=\"151\" srcset=\"https:\/\/edublog.educastur.es\/cislancircular\/files\/2025\/01\/Captura-1-300x153.jpg 300w, https:\/\/edublog.educastur.es\/cislancircular\/files\/2025\/01\/Captura-1.jpg 330w\" sizes=\"auto, (max-width: 296px) 100vw, 296px\" \/><\/a><\/p>\n<p>&nbsp;<\/p>\n<p>&nbsp;<\/p>\n<p>&nbsp;<\/p>\n<p>&nbsp;<\/p>\n","protected":false},"excerpt":{"rendered":"<p>Cislan sin disperdicios La campa\u00f1a presentada por nuestro centro para el curso 24-25 aborda el desperdicio alimentario y tiene como objetivo principal concienciar a la poblaci\u00f3n sobre la importancia de reducir y reutilizar alimentos que a\u00fan tienen valor comestible, pero que frecuentemente son desechados como residuos por falta de usos alternativos. La campa\u00f1a se centrar\u00e1 [&hellip;]<\/p>\n","protected":false},"author":1350,"featured_media":0,"parent":0,"menu_order":0,"comment_status":"closed","ping_status":"closed","template":"","meta":{"footnotes":""},"class_list":["post-293","page","type-page","status-publish","hentry","post-preview"],"_links":{"self":[{"href":"https:\/\/edublog.educastur.es\/cislancircular\/wp-json\/wp\/v2\/pages\/293","targetHints":{"allow":["GET"]}}],"collection":[{"href":"https:\/\/edublog.educastur.es\/cislancircular\/wp-json\/wp\/v2\/pages"}],"about":[{"href":"https:\/\/edublog.educastur.es\/cislancircular\/wp-json\/wp\/v2\/types\/page"}],"author":[{"embeddable":true,"href":"https:\/\/edublog.educastur.es\/cislancircular\/wp-json\/wp\/v2\/users\/1350"}],"replies":[{"embeddable":true,"href":"https:\/\/edublog.educastur.es\/cislancircular\/wp-json\/wp\/v2\/comments?post=293"}],"version-history":[{"count":10,"href":"https:\/\/edublog.educastur.es\/cislancircular\/wp-json\/wp\/v2\/pages\/293\/revisions"}],"predecessor-version":[{"id":317,"href":"https:\/\/edublog.educastur.es\/cislancircular\/wp-json\/wp\/v2\/pages\/293\/revisions\/317"}],"wp:attachment":[{"href":"https:\/\/edublog.educastur.es\/cislancircular\/wp-json\/wp\/v2\/media?parent=293"}],"curies":[{"name":"wp","href":"https:\/\/api.w.org\/{rel}","templated":true}]}}