{"id":31,"date":"2024-01-10T18:16:26","date_gmt":"2024-01-10T17:16:26","guid":{"rendered":"https:\/\/edublog.educastur.es\/coeducandoenelvillar\/?page_id=31"},"modified":"2024-01-10T18:48:18","modified_gmt":"2024-01-10T17:48:18","slug":"conocenos","status":"publish","type":"page","link":"https:\/\/edublog.educastur.es\/coeducandoenelvillar\/conocenos\/","title":{"rendered":"CON\u00d3CENOS"},"content":{"rendered":"<p style=\"text-align: justify\">Este es el Blog LILA, el espacio coeducativo del Colegio P\u00fablico El Villar<\/p>\n<div class=\"entry-content\" style=\"text-align: justify\">\n<p>Aqu\u00ed no s\u00f3lo intercambiaremos experiencias educativas, sino que exploraremos juntos la esencia educativa que caracteriza a nuestro centro.<br \/>\nEn El Villar el lila es m\u00e1s que un color, es un s\u00edmbolo de compromiso, inclusi\u00f3n y sobre todo igualdad.<br \/>\nEl colegio tiene como objetivo desde hace mucho tiempo ser un referente en la defensa de la igualdad, creando un entorno donde todo el alumnado se sienta valorado y respetado, independientemente de su g\u00e9nero, origen \u00e9tnico o capacidad.<br \/>\nAfrontamos esta nueva etapa con muchas ganas de aprender y crecer juntos.<br \/>\nCreemos en el poder de transformar incluso la idea m\u00e1s peque\u00f1a en algo significativo.<br \/>\nAdem\u00e1s, no olvidamos los valores fundamentales de la convivencia democr\u00e1tica: la participaci\u00f3n activa y el respeto mutuo son la base de nuestra vida diaria.<br \/>\nEstamos comprometidos a educar no s\u00f3lo mentes brillantes, sino tambi\u00e9n una ciudadan\u00eda responsable y socialmente comprometida.<br \/>\nViajaremos, descubriremos y compartiremos historias inspiradoras, proyectos apasionantes y momentos inolvidables, crearemos un espacio donde se respete la diversidad.<\/p>\n<p>Intentaremos aportar color (preferentemente LILA) a nuestro proceso educativo para construir un futuro brillante y lleno de posibilidades.<\/p>\n<\/div>\n<p style=\"text-align: justify\">\n","protected":false},"excerpt":{"rendered":"<p>Este es el Blog LILA, el espacio coeducativo del Colegio P\u00fablico El Villar Aqu\u00ed no s\u00f3lo intercambiaremos experiencias educativas, sino que exploraremos juntos la esencia educativa que caracteriza a nuestro centro. En El Villar el lila es m\u00e1s que un color, es un s\u00edmbolo de compromiso, inclusi\u00f3n y sobre todo igualdad. El colegio tiene como&hellip; <a href=\"https:\/\/edublog.educastur.es\/coeducandoenelvillar\/conocenos\/\" class=\"more-link\">Seguir leyendo <span class=\"screen-reader-text\">CON\u00d3CENOS<\/span><\/a><\/p>\n","protected":false},"author":3265,"featured_media":0,"parent":0,"menu_order":0,"comment_status":"closed","ping_status":"closed","template":"","meta":{"footnotes":""},"class_list":["post-31","page","type-page","status-publish","hentry","without-featured-image"],"_links":{"self":[{"href":"https:\/\/edublog.educastur.es\/coeducandoenelvillar\/wp-json\/wp\/v2\/pages\/31","targetHints":{"allow":["GET"]}}],"collection":[{"href":"https:\/\/edublog.educastur.es\/coeducandoenelvillar\/wp-json\/wp\/v2\/pages"}],"about":[{"href":"https:\/\/edublog.educastur.es\/coeducandoenelvillar\/wp-json\/wp\/v2\/types\/page"}],"author":[{"embeddable":true,"href":"https:\/\/edublog.educastur.es\/coeducandoenelvillar\/wp-json\/wp\/v2\/users\/3265"}],"replies":[{"embeddable":true,"href":"https:\/\/edublog.educastur.es\/coeducandoenelvillar\/wp-json\/wp\/v2\/comments?post=31"}],"version-history":[{"count":3,"href":"https:\/\/edublog.educastur.es\/coeducandoenelvillar\/wp-json\/wp\/v2\/pages\/31\/revisions"}],"predecessor-version":[{"id":63,"href":"https:\/\/edublog.educastur.es\/coeducandoenelvillar\/wp-json\/wp\/v2\/pages\/31\/revisions\/63"}],"wp:attachment":[{"href":"https:\/\/edublog.educastur.es\/coeducandoenelvillar\/wp-json\/wp\/v2\/media?parent=31"}],"curies":[{"name":"wp","href":"https:\/\/api.w.org\/{rel}","templated":true}]}}