{"id":2,"date":"2021-01-18T12:25:27","date_gmt":"2021-01-18T12:25:27","guid":{"rendered":"https:\/\/edublog.educastur.es\/coleberducedo\/?page_id=2"},"modified":"2021-01-18T18:37:37","modified_gmt":"2021-01-18T16:37:37","slug":"pagina-ejemplo","status":"publish","type":"page","link":"https:\/\/edublog.educastur.es\/coleberducedo\/pagina-ejemplo\/","title":{"rendered":"Sobre el blog"},"content":{"rendered":"\r\n<p><span style=\"font-family: 'comic sans ms', sans-serif\">\u00a1Hola a tod@s!\u00a0<\/span><\/p>\r\n<p><span style=\"font-family: 'comic sans ms', sans-serif\">En este blog educativo podr\u00e1s encontrar las actividades tan chulas que hacemos en el d\u00eda de nuestro cole de Berducedo.<\/span><\/p>\r\n<p><span style=\"font-family: 'comic sans ms', sans-serif\">Somos poquitos&#8230;pero nos encanta aprender cosas nuevas que aqu\u00ed os ense\u00f1aremos.<\/span><\/p>\r\n\r\n\r\n\r\n<p>&nbsp;<\/p>\r\n","protected":false},"excerpt":{"rendered":"<p>\u00a1Hola a tod@s!\u00a0 En este blog educativo podr\u00e1s encontrar las actividades tan chulas que hacemos en el d\u00eda de nuestro cole de Berducedo. Somos poquitos&#8230;pero nos encanta aprender cosas nuevas que aqu\u00ed os ense\u00f1aremos. &nbsp;<\/p>\n","protected":false},"author":721,"featured_media":0,"parent":0,"menu_order":0,"comment_status":"closed","ping_status":"open","template":"","meta":{"footnotes":""},"class_list":["post-2","page","type-page","status-publish","hentry","without-featured-image"],"_links":{"self":[{"href":"https:\/\/edublog.educastur.es\/coleberducedo\/wp-json\/wp\/v2\/pages\/2","targetHints":{"allow":["GET"]}}],"collection":[{"href":"https:\/\/edublog.educastur.es\/coleberducedo\/wp-json\/wp\/v2\/pages"}],"about":[{"href":"https:\/\/edublog.educastur.es\/coleberducedo\/wp-json\/wp\/v2\/types\/page"}],"author":[{"embeddable":true,"href":"https:\/\/edublog.educastur.es\/coleberducedo\/wp-json\/wp\/v2\/users\/721"}],"replies":[{"embeddable":true,"href":"https:\/\/edublog.educastur.es\/coleberducedo\/wp-json\/wp\/v2\/comments?post=2"}],"version-history":[{"count":4,"href":"https:\/\/edublog.educastur.es\/coleberducedo\/wp-json\/wp\/v2\/pages\/2\/revisions"}],"predecessor-version":[{"id":11,"href":"https:\/\/edublog.educastur.es\/coleberducedo\/wp-json\/wp\/v2\/pages\/2\/revisions\/11"}],"wp:attachment":[{"href":"https:\/\/edublog.educastur.es\/coleberducedo\/wp-json\/wp\/v2\/media?parent=2"}],"curies":[{"name":"wp","href":"https:\/\/api.w.org\/{rel}","templated":true}]}}