{"id":1072,"date":"2023-03-08T16:12:54","date_gmt":"2023-03-08T16:12:54","guid":{"rendered":"https:\/\/edublog.educastur.es\/cpgloriarodriguez\/?page_id=1072"},"modified":"2026-02-25T13:56:28","modified_gmt":"2026-02-25T12:56:28","slug":"matriculacion","status":"publish","type":"page","link":"https:\/\/edublog.educastur.es\/colejimi\/centro\/matriculacion\/","title":{"rendered":"Matriculaci\u00f3n"},"content":{"rendered":"<p><img loading=\"lazy\" decoding=\"async\" class=\"aligncenter wp-image-3163 size-full\" src=\"http:\/\/edublog.educastur.es\/colejimi\/files\/2026\/02\/Calendario-admision-alumnado.jpg\" alt=\"\" width=\"1920\" height=\"1080\" srcset=\"https:\/\/edublog.educastur.es\/colejimi\/files\/2026\/02\/Calendario-admision-alumnado.jpg 1920w, https:\/\/edublog.educastur.es\/colejimi\/files\/2026\/02\/Calendario-admision-alumnado-300x169.jpg 300w, https:\/\/edublog.educastur.es\/colejimi\/files\/2026\/02\/Calendario-admision-alumnado-1024x576.jpg 1024w, https:\/\/edublog.educastur.es\/colejimi\/files\/2026\/02\/Calendario-admision-alumnado-768x432.jpg 768w, https:\/\/edublog.educastur.es\/colejimi\/files\/2026\/02\/Calendario-admision-alumnado-1536x864.jpg 1536w, https:\/\/edublog.educastur.es\/colejimi\/files\/2026\/02\/Calendario-admision-alumnado-680x382.jpg 680w, https:\/\/edublog.educastur.es\/colejimi\/files\/2026\/02\/Calendario-admision-alumnado-1080x608.jpg 1080w\" sizes=\"auto, (max-width: 1920px) 100vw, 1920px\" \/><\/p>\n<p>&nbsp;<\/p>\n<p style=\"text-align: center\"><span style=\"color: #ff0000\"><strong><span style=\"font-size: 18pt\">Listado DEFINITIVO de admitidos\/as al centro curso 2025-2026<\/span><\/strong><\/span><\/p>\n<p><img loading=\"lazy\" decoding=\"async\" class=\"aligncenter wp-image-2703 size-full\" src=\"http:\/\/edublog.educastur.es\/colejimi\/files\/2025\/06\/Admision-DEFINITIVA_Web.jpg\" alt=\"\" width=\"1414\" height=\"2000\" \/><\/p>\n<p>&nbsp;<\/p>\n<p>&nbsp;<\/p>\n<p>&nbsp;<\/p>\n<p style=\"text-align: center\"><a href=\"https:\/\/sede.asturias.es\/-\/dboid-6269000011774757107573\" target=\"_blank\" rel=\"noopener\"><span style=\"font-size: 18pt\"><strong>Enlace a <\/strong><\/span><\/a><\/p>\n<p style=\"text-align: center\"><a href=\"https:\/\/sede.asturias.es\/-\/dboid-6269000011774757107573\" target=\"_blank\" rel=\"noopener\"><span style=\"font-size: 18pt\"><strong>SOLICITUD DE ADMISI\u00d3N CENTROS P\u00daBLICOS del Principado de Asturias<\/strong><\/span><\/a><\/p>\n<p>&nbsp;<\/p>\n<p>&nbsp;<\/p>\n<p>&nbsp;<\/p>\n<p style=\"text-align: center\"><span style=\"color: #339966;font-family: verdana, geneva, sans-serif;font-size: 18pt\"><strong>DOCUMENTACI\u00d3N NECESARIA PARA LA MATRICULACI\u00d3N:<\/strong><\/span><\/p>\n<p><span style=\"font-size: 14pt\"><strong>Matr\u00edcula alumnado para <span style=\"text-decoration: underline;color: #ff0000\">INFANTIL<\/span>. Documentaci\u00f3n necesaria:<\/strong><\/span><\/p>\n<ul>\n<li><a href=\"https:\/\/educastur-my.sharepoint.com\/:w:\/g\/personal\/cpjimi_educastur_org\/EcFHAwq6SyZFvcTMjCzp9jQBDi9Y-ybiTiLiWc-h3EBqrw?e=dwa1ev\">Informaci\u00f3n Documentaci\u00f3n infantil<\/a>:<\/li>\n<\/ul>\n<ol>\n<li><a href=\"https:\/\/educastur-my.sharepoint.com\/:b:\/g\/personal\/cpjimi_educastur_org\/EUo5bfDrQjxPkKMF_FcCdZgBqDeSK_K-r1u6B1YhWnBjLw?e=k2gdgg\">IMPRESO DE SOLICITUD DE DEBIDAMENTE CUMPLIMENTADO CON LA FIRMA DEL PADRE Y DE LA MADRE<\/a>.<\/li>\n<li><a href=\"https:\/\/educastur-my.sharepoint.com\/:b:\/g\/personal\/cpjimi_educastur_org\/EQtUdC7MZthJknd1ZzEz-eAB13a87Rh2MuqD1tMv18bhug?e=l9qcYR\">IMPRESO DE AUTORIZACI\u00d3N DE LOS MIEMBROS DE LA UNIDAD FAMILIAS PARA LA CONSULTA DEL IRPF<\/a>.<\/li>\n<li><a href=\"https:\/\/educastur-my.sharepoint.com\/:b:\/g\/personal\/cpjimi_educastur_org\/EUy5rHKpr3lApUJ3Ijije8gBWbRihStzTqU2ifDPeQW33Q?e=ayiuOU\">IMPRESO DE SOLICITUD DE TRANSPORTE ESCOLAR<\/a> (en caso de tener derecho al mismo)<\/li>\n<li><a href=\"https:\/\/educastur-my.sharepoint.com\/:b:\/g\/personal\/cpjimi_educastur_org\/EUgqG0t_xa9Mp13dVoHPHwgB9g22MH2Wzg7vUWO38eF4sQ?e=fkcCgP\">IMPRESO DE AYUDA INDIVIDUAL PARA EL TRANSPORTE ESCOLAR<\/a>\u00a0(en caso de solicitarlo).<\/li>\n<li><a href=\"https:\/\/educastur-my.sharepoint.com\/:b:\/g\/personal\/gloriaro_educastur_org\/Eeubx4WmvENCvNXs_c63CeEB1DO9tye2cZRMb9jSqaRckA?e=dJ48WH\">FICHA DE RECOGIDA DE DATOS<\/a>.<\/li>\n<li><a href=\"https:\/\/educastur-my.sharepoint.com\/:w:\/g\/personal\/cpjimi_educastur_org\/EV3OsSqnk-hLvv0YpUGgqm8BzesMVKW6rSevAG_eH7V50g?e=PiKpGB\">AUTORIZACI\u00d3N USO DE IM\u00c1GENES<\/a>.<\/li>\n<li><a href=\"https:\/\/educastur-my.sharepoint.com\/:w:\/g\/personal\/cpjimi_educastur_org\/ET370YILdc9MjTp8Ax-Di5IB6CUdfGAbAGkY7lfzb23Otg?e=1Q73Wp\">AUTORIZACI\u00d3N SALIDA POR EL ENTORNO<\/a>.<\/li>\n<li><a href=\"https:\/\/educastur-my.sharepoint.com\/:b:\/g\/personal\/cpjimi_educastur_org\/EZfubaYipERNgYTHVp9iqwMBZ2KT-sR9pkBWFtfcr_fJjw?e=ZUHbUA\">INFORMACI\u00d3N uso Aplicaci\u00f3n Tokapp<\/a>.<\/li>\n<li><a href=\"https:\/\/educastur-my.sharepoint.com\/:b:\/g\/personal\/cpjimi_educastur_org\/ES8X3lPCCRpLpt5tkEHIbTEBGwj0BLUylmPJVEE0CQmRpQ?e=JayW1g\">AUTORIZACI\u00d3N uso Aplicaci\u00f3n Tokapp<\/a>.<\/li>\n<li>FOTOCOPIA DEL LIBRO DE FAMILIA (TODAS LAS HOJAS QUE EST\u00c9N CUBIERTAS).<\/li>\n<li>CERTIFICADO DEL PADR\u00d3N MUNICIPAL (necesario en caso de vivir a m\u00e1s de 1,5 Km del centro).<\/li>\n<li>FOTOCOPIA DEL DNI DE LA MADRE Y DEL PADRE.<\/li>\n<li><a href=\"https:\/\/educastur-my.sharepoint.com\/:w:\/g\/personal\/cpjimi_educastur_org\/EXvCvamFFqxOvtXEeoNtsJgBUP7Un5pYs85pwFL791HLqw?e=JrqThI\">OPCI\u00d3N DE ENSE\u00d1ANZA DE RELICI\u00d3N o ATENCI\u00d3N EDUCATIVA<\/a>.<\/li>\n<\/ol>\n<p>&nbsp;<\/p>\n<p><span style=\"font-size: 14pt\"><strong>Matr\u00edcula alumnado para <span style=\"text-decoration: underline;color: #ff0000\">PRIMARIA<\/span>. Documentaci\u00f3n necesaria:<\/strong><\/span><\/p>\n<ul>\n<li><a href=\"https:\/\/educastur-my.sharepoint.com\/:w:\/g\/personal\/cpjimi_educastur_org\/Ed0YnNqxBG1EtvGqM9az_BYBUV8T8lIfaLV3BUxzzeK6Yg?e=yteVdX\">Informaci\u00f3n Documentaci\u00f3n Primaria<\/a>:<\/li>\n<\/ul>\n<ol>\n<li><a href=\"https:\/\/educastur-my.sharepoint.com\/:b:\/g\/personal\/cpjimi_educastur_org\/EUo5bfDrQjxPkKMF_FcCdZgBqDeSK_K-r1u6B1YhWnBjLw?e=k2gdgg\">IMPRESO DE SOLICITUD DE DEBIDAMENTE CUMPLIMENTADO CON LA FIRMA DEL PADRE Y DE LA MADRE<\/a>.<\/li>\n<li><a href=\"https:\/\/educastur-my.sharepoint.com\/:b:\/g\/personal\/cpjimi_educastur_org\/EQtUdC7MZthJknd1ZzEz-eAB13a87Rh2MuqD1tMv18bhug?e=l9qcYR\">IMPRESO DE AUTORIZACI\u00d3N DE LOS MIEMBROS DE LA UNIDAD FAMILIAS PARA LA CONSULTA DEL IRPF<\/a>.<\/li>\n<li><a href=\"https:\/\/educastur-my.sharepoint.com\/:b:\/g\/personal\/cpjimi_educastur_org\/EUy5rHKpr3lApUJ3Ijije8gBWbRihStzTqU2ifDPeQW33Q?e=ayiuOU\">IMPRESO DE SOLICITUD DE TRANSPORTE ESCOLAR<\/a> (en caso de tener derecho al mismo).<\/li>\n<li><a href=\"https:\/\/educastur-my.sharepoint.com\/:b:\/g\/personal\/cpjimi_educastur_org\/EUgqG0t_xa9Mp13dVoHPHwgB9g22MH2Wzg7vUWO38eF4sQ?e=fkcCgP\">IMPRESO DE AYUDA INDIVIDUAL PARA EL TRANSPORTE ESCOLAR<\/a>\u00a0(en caso de solicitarlo).<\/li>\n<li><a href=\"https:\/\/educastur-my.sharepoint.com\/:b:\/g\/personal\/gloriaro_educastur_org\/Eeubx4WmvENCvNXs_c63CeEB1DO9tye2cZRMb9jSqaRckA?e=dJ48WH\">FICHA DE RECOGIDA DE DATOS<\/a>.<\/li>\n<li><a href=\"https:\/\/educastur-my.sharepoint.com\/:w:\/g\/personal\/cpjimi_educastur_org\/EV3OsSqnk-hLvv0YpUGgqm8BzesMVKW6rSevAG_eH7V50g?e=PiKpGB\">AUTORIZACI\u00d3N USO DE IM\u00c1GENES<\/a>.<\/li>\n<li><a href=\"https:\/\/educastur-my.sharepoint.com\/:w:\/g\/personal\/cpjimi_educastur_org\/ET370YILdc9MjTp8Ax-Di5IB6CUdfGAbAGkY7lfzb23Otg?e=1Q73Wp\">AUTORIZACI\u00d3N SALIDA POR EL ENTORNO<\/a>.<\/li>\n<li><a href=\"https:\/\/educastur-my.sharepoint.com\/:b:\/g\/personal\/cpjimi_educastur_org\/EZfubaYipERNgYTHVp9iqwMBZ2KT-sR9pkBWFtfcr_fJjw?e=ZUHbUA\">INFORMACI\u00d3N uso Aplicaci\u00f3n Tokapp<\/a>.<\/li>\n<li><a href=\"https:\/\/educastur-my.sharepoint.com\/:b:\/g\/personal\/cpjimi_educastur_org\/ES8X3lPCCRpLpt5tkEHIbTEBGwj0BLUylmPJVEE0CQmRpQ?e=JayW1g\">AUTORIZACI\u00d3N uso Aplicaci\u00f3n Tokapp<\/a>.<\/li>\n<li>FOTOCOPIA DEL LIBRO DE FAMILIA (TODAS LAS HOJAS QUE EST\u00c9N CUBIERTAS).<\/li>\n<li>CERTIFICADO DEL PADR\u00d3N MUNICIPAL (necesario en caso de vivir a m\u00e1s de 1,5 Km del centro).<\/li>\n<li>FOTOCOPIA DEL DNI DE LA MADRE Y DEL PADRE.<\/li>\n<li><a href=\"https:\/\/educastur-my.sharepoint.com\/:w:\/g\/personal\/cpjimi_educastur_org\/EZmxm64DihtBn7GO9woRNK4BYJqAeIfJ3oiCWm8W08R9Uw?e=9Y4DX0\">OPCI\u00d3N DE ENSE\u00d1ANZA DE RELICI\u00d3N o ATENCI\u00d3N EDUCATIVA<\/a>.<\/li>\n<li><a href=\"https:\/\/educastur-my.sharepoint.com\/:w:\/g\/personal\/cpjimi_educastur_org\/ETADUylRiUlMo3m9cqyVnMMB6jyxJsVMKaswUBZw_9wGEQ?e=W0MmWe\">\u00d3PCI\u00d3N DE ENSE\u00d1ANZA DE LENGUA ASTURIANA O CULTURA ASTURIANA<\/a>.<\/li>\n<\/ol>\n","protected":false},"excerpt":{"rendered":"<p>&nbsp; Listado DEFINITIVO de admitidos\/as al centro curso 2025-2026 &nbsp; &nbsp; &nbsp; Enlace a SOLICITUD DE ADMISI\u00d3N CENTROS P\u00daBLICOS del Principado de Asturias &nbsp; &nbsp; &nbsp; DOCUMENTACI\u00d3N NECESARIA PARA LA MATRICULACI\u00d3N: Matr\u00edcula alumnado para INFANTIL. Documentaci\u00f3n necesaria: Informaci\u00f3n Documentaci\u00f3n infantil: IMPRESO DE SOLICITUD DE DEBIDAMENTE CUMPLIMENTADO CON LA FIRMA DEL PADRE Y DE LA MADRE. &hellip; <a href=\"https:\/\/edublog.educastur.es\/colejimi\/centro\/matriculacion\/\" class=\"more-link\">Seguir leyendo <span class=\"screen-reader-text\">Matriculaci\u00f3n<\/span><\/a><\/p>\n","protected":false},"author":1658,"featured_media":0,"parent":310,"menu_order":5,"comment_status":"closed","ping_status":"closed","template":"","meta":{"footnotes":""},"class_list":["post-1072","page","type-page","status-publish","hentry","no-featured-image"],"_links":{"self":[{"href":"https:\/\/edublog.educastur.es\/colejimi\/wp-json\/wp\/v2\/pages\/1072","targetHints":{"allow":["GET"]}}],"collection":[{"href":"https:\/\/edublog.educastur.es\/colejimi\/wp-json\/wp\/v2\/pages"}],"about":[{"href":"https:\/\/edublog.educastur.es\/colejimi\/wp-json\/wp\/v2\/types\/page"}],"author":[{"embeddable":true,"href":"https:\/\/edublog.educastur.es\/colejimi\/wp-json\/wp\/v2\/users\/1658"}],"replies":[{"embeddable":true,"href":"https:\/\/edublog.educastur.es\/colejimi\/wp-json\/wp\/v2\/comments?post=1072"}],"version-history":[{"count":16,"href":"https:\/\/edublog.educastur.es\/colejimi\/wp-json\/wp\/v2\/pages\/1072\/revisions"}],"predecessor-version":[{"id":3164,"href":"https:\/\/edublog.educastur.es\/colejimi\/wp-json\/wp\/v2\/pages\/1072\/revisions\/3164"}],"up":[{"embeddable":true,"href":"https:\/\/edublog.educastur.es\/colejimi\/wp-json\/wp\/v2\/pages\/310"}],"wp:attachment":[{"href":"https:\/\/edublog.educastur.es\/colejimi\/wp-json\/wp\/v2\/media?parent=1072"}],"curies":[{"name":"wp","href":"https:\/\/api.w.org\/{rel}","templated":true}]}}

Matriculación

<p><img loading="lazy" decoding="async" class="aligncenter wp-image-3163 size-full" src="http://edublog.educastur.es/colejimi/files/2026/02/Calendario-admision-alumnado.jpg" alt="" width="1920" height="1080" srcset="https://edublog.educastur.es/colejimi/files/2026/02/Calendario-admision-alumnado.jpg 1920w, https://edublog.educastur.es/colejimi/files/2026/02/Calendario-admision-alumnado-300x169.jpg 300w, https://edublog.educastur.es/colejimi/files/2026/02/Calendario-admision-alumnado-1024x576.jpg 1024w, https://edublog.educastur.es/colejimi/files/2026/02/Calendario-admision-alumnado-768x432.jpg 768w, https://edublog.educastur.es/colejimi/files/2026/02/Calendario-admision-alumnado-1536x864.jpg 1536w, https://edublog.educastur.es/colejimi/files/2026/02/Calendario-admision-alumnado-680x382.jpg 680w, https://edublog.educastur.es/colejimi/files/2026/02/Calendario-admision-alumnado-1080x608.jpg 1080w" sizes="auto, (max-width: 1920px) 100vw, 1920px" /></p>
<p>&nbsp;</p>
<p style="text-align: center"><span style="color: #ff0000"><strong><span style="font-size: 18pt">Listado DEFINITIVO de admitidos/as al centro curso 2025-2026</span></strong></span></p>
<p><img loading="lazy" decoding="async" class="aligncenter wp-image-2703 size-full" src="http://edublog.educastur.es/colejimi/files/2025/06/Admision-DEFINITIVA_Web.jpg" alt="" width="1414" height="2000" /></p>
<p>&nbsp;</p>
<p>&nbsp;</p>
<p>&nbsp;</p>
<p style="text-align: center"><a href="https://sede.asturias.es/-/dboid-6269000011774757107573" target="_blank" rel="noopener"><span style="font-size: 18pt"><strong>Enlace a </strong></span></a></p>
<p style="text-align: center"><a href="https://sede.asturias.es/-/dboid-6269000011774757107573" target="_blank" rel="noopener"><span style="font-size: 18pt"><strong>SOLICITUD DE ADMISIÓN CENTROS PÚBLICOS del Principado de Asturias</strong></span></a></p>
<p>&nbsp;</p>
<p>&nbsp;</p>
<p>&nbsp;</p>
<p style="text-align: center"><span style="color: #339966;font-family: verdana, geneva, sans-serif;font-size: 18pt"><strong>DOCUMENTACIÓN NECESARIA PARA LA MATRICULACIÓN:</strong></span></p>
<p><span style="font-size: 14pt"><strong>Matrícula alumnado para <span style="text-decoration: underline;color: #ff0000">INFANTIL</span>. Documentación necesaria:</strong></span></p>
<ul>
<li><a href="https://educastur-my.sharepoint.com/:w:/g/personal/cpjimi_educastur_org/EcFHAwq6SyZFvcTMjCzp9jQBDi9Y-ybiTiLiWc-h3EBqrw?e=dwa1ev">Información Documentación infantil</a>:</li>
</ul>
<ol>
<li><a href="https://educastur-my.sharepoint.com/:b:/g/personal/cpjimi_educastur_org/EUo5bfDrQjxPkKMF_FcCdZgBqDeSK_K-r1u6B1YhWnBjLw?e=k2gdgg">IMPRESO DE SOLICITUD DE DEBIDAMENTE CUMPLIMENTADO CON LA FIRMA DEL PADRE Y DE LA MADRE</a>.</li>
<li><a href="https://educastur-my.sharepoint.com/:b:/g/personal/cpjimi_educastur_org/EQtUdC7MZthJknd1ZzEz-eAB13a87Rh2MuqD1tMv18bhug?e=l9qcYR">IMPRESO DE AUTORIZACIÓN DE LOS MIEMBROS DE LA UNIDAD FAMILIAS PARA LA CONSULTA DEL IRPF</a>.</li>
<li><a href="https://educastur-my.sharepoint.com/:b:/g/personal/cpjimi_educastur_org/EUy5rHKpr3lApUJ3Ijije8gBWbRihStzTqU2ifDPeQW33Q?e=ayiuOU">IMPRESO DE SOLICITUD DE TRANSPORTE ESCOLAR</a> (en caso de tener derecho al mismo)</li>
<li><a href="https://educastur-my.sharepoint.com/:b:/g/personal/cpjimi_educastur_org/EUgqG0t_xa9Mp13dVoHPHwgB9g22MH2Wzg7vUWO38eF4sQ?e=fkcCgP">IMPRESO DE AYUDA INDIVIDUAL PARA EL TRANSPORTE ESCOLAR</a> (en caso de solicitarlo).</li>
<li><a href="https://educastur-my.sharepoint.com/:b:/g/personal/gloriaro_educastur_org/Eeubx4WmvENCvNXs_c63CeEB1DO9tye2cZRMb9jSqaRckA?e=dJ48WH">FICHA DE RECOGIDA DE DATOS</a>.</li>
<li><a href="https://educastur-my.sharepoint.com/:w:/g/personal/cpjimi_educastur_org/EV3OsSqnk-hLvv0YpUGgqm8BzesMVKW6rSevAG_eH7V50g?e=PiKpGB">AUTORIZACIÓN USO DE IMÁGENES</a>.</li>
<li><a href="https://educastur-my.sharepoint.com/:w:/g/personal/cpjimi_educastur_org/ET370YILdc9MjTp8Ax-Di5IB6CUdfGAbAGkY7lfzb23Otg?e=1Q73Wp">AUTORIZACIÓN SALIDA POR EL ENTORNO</a>.</li>
<li><a href="https://educastur-my.sharepoint.com/:b:/g/personal/cpjimi_educastur_org/EZfubaYipERNgYTHVp9iqwMBZ2KT-sR9pkBWFtfcr_fJjw?e=ZUHbUA">INFORMACIÓN uso Aplicación Tokapp</a>.</li>
<li><a href="https://educastur-my.sharepoint.com/:b:/g/personal/cpjimi_educastur_org/ES8X3lPCCRpLpt5tkEHIbTEBGwj0BLUylmPJVEE0CQmRpQ?e=JayW1g">AUTORIZACIÓN uso Aplicación Tokapp</a>.</li>
<li>FOTOCOPIA DEL LIBRO DE FAMILIA (TODAS LAS HOJAS QUE ESTÉN CUBIERTAS).</li>
<li>CERTIFICADO DEL PADRÓN MUNICIPAL (necesario en caso de vivir a más de 1,5 Km del centro).</li>
<li>FOTOCOPIA DEL DNI DE LA MADRE Y DEL PADRE.</li>
<li><a href="https://educastur-my.sharepoint.com/:w:/g/personal/cpjimi_educastur_org/EXvCvamFFqxOvtXEeoNtsJgBUP7Un5pYs85pwFL791HLqw?e=JrqThI">OPCIÓN DE ENSEÑANZA DE RELICIÓN o ATENCIÓN EDUCATIVA</a>.</li>
</ol>
<p>&nbsp;</p>
<p><span style="font-size: 14pt"><strong>Matrícula alumnado para <span style="text-decoration: underline;color: #ff0000">PRIMARIA</span>. Documentación necesaria:</strong></span></p>
<ul>
<li><a href="https://educastur-my.sharepoint.com/:w:/g/personal/cpjimi_educastur_org/Ed0YnNqxBG1EtvGqM9az_BYBUV8T8lIfaLV3BUxzzeK6Yg?e=yteVdX">Información Documentación Primaria</a>:</li>
</ul>
<ol>
<li><a href="https://educastur-my.sharepoint.com/:b:/g/personal/cpjimi_educastur_org/EUo5bfDrQjxPkKMF_FcCdZgBqDeSK_K-r1u6B1YhWnBjLw?e=k2gdgg">IMPRESO DE SOLICITUD DE DEBIDAMENTE CUMPLIMENTADO CON LA FIRMA DEL PADRE Y DE LA MADRE</a>.</li>
<li><a href="https://educastur-my.sharepoint.com/:b:/g/personal/cpjimi_educastur_org/EQtUdC7MZthJknd1ZzEz-eAB13a87Rh2MuqD1tMv18bhug?e=l9qcYR">IMPRESO DE AUTORIZACIÓN DE LOS MIEMBROS DE LA UNIDAD FAMILIAS PARA LA CONSULTA DEL IRPF</a>.</li>
<li><a href="https://educastur-my.sharepoint.com/:b:/g/personal/cpjimi_educastur_org/EUy5rHKpr3lApUJ3Ijije8gBWbRihStzTqU2ifDPeQW33Q?e=ayiuOU">IMPRESO DE SOLICITUD DE TRANSPORTE ESCOLAR</a> (en caso de tener derecho al mismo).</li>
<li><a href="https://educastur-my.sharepoint.com/:b:/g/personal/cpjimi_educastur_org/EUgqG0t_xa9Mp13dVoHPHwgB9g22MH2Wzg7vUWO38eF4sQ?e=fkcCgP">IMPRESO DE AYUDA INDIVIDUAL PARA EL TRANSPORTE ESCOLAR</a> (en caso de solicitarlo).</li>
<li><a href="https://educastur-my.sharepoint.com/:b:/g/personal/gloriaro_educastur_org/Eeubx4WmvENCvNXs_c63CeEB1DO9tye2cZRMb9jSqaRckA?e=dJ48WH">FICHA DE RECOGIDA DE DATOS</a>.</li>
<li><a href="https://educastur-my.sharepoint.com/:w:/g/personal/cpjimi_educastur_org/EV3OsSqnk-hLvv0YpUGgqm8BzesMVKW6rSevAG_eH7V50g?e=PiKpGB">AUTORIZACIÓN USO DE IMÁGENES</a>.</li>
<li><a href="https://educastur-my.sharepoint.com/:w:/g/personal/cpjimi_educastur_org/ET370YILdc9MjTp8Ax-Di5IB6CUdfGAbAGkY7lfzb23Otg?e=1Q73Wp">AUTORIZACIÓN SALIDA POR EL ENTORNO</a>.</li>
<li><a href="https://educastur-my.sharepoint.com/:b:/g/personal/cpjimi_educastur_org/EZfubaYipERNgYTHVp9iqwMBZ2KT-sR9pkBWFtfcr_fJjw?e=ZUHbUA">INFORMACIÓN uso Aplicación Tokapp</a>.</li>
<li><a href="https://educastur-my.sharepoint.com/:b:/g/personal/cpjimi_educastur_org/ES8X3lPCCRpLpt5tkEHIbTEBGwj0BLUylmPJVEE0CQmRpQ?e=JayW1g">AUTORIZACIÓN uso Aplicación Tokapp</a>.</li>
<li>FOTOCOPIA DEL LIBRO DE FAMILIA (TODAS LAS HOJAS QUE ESTÉN CUBIERTAS).</li>
<li>CERTIFICADO DEL PADRÓN MUNICIPAL (necesario en caso de vivir a más de 1,5 Km del centro).</li>
<li>FOTOCOPIA DEL DNI DE LA MADRE Y DEL PADRE.</li>
<li><a href="https://educastur-my.sharepoint.com/:w:/g/personal/cpjimi_educastur_org/EZmxm64DihtBn7GO9woRNK4BYJqAeIfJ3oiCWm8W08R9Uw?e=9Y4DX0">OPCIÓN DE ENSEÑANZA DE RELICIÓN o ATENCIÓN EDUCATIVA</a>.</li>
<li><a href="https://educastur-my.sharepoint.com/:w:/g/personal/cpjimi_educastur_org/ETADUylRiUlMo3m9cqyVnMMB6jyxJsVMKaswUBZw_9wGEQ?e=W0MmWe">ÓPCIÓN DE ENSEÑANZA DE LENGUA ASTURIANA O CULTURA ASTURIANA</a>.</li>
</ol>

<p>&nbsp; Listado DEFINITIVO de admitidos/as al centro curso 2025-2026 &nbsp; &nbsp; &nbsp; Enlace a SOLICITUD DE ADMISIÓN CENTROS PÚBLICOS del Principado de Asturias &nbsp; &nbsp; &nbsp; DOCUMENTACIÓN NECESARIA PARA LA MATRICULACIÓN: Matrícula alumnado para INFANTIL. Documentación necesaria: Información Documentación infantil: IMPRESO DE SOLICITUD DE DEBIDAMENTE CUMPLIMENTADO CON LA FIRMA DEL PADRE Y DE LA MADRE. &hellip; <a href="https://edublog.educastur.es/colejimi/centro/matriculacion/" class="more-link">Seguir leyendo <span class="screen-reader-text">Matriculación</span></a></p>
