{"id":1586,"date":"2024-03-06T12:00:44","date_gmt":"2024-03-06T11:00:44","guid":{"rendered":"https:\/\/edublog.educastur.es\/cpgloriarodriguez\/?page_id=1586"},"modified":"2026-02-24T09:45:47","modified_gmt":"2026-02-24T08:45:47","slug":"jornada-de-puertas-abiertas-2","status":"publish","type":"page","link":"https:\/\/edublog.educastur.es\/colejimi\/familias\/jornada-de-puertas-abiertas-2\/","title":{"rendered":"Jornada de puertas abiertas"},"content":{"rendered":"<p style=\"text-align: center\"><span style=\"font-size: 14pt\"><strong><img loading=\"lazy\" decoding=\"async\" class=\"aligncenter wp-image-3155 size-full\" src=\"http:\/\/edublog.educastur.es\/colejimi\/files\/2026\/02\/Puertas-abiertas.jpg\" alt=\"\" width=\"675\" height=\"675\" \/><\/strong><\/span><\/p>\n<p><span style=\"color: #ff0000;font-size: 14pt\"><span style=\"text-decoration: underline\"><strong>Jueves 7 de abril de 2025<\/strong><\/span>. <strong>12:30 horas. <\/strong><\/span>Presentaci\u00f3n del colegio y de las actividades. Dado que es en horario escolar, los ni\u00f1os y ni\u00f1as que vengan permanecer\u00e1n con sus familiares para no interrumpir el ritmo de las clases.<\/p>\n<p style=\"text-align: center\"><em><span style=\"font-size: 14pt\"><strong><span style=\"color: #800080\">Se ruega confirmaci\u00f3n de asistencia para una mejor organizaci\u00f3n.<\/span><\/strong><\/span><\/em><\/p>\n<p style=\"text-align: center\"><span style=\"font-size: 24pt\"><strong><span style=\"color: #339966\"><em>Gracias, os esperamos.<\/em><\/span><\/strong><\/span><\/p>\n","protected":false},"excerpt":{"rendered":"<p>Jueves 7 de abril de 2025. 12:30 horas. Presentaci\u00f3n del colegio y de las actividades. Dado que es en horario escolar, los ni\u00f1os y ni\u00f1as que vengan permanecer\u00e1n con sus familiares para no interrumpir el ritmo de las clases. Se ruega confirmaci\u00f3n de asistencia para una mejor organizaci\u00f3n. Gracias, os esperamos.<\/p>\n","protected":false},"author":1658,"featured_media":0,"parent":30,"menu_order":0,"comment_status":"closed","ping_status":"closed","template":"","meta":{"footnotes":""},"class_list":["post-1586","page","type-page","status-publish","hentry","no-featured-image"],"_links":{"self":[{"href":"https:\/\/edublog.educastur.es\/colejimi\/wp-json\/wp\/v2\/pages\/1586","targetHints":{"allow":["GET"]}}],"collection":[{"href":"https:\/\/edublog.educastur.es\/colejimi\/wp-json\/wp\/v2\/pages"}],"about":[{"href":"https:\/\/edublog.educastur.es\/colejimi\/wp-json\/wp\/v2\/types\/page"}],"author":[{"embeddable":true,"href":"https:\/\/edublog.educastur.es\/colejimi\/wp-json\/wp\/v2\/users\/1658"}],"replies":[{"embeddable":true,"href":"https:\/\/edublog.educastur.es\/colejimi\/wp-json\/wp\/v2\/comments?post=1586"}],"version-history":[{"count":6,"href":"https:\/\/edublog.educastur.es\/colejimi\/wp-json\/wp\/v2\/pages\/1586\/revisions"}],"predecessor-version":[{"id":3157,"href":"https:\/\/edublog.educastur.es\/colejimi\/wp-json\/wp\/v2\/pages\/1586\/revisions\/3157"}],"up":[{"embeddable":true,"href":"https:\/\/edublog.educastur.es\/colejimi\/wp-json\/wp\/v2\/pages\/30"}],"wp:attachment":[{"href":"https:\/\/edublog.educastur.es\/colejimi\/wp-json\/wp\/v2\/media?parent=1586"}],"curies":[{"name":"wp","href":"https:\/\/api.w.org\/{rel}","templated":true}]}}

<p style="text-align: center"><span style="font-size: 14pt"><strong><img loading="lazy" decoding="async" class="aligncenter wp-image-3155 size-full" src="http://edublog.educastur.es/colejimi/files/2026/02/Puertas-abiertas.jpg" alt="" width="675" height="675" /></strong></span></p>
<p><span style="color: #ff0000;font-size: 14pt"><span style="text-decoration: underline"><strong>Jueves 7 de abril de 2025</strong></span>. <strong>12:30 horas. </strong></span>Presentación del colegio y de las actividades. Dado que es en horario escolar, los niños y niñas que vengan permanecerán con sus familiares para no interrumpir el ritmo de las clases.</p>
<p style="text-align: center"><em><span style="font-size: 14pt"><strong><span style="color: #800080">Se ruega confirmación de asistencia para una mejor organización.</span></strong></span></em></p>
<p style="text-align: center"><span style="font-size: 24pt"><strong><span style="color: #339966"><em>Gracias, os esperamos.</em></span></strong></span></p>

<p>Jueves 7 de abril de 2025. 12:30 horas. Presentación del colegio y de las actividades. Dado que es en horario escolar, los niños y niñas que vengan permanecerán con sus familiares para no interrumpir el ritmo de las clases. Se ruega confirmación de asistencia para una mejor organización. Gracias, os esperamos.</p>
