{"id":2348,"date":"2024-11-11T10:48:42","date_gmt":"2024-11-11T09:48:42","guid":{"rendered":"https:\/\/edublog.educastur.es\/colejimi\/?page_id=2348"},"modified":"2026-01-20T10:42:56","modified_gmt":"2026-01-20T09:42:56","slug":"medios-de-comunicacion","status":"publish","type":"page","link":"https:\/\/edublog.educastur.es\/colejimi\/familias\/medios-de-comunicacion\/","title":{"rendered":"Medios de comunicaci\u00f3n"},"content":{"rendered":"<table style=\"border-collapse: collapse;width: 100%;height: 472px\">\n<tbody>\n<tr style=\"height: 24px\">\n<td style=\"width: 33.2221%;background-color: #f57676;text-align: center;height: 24px\"><strong>Comunicaciones oficiales<\/strong><\/td>\n<td style=\"width: 33.4445%;background-color: #a37cf7;text-align: center;height: 24px\"><strong>Comunicaciones recomendadas<\/strong><\/td>\n<td style=\"width: 33.3333%;background-color: #67f743;text-align: center;height: 24px\"><strong>Comunicaciones voluntarias<\/strong><\/td>\n<\/tr>\n<tr style=\"height: 48px\">\n<td style=\"width: 33.2221%;text-align: center;height: 48px\"><span style=\"font-size: 12pt\"><strong>Plataforma 365<\/strong><\/span><\/p>\n<p><span style=\"font-size: 12pt\">Correo electr\u00f3nico Educastur: <strong>Outlook 365<\/strong><\/span><\/p>\n<p><strong>Tokapp School<\/strong><\/td>\n<td style=\"width: 33.4445%;text-align: center;height: 48px\">Microsoft <strong>Teams 365<\/strong><\/td>\n<td style=\"width: 33.3333%;text-align: center;height: 48px\"><strong>Telegram<\/strong><\/td>\n<\/tr>\n<tr style=\"height: 72px\">\n<td style=\"width: 33.2221%;text-align: center;height: 72px\"><span style=\"font-family: 'book antiqua', palatino, serif\">Se recomienda desde el centro mantener este tipo de medio para informar al centro o al profesorado de cualquier cuesti\u00f3n.<\/span><\/td>\n<td style=\"width: 33.4445%;text-align: center;height: 72px\"><span style=\"font-family: 'book antiqua', palatino, serif\">Para cualquier comunicaci\u00f3n a trav\u00e9s de la tutor\u00eda o alg\u00fan docente, se recomienda esta aplicaci\u00f3n.<\/span><\/td>\n<td style=\"width: 33.3333%;height: 72px;text-align: center\"><span style=\"font-family: 'book antiqua', palatino, serif\">Canal de comunicaci\u00f3n voluntario, r\u00e1pido y efectivo entre las familias y el centro (profesorado, tutor\u00eda,<\/span><\/td>\n<\/tr>\n<tr style=\"height: 48px\">\n<td style=\"width: 33.2221%;text-align: center;height: 48px\"><strong><span style=\"color: #0000ff\"><em><span style=\"font-family: 'book antiqua', palatino, serif\">Obligatorio para toda la comunidad escolar.<\/span><\/em><\/span><\/strong><\/td>\n<td style=\"width: 33.4445%;text-align: center;height: 48px\"><span style=\"font-family: 'book antiqua', palatino, serif\"><strong><span style=\"color: #0000ff\"><em>Recomendable para toda la comunidad escolar<\/em><\/span><\/strong><\/span><\/td>\n<td style=\"width: 33.3333%;text-align: center;height: 48px\"><span style=\"font-family: 'book antiqua', palatino, serif\"><strong><span style=\"color: #0000ff\"><em>Voluntario en toda la comunidad escolar<\/em><\/span><\/strong><\/span><\/td>\n<\/tr>\n<tr style=\"height: 280px\">\n<td style=\"width: 33.2221%;text-align: center;height: 280px\"><span style=\"color: #008000\"><a style=\"color: #008000\" href=\"https:\/\/edublog.educastur.es\/colejimi\/centro\/privacidad\/\"><strong><em><span style=\"font-family: 'book antiqua', palatino, serif\">Enlace a Pol\u00edticas de seguridad y privacidad seg\u00fan la AEPD<\/span><\/em><\/strong><\/a><\/span><\/p>\n<p><strong><em><span style=\"color: #339966\"><a style=\"color: #339966\" href=\"https:\/\/www.tokappschool.com\/politica-de-privacidad\/\"><span style=\"font-family: 'book antiqua', palatino, serif\">Pol\u00edtica de privacidad de la plataforma Tokapp School<\/span><\/a><\/span><\/em><\/strong><\/td>\n<td style=\"width: 33.4445%;text-align: center;height: 280px\"><span style=\"font-family: 'book antiqua', palatino, serif;color: #800000\">Usado por algunas tutor\u00edas. No todas las familias lo quieren y saben usar.<\/span><\/p>\n<p><span style=\"color: #008000\"><a style=\"color: #008000\" href=\"https:\/\/edublog.educastur.es\/colejimi\/centro\/privacidad\/\"><strong><em><span style=\"font-family: 'book antiqua', palatino, serif\">Enlace a Pol\u00edticas de seguridad y privacidad seg\u00fan la AEPD<\/span><\/em><\/strong><\/a><\/span><\/td>\n<td style=\"width: 33.3333%;text-align: center;height: 280px\"><span style=\"font-family: 'book antiqua', palatino, serif\"><span style=\"color: #0000ff\"><span style=\"font-family: 'book antiqua', palatino, serif;color: #800000\">Frente a la facilidad, rapidez y comodidad de uso, es el medio m\u00e1s utilizado en el centro por toda la comunidad escolar. Ver recomendaciones de seguridad y privacidad para un mejor uso.<\/span><\/span><\/span><\/p>\n<p><span style=\"color: #008000\"><em><strong>Pol\u00edticas de privacidad y seguridad a continuaci\u00f3n:<\/strong><\/em><\/span><\/td>\n<\/tr>\n<\/tbody>\n<\/table>\n<p style=\"text-align: center\"><span style=\"color: #ff0000\">Medios NO AUTORIZADOS (todos los dem\u00e1s): <span style=\"text-decoration: underline\"><strong>Whatsapp, Redes sociales<\/strong><\/span> (Instagram, Facebook, Tiktok, etc.), <span style=\"text-decoration: underline\"><strong>etc.<\/strong><\/span><\/span><\/p>\n<p>&nbsp;<\/p>\n<p><span style=\"font-size: 18pt\"><strong>Pol\u00edticas de privacidad y seguridad de la plataforma <a href=\"https:\/\/protecciondatos-lopd.com\/empresas\/privacidad-telegram\/\">Telegram<\/a><\/strong><\/span><\/p>\n<ul>\n<li><span style=\"text-decoration: underline\">Uso de la plataforma seg\u00fan <\/span><a href=\"https:\/\/www.aepd.es\/recurso-multimedia\/telegram\"><span style=\"text-decoration: underline\">aepd<\/span><\/a>: Protege los datos personales de los usuarios. No ser\u00e1n utilizados para enviarlos a anunciantes. Los datos personales que recopila Telegram son muy reducidos (a la hora de crear la cuenta) Respeta mucho m\u00e1s la privacidad que otras plataformas como Whatsapp. Permite usar nombre de usuario diferentes al de perfil, que se puede usar para que otras personas nos encuentren en la app (el tel\u00e9fono no se ver\u00eda). Plataforma que ofrece mucha seguridad y privacidad, y m\u00e1s cuando se configura debidamente, ofrecemos m\u00e1s informaci\u00f3n para su configuraci\u00f3n:<\/li>\n<\/ul>\n<p>&nbsp;<\/p>\n<ul>\n<li><span style=\"text-decoration: underline\">Garantizar la seguridad de los datos<\/span>: Para garantizar la seguridad y la <a href=\"https:\/\/protecciondatos-lopd.com\/empresas\/privacidad-datos\/\" target=\"_blank\" rel=\"noopener\" data-mil=\"20844\">privacidad de datos<\/a>, Telegram emplea servidores de diferentes centros de datos, donde la informaci\u00f3n est\u00e1 encriptada, de manera que personas externas no puedan acceder al contenido guardado, ni textos ni archivos multimedia. Adem\u00e1s, en su momento se introdujo en <strong>Telegram el chat secreto<\/strong>, una conversaci\u00f3n entre dos usuarios que est\u00e1 cifrada de extremo a extremo y que no se almacena en la nube, de manera que hace mucho m\u00e1s seguro este tipo de conversaciones, ya que en los chats normales el cifrado debe activarse de forma manual. El <strong>cifrado de Telegram<\/strong>\u00a0y el hecho de no estar en la nube, hace que a los\u00a0<a class=\"broken_link\" href=\"https:\/\/protecciondatos-lopd.com\/empresas\/chats-secretos-telegram\/\" target=\"_blank\" rel=\"noopener noreferrer\">chats secretos de Telegram<\/a> solo pueda accederse desde el mismo dispositivo desde el que se iniciaron, es decir, si abr\u00ed un chat secreto en mi m\u00f3vil, no podr\u00e9 verlo en la aplicaci\u00f3n de escritorio. Es cierto que la opci\u00f3n de sincronizar contactos almacena los nombres y n\u00fameros de tel\u00e9fono de nuestra agenda en la aplicaci\u00f3n, pero en cualquier momento podemos desactivar esta opci\u00f3n si queremos. Finalmente, si en alg\u00fan momento quieres saber qu\u00e9 datos almacena la app, puedes solicitar una copia de seguridad a Telegram a trav\u00e9s de su bot @GDPRbot.<\/li>\n<\/ul>\n<p>&nbsp;<\/p>\n<ul>\n<li><span style=\"text-decoration: underline\">Cambiar la privacidad de Telegram<\/span>: Para <strong>cambiar la privacidad de Telegram<\/strong> tenemos que acceder a los ajustes de la app\u00a0 y configurar las diferentes opciones y funciones con las que cuenta para ello. Muchas de las funciones y opciones de la aplicaci\u00f3n no siempre est\u00e1n activadas en su modo m\u00e1s restrictivo, por lo que es necesario\u00a0<strong>configurar la privacidad en Telegram<\/strong> para ganar ese extra de seguridad y privacidad. La mayor\u00eda de opciones que vamos a ver a continuaci\u00f3n las encontraremos siguiendo esta ruta en la app: Ajustes &gt; Privacidad y Seguridad.<\/li>\n<\/ul>\n<p style=\"text-align: center\"><img loading=\"lazy\" decoding=\"async\" class=\"aligncenter\" src=\"https:\/\/protecciondatos-lopd.com\/empresas\/wp-content\/uploads\/2021\/04\/privacidad-telegram-01-945x1024.jpg\" alt=\"privacidad telegram\" width=\"547\" height=\"593\" \/><\/p>\n<ul>\n<li><span style=\"text-decoration: underline\">Ocultar n\u00famero de tel\u00e9fono, usar nombre de usuario<\/span>: Una de las primeras opciones de privacidad para cambiar es ocultar el n\u00famero de tel\u00e9fono, ya que la app lo utiliza como identificador del usuario.Para ocultar el n\u00famero de tel\u00e9fono de otros usuarios de la app, podemos crear un nombre de usuario, que ser\u00e1 lo que se ver\u00e1 al interactuar con otros usuarios de la aplicaci\u00f3n. De esta forma, solo personas que nos conozcan y que tengan nuestro n\u00famero almacenado en su agenda de contactos, ser\u00e1n capaces de verlo.Para cambiar esta opci\u00f3n deber\u00e1s entrar en \u00abPrivacidad y Seguridad\u00bb y en \u00abN\u00famero de tel\u00e9fono\u00bb y marcar la opci\u00f3n correspondiente:<\/li>\n<\/ul>\n<p><img loading=\"lazy\" decoding=\"async\" class=\"aligncenter\" src=\"https:\/\/protecciondatos-lopd.com\/empresas\/wp-content\/uploads\/2021\/04\/privacidad-telegram-02-709x1536.jpg\" alt=\"\" width=\"322\" height=\"697\" \/><\/p>\n<p style=\"padding-left: 40px\">Y si quieres crear un nombre de usuario diferente a tu nombre de perfil, solo tienes que seguir estos pasos:<\/p>\n<ul>\n<li style=\"list-style-type: none\">\n<ul>\n<li>En \u00abAjustes\u00bb toca sobre \u00abNombre de usuario\u00bb y crea el que quieras usar.<\/li>\n<\/ul>\n<\/li>\n<\/ul>\n<p style=\"padding-left: 40px\">Salvo que tus amigos te tengan en su agenda de contactos, los usuarios de Telegram ver\u00e1n este nombre solamente.<\/p>\n<p>&nbsp;<\/p>\n<ul>\n<li><span style=\"text-decoration: underline\">Activa el modo invisible en Telegram<\/span>: Si no quieres que nadie sepa cu\u00e1ndo est\u00e1s en l\u00ednea, puedes activar el <strong>modo invisible de Telegram<\/strong>. Esta opci\u00f3n funciona de forma similar a la de otras aplicaciones, evitando que ning\u00fan usuario pueda saber si est\u00e1s o no conectado.Como contrapartida, al tener este modo activo, t\u00fa tampoco podr\u00e1s saber el estado en l\u00ednea de tus contactos.Para activarlo, en \u00abPrivacidad y Seguridad\u00bb, pulsa en \u00ab\u00daltima vez en l\u00ednea\u00bb y marca la opci\u00f3n \u00abNadie\u00bb, si no quieres que ning\u00fan usuario de Telegram, conocido o no pueda saber si est\u00e1s conectado.<\/li>\n<\/ul>\n<p><img loading=\"lazy\" decoding=\"async\" class=\"aligncenter\" src=\"https:\/\/protecciondatos-lopd.com\/empresas\/wp-content\/uploads\/2021\/04\/privacidad-telegram-03-709x1536.jpg\" alt=\"\" width=\"373\" height=\"808\" \/><\/p>\n<ul>\n<li><span style=\"text-decoration: underline\">Gestiona qui\u00e9n puede ver tu foto de perfil<\/span>: Si vas a usar una foto de perfil en la que aparezca tu cara, quiz\u00e1s no te interese que todos los usuarios de Telegram puedan verla, por ejemplo, si est\u00e1s en un grupo de Telegram en el que hay gente que no conoces.Para gestionar qui\u00e9n puede ver tu foto de perfil, dir\u00edgete a \u00abPrivacidad y Seguridad\u00bb y pulsa en \u00abFotos de perfil\u00bb, despu\u00e9s marca \u00abTodos\u00bb o \u00abMis contactos\u00bb o elige manualmente qu\u00e9 contactos no podr\u00e1n ver tu foto de perfil.<\/li>\n<\/ul>\n<p>&nbsp;<\/p>\n<ul>\n<li><span style=\"text-decoration: underline\">Configura la privacidad de historias en Telegram<\/span>: Telegram tambi\u00e9n cuenta con una funci\u00f3n de historias, si la vas a usar, puedes configurar diferentes opciones de <strong>privacidad de historias en Telegram<\/strong>:\n<ul>\n<li>Cuando la publicas, puedes elegir entre cuatro opciones qui\u00e9nes pueden verla: \u00abTodos, Mis contactos, Mejores amigos o Contactos seleccionados\u00bb. Adem\u00e1s, estas opciones se pueden personalizar, incluyendo o excluyendo usuarios individuales, e, incluso, crear una lista de usuarios que nunca podr\u00e1n ver la historia.<\/li>\n<li>Puedes desactivar que se puedan hacer capturas de pantalla de tus historias, limitando as\u00ed tambi\u00e9n que se puedan guardar o compartir por parte de otros usuarios.<\/li>\n<li>Puedes elegir el tiempo que dura activa tu historia entre 6, 12, 24 o 48 horas.<\/li>\n<\/ul>\n<\/li>\n<\/ul>\n<p>&nbsp;<\/p>\n<ul>\n<li><span style=\"text-decoration: underline\">Configura qui\u00e9n puede a\u00f1adirte a grupos y canales<\/span>: Por defecto, cualquier usuario de Telegram que conozca tu nombre de perfil o usuario, podr\u00e1 a\u00f1adirte a un grupo o canal. Si quieres evitar que esto ocurra, podr\u00e1s hacerlo desde la opci\u00f3n \u00abGrupos y canales\u00bb en los ajustes de privacidad y seguridad.Podr\u00e1s escoger que solo tus contactos puedan a\u00f1adirte a otros grupos y canales o crear una lista manual de qu\u00e9 contactos pueden y no pueden hacerlo.<\/li>\n<\/ul>\n<p><img loading=\"lazy\" decoding=\"async\" class=\"aligncenter\" src=\"https:\/\/protecciondatos-lopd.com\/empresas\/wp-content\/uploads\/2021\/04\/privacidad-telegram-04-709x1536.jpg\" alt=\"\" width=\"362\" height=\"784\" \/><\/p>\n<ul>\n<li><span style=\"text-decoration: underline\">Configura tus mensajes para que se autodestruyan<\/span>: Una de las amenazas para nuestra <strong>privacidad en grupos de Telegram<\/strong>\u00a0o en chats individuales, es la posibilidad de que nuestros mensajes se compartan con otros usuarios o fuera de la app.Para evitar esta situaci\u00f3n o asegurarnos de que conversaciones de hace a\u00f1os se quedan almacenadas, podemos recurrir a la autodestrucci\u00f3n de mensajes. Esta opci\u00f3n est\u00e1 tanto disponible en los chats secretos, donde podemos escoger que el mensaje est\u00e9 disponible desde 1 segundo a 1 semana tras ser visualizado, como en los chats individuales y de grupo, pudiendo establecer un per\u00edodo de 24 horas o 7 d\u00edas.Para configurar la autodestrucci\u00f3n en un chat secreto:\n<ul>\n<li>Entra en el chat<\/li>\n<li>Pulsa en los puntos para abrir el men\u00fa<\/li>\n<li>Pulsa en \u00abConfigurar autodestrucci\u00f3n\u00bb<\/li>\n<li>Elige el intervalo<\/li>\n<\/ul>\n<p>Para configurar la autodestrucci\u00f3n de mensajes en el resto de chats:<\/p>\n<ul>\n<li>Entra en el chat<\/li>\n<li>Pulsa en los puntos para abrir el men\u00fa<\/li>\n<li>Pulsa en \u00abVaciar chat\u00bb<\/li>\n<li>Elige el intervalo<\/li>\n<li>Marca la casilla si quieres que tambi\u00e9n se elimine para el otro usuario o miembros del grupo<\/li>\n<li>Pulsa en \u00abActivar autoeliminaci\u00f3n\u00bb<\/li>\n<\/ul>\n<\/li>\n<\/ul>\n<p><img loading=\"lazy\" decoding=\"async\" class=\"aligncenter\" src=\"https:\/\/protecciondatos-lopd.com\/empresas\/wp-content\/uploads\/2021\/04\/privacidad-telegram-05-709x1536.jpg\" alt=\"\" width=\"394\" height=\"854\" \/><\/p>\n<p style=\"padding-left: 40px\">En el caso de los canales, esta opci\u00f3n solo est\u00e1 disponible para los administradores de los mismos, as\u00ed que si es tu caso y quieres mejorar la <strong>privacidad de tus canales en Telegram<\/strong>\u00a0configurando la eliminaci\u00f3n de mensajes autom\u00e1tica, sigue estos pasos:<\/p>\n<ul>\n<li style=\"list-style-type: none\">\n<ul>\n<li>Entre en el canal<\/li>\n<li>Pulsa en los puntos para abrir el men\u00fa<\/li>\n<li>Pulsa \u00abConfigurar autoeliminaci\u00f3n\u00bb<\/li>\n<li>Establece el intervalo entre 24 horas o 7 d\u00edas<\/li>\n<li>Pulsa \u00abEstablecer para este chat\u00bb<\/li>\n<\/ul>\n<\/li>\n<\/ul>\n<ul>\n<li><span style=\"text-decoration: underline\">Bloquear otros usuarios<\/span>: Si en alg\u00fan momento no quieres que otro usuario de Telegram siga envi\u00e1ndote mensajes o abri\u00e9ndote conversaciones, puedes recurrir a la opci\u00f3n de bloquearlo, de esa forma no podr\u00e1 seguir poni\u00e9ndose en contacto contigo ni ver si est\u00e1s en l\u00ednea.Bloquear a otros usuarios es muy sencillo. Si ya forma parte de tus contactos en la app, solo tienes que entrar en el chat que tengas con ellos, pulsar en su ficha de usuario y despu\u00e9s en los tres puntos. Se desplegar\u00e1 un men\u00fa en el que aparecer\u00e1 la opci\u00f3n de \u00abBloquear usuario\u00bb.<\/li>\n<\/ul>\n<p><img loading=\"lazy\" decoding=\"async\" class=\"aligncenter\" src=\"https:\/\/protecciondatos-lopd.com\/empresas\/wp-content\/uploads\/2021\/04\/privacidad-telegram-06-709x1536.jpg\" alt=\"\" width=\"405\" height=\"877\" \/><\/p>\n<p style=\"padding-left: 40px\">\u00bfY si son\u00a0<strong>contactos que no tengo en Telegram<\/strong>? Es decir, usuarios que est\u00e9n en un mismo grupo o canal que t\u00fa y de los que prefieras no recibir ning\u00fan tipo de comunicaci\u00f3n.<\/p>\n<p style=\"padding-left: 40px\">En este caso, pulsa en el nombre del grupo para acceder a una lista de todos los miembros del mismo, pulsa sobre el usuario que quieras bloquear para acceder a su ficha, pulsa en los tres puntos y despu\u00e9s en \u00abBloquear usuario\u00bb.<\/p>\n<ul>\n<li><span style=\"text-decoration: underline\">Usa el chat secreto de Telegram<\/span>: Finalmente, si quieres mantener una conversaci\u00f3n completamente privada y cifrada de extremo a extremo en Telegram, puedes recurrir a sus chats secretos.Ya os hablamos m\u00e1s arriba de c\u00f3mo funcionan estos chats privados; solo puede accederse desde el mismo dispositivo con el que se abrieron, no se almacenan en la nube y adem\u00e1s, no permiten hacer capturas de pantalla. Y una vez se elimina, tambi\u00e9n se elimina para tu contacto.<\/li>\n<li><span style=\"text-decoration: underline\">\u00bfC\u00f3mo desactivar la privacidad y seguridad en Telegram?<\/span>: Aparte de las opciones que ya hemos visto para mejorar la privacidad y seguridad en Telegram, hay algunas medidas m\u00e1s a las que pod\u00e9is recurrir si quer\u00e9is ser todav\u00eda m\u00e1s precavidos con vuestra\u00a0<a class=\"broken_link\" href=\"https:\/\/protecciondatos-lopd.com\/empresas\/privacidad-redes-sociales\/\" target=\"_blank\" rel=\"noopener\">privacidad en redes sociales<\/a>.<\/li>\n<\/ul>\n<p>&nbsp;<\/p>\n<ul>\n<li><span style=\"text-decoration: underline\">Configura una contrase\u00f1a para abrir la app<\/span>: Si eres de los que se olvida el m\u00f3vil o lo dejas desatendido en lugares donde otras personas pueden acceder a \u00e9l y no quieres que nadie pueda espiar tus conversaciones en Telegram, puedes configurar un c\u00f3digo de bloqueo para abrir la app (cuidado con olvidarte de este c\u00f3digo, porque si lo haces, tendr\u00e1s que restablecer la cuenta, lo que implica enviar una solicitud para eliminar la anterior y perder todos los contactos asociados, chats y suscripciones a canales).Este c\u00f3digo es un PIN de cuatro cifras que podr\u00e1s activar en \u00abPrivacidad y Seguridad\u00bb, pulsando en \u00abC\u00f3digo de Bloqueo\u00bb.Dentro de esta opci\u00f3n, una vez hayas establecido el PIN, podr\u00e1s determinar un intervalo para que se bloquee la app entre varias opciones disponibles. Adem\u00e1s, si tu dispositivo tiene reconocimiento facial o lector de huella dactilar, podr\u00e1s activar estos modos para desbloquearlo tambi\u00e9n.<\/li>\n<\/ul>\n<p><img loading=\"lazy\" decoding=\"async\" class=\"aligncenter\" src=\"https:\/\/protecciondatos-lopd.com\/empresas\/wp-content\/uploads\/2021\/04\/privacidad-telegram-07-945x1024.jpg\" alt=\"\" width=\"534\" height=\"579\" \/><\/p>\n<ul>\n<li><span style=\"text-decoration: underline\">Controla la actividad de tu cuenta<\/span>: Si accedes a Telegram desde diferentes dispositivos, siempre es buena idea comprobar la actividad de la cuenta y cerrar sesiones abiertas en dispositivos que no reconozcas o que te hayas dejado abiertos.Para ello, solo tienes que entrar en \u00abSesiones activas\u00bb en \u00abPrivacidad y Seguridad\u00bb y comprobar qu\u00e9 sesiones est\u00e1n activas. Desde aqu\u00ed podr\u00e1s cerrarlas todas a la vez o de manera individual.<\/li>\n<\/ul>\n<p><img loading=\"lazy\" decoding=\"async\" class=\"aligncenter\" src=\"https:\/\/protecciondatos-lopd.com\/empresas\/wp-content\/uploads\/2021\/04\/privacidad-telegram-08-945x1024.jpg\" alt=\"\" width=\"621\" height=\"673\" \/><\/p>\n<ul>\n<li><span style=\"text-decoration: underline\">Configura la cuenta para autodestruirse<\/span>: Telegram tambi\u00e9n da la opci\u00f3n de configurar la cuenta para que se autodestruya pasado un per\u00edodo de tiempo, que podemos elegir entre varias opciones (un mes, tres meses, seis meses o un a\u00f1o).Pasado ese tiempo, la cuenta se eliminar\u00e1 con todo su contenido; una opci\u00f3n interesante en caso de que dejemos de usar la app, pero no nos acordemos de eliminarla nosotros mismos o en caso de p\u00e9rdida del m\u00f3vil.Para configurar esta opci\u00f3n, tendr\u00e1s que entrar en \u00abPrivacidad y Seguridad\u00bb, despu\u00e9s pulsar en \u00abEliminar mi cuenta si estoy fuera\u00bb y elegir el per\u00edodo que quieras.<\/li>\n<li><span style=\"text-decoration: underline\">Deshabilita la vista previa del mensaje<\/span>: Finalmente, un consejo que puedes aplicar al resto de apps de mensajer\u00eda; si no quieres que nadie vea los mensajes que te llegan por Telegram cuando est\u00e9 mostrando la pantalla de tu m\u00f3vil a otra persona o se puedan ver desde la pantalla de bloqueo, deshabilita la vista previa del mensaje.En este caso, tendremos que seguir estos pasos:\n<ul>\n<li>Entrar en Ajustes<\/li>\n<li>Entrar en \u00abNotificaciones y Sonidos\u00bb<\/li>\n<li>Entrar en \u00abChats privados\u00bb, \u00abGrupos\u00bb o \u00abCanales\u00bb<\/li>\n<li>Desactivar \u00abVista previa del mensaje\u00bb<\/li>\n<\/ul>\n<\/li>\n<\/ul>\n<p><img loading=\"lazy\" decoding=\"async\" class=\"aligncenter\" src=\"https:\/\/protecciondatos-lopd.com\/empresas\/wp-content\/uploads\/2021\/04\/privacidad-telegram-09.jpg\" alt=\"\" width=\"774\" height=\"559\" \/><\/p>\n<p>&nbsp;<\/p>\n<p>&nbsp;<\/p>\n","protected":false},"excerpt":{"rendered":"<p>Comunicaciones oficiales Comunicaciones recomendadas Comunicaciones voluntarias Plataforma 365 Correo electr\u00f3nico Educastur: Outlook 365 Tokapp School Microsoft Teams 365 Telegram Se recomienda desde el centro mantener este tipo de medio para informar al centro o al profesorado de cualquier cuesti\u00f3n. Para cualquier comunicaci\u00f3n a trav\u00e9s de la tutor\u00eda o alg\u00fan docente, se recomienda esta aplicaci\u00f3n. Canal &hellip; <a href=\"https:\/\/edublog.educastur.es\/colejimi\/familias\/medios-de-comunicacion\/\" class=\"more-link\">Seguir leyendo <span class=\"screen-reader-text\">Medios de comunicaci\u00f3n<\/span><\/a><\/p>\n","protected":false},"author":1658,"featured_media":0,"parent":30,"menu_order":0,"comment_status":"closed","ping_status":"closed","template":"","meta":{"footnotes":""},"class_list":["post-2348","page","type-page","status-publish","hentry","no-featured-image"],"_links":{"self":[{"href":"https:\/\/edublog.educastur.es\/colejimi\/wp-json\/wp\/v2\/pages\/2348","targetHints":{"allow":["GET"]}}],"collection":[{"href":"https:\/\/edublog.educastur.es\/colejimi\/wp-json\/wp\/v2\/pages"}],"about":[{"href":"https:\/\/edublog.educastur.es\/colejimi\/wp-json\/wp\/v2\/types\/page"}],"author":[{"embeddable":true,"href":"https:\/\/edublog.educastur.es\/colejimi\/wp-json\/wp\/v2\/users\/1658"}],"replies":[{"embeddable":true,"href":"https:\/\/edublog.educastur.es\/colejimi\/wp-json\/wp\/v2\/comments?post=2348"}],"version-history":[{"count":12,"href":"https:\/\/edublog.educastur.es\/colejimi\/wp-json\/wp\/v2\/pages\/2348\/revisions"}],"predecessor-version":[{"id":3099,"href":"https:\/\/edublog.educastur.es\/colejimi\/wp-json\/wp\/v2\/pages\/2348\/revisions\/3099"}],"up":[{"embeddable":true,"href":"https:\/\/edublog.educastur.es\/colejimi\/wp-json\/wp\/v2\/pages\/30"}],"wp:attachment":[{"href":"https:\/\/edublog.educastur.es\/colejimi\/wp-json\/wp\/v2\/media?parent=2348"}],"curies":[{"name":"wp","href":"https:\/\/api.w.org\/{rel}","templated":true}]}}