{"id":357,"date":"2022-07-07T21:00:17","date_gmt":"2022-07-07T21:00:17","guid":{"rendered":"https:\/\/edublog.educastur.es\/cpgloriarodriguez\/?page_id=357"},"modified":"2022-07-07T21:00:17","modified_gmt":"2022-07-07T21:00:17","slug":"ampa","status":"publish","type":"page","link":"https:\/\/edublog.educastur.es\/colejimi\/familias\/ampa\/","title":{"rendered":"AMPA"},"content":{"rendered":"<p style=\"text-align: center\"><img loading=\"lazy\" decoding=\"async\" class=\"size-medium wp-image-379 aligncenter\" src=\"http:\/\/edublog.educastur.es\/colejimi\/files\/2022\/07\/Familia2-300x222.png\" alt=\"\" width=\"300\" height=\"222\" srcset=\"https:\/\/edublog.educastur.es\/colejimi\/files\/2022\/07\/Familia2-300x222.png 300w, https:\/\/edublog.educastur.es\/colejimi\/files\/2022\/07\/Familia2.png 640w\" sizes=\"auto, (max-width: 300px) 100vw, 300px\" \/>La participaci\u00f3n de las familias es imprescindible en el entorno educativo.<br \/>\nLa colaboraci\u00f3n familia y escuela es necesaria para los ni\u00f1os y ni\u00f1as.<br \/>\nDesde aqu\u00ed os animamos a que particip\u00e9is con el AMPA.<\/p>\n<table style=\"border-collapse: collapse;width: 97.3849%;height: 10px\">\n<tbody>\n<tr style=\"height: 144px\">\n<td style=\"width: 42.2613%;height: 10px\">\n<p style=\"text-align: center\"><span style=\"color: #cc99ff;font-size: 14pt\"><strong><a style=\"color: #cc99ff\" href=\"mailto:ampa.cpgloriarodriguez@educastur.es\">ampa.cpgloriarodriguez@educastur.es<\/a><\/strong><\/span><\/p>\n<\/td>\n<td style=\"width: 55.1088%;height: 10px;text-align: center\"><a href=\"https:\/\/www.facebook.com\/profile.php?id=61551100103266\"><img loading=\"lazy\" decoding=\"async\" class=\"aligncenter wp-image-359\" src=\"http:\/\/edublog.educastur.es\/colejimi\/files\/2022\/07\/facebook-like-icon-blogs-1-150x150.png\" alt=\"\" width=\"79\" height=\"79\" srcset=\"https:\/\/edublog.educastur.es\/colejimi\/files\/2022\/07\/facebook-like-icon-blogs-1-150x150.png 150w, https:\/\/edublog.educastur.es\/colejimi\/files\/2022\/07\/facebook-like-icon-blogs-1.png 194w\" sizes=\"auto, (max-width: 79px) 100vw, 79px\" \/>Estamos en Facebook<\/a><\/td>\n<\/tr>\n<tr>\n<td style=\"width: 42.2613%\">\n<p style=\"text-align: center\"><span style=\"color: #3366ff;font-size: 18pt\"><strong> M\u00f3vil: 609 60 27 20 (Paola)<\/strong><\/span><\/p>\n<\/td>\n<td style=\"width: 55.1088%;text-align: center\"><img loading=\"lazy\" decoding=\"async\" class=\"aligncenter\" src=\"https:\/\/imgs.search.brave.com\/XNSq-2A9TaRc9QL0LtcGI0283y58jYW6z9s78l5T0gE\/rs:fit:500:0:0\/g:ce\/aHR0cDovL3Bsb25l\/LnVmcGIuYnIvZGNz\/L2NvbnRlbnRzL2lt\/YWdlbnMvaW5zdGFn\/cmFtLWxvZ28ucG5n\/L0BAaW1hZ2VzL2lt\/YWdlLnBuZw\" alt=\"\" width=\"88\" height=\"88\" \/><a href=\"https:\/\/instagram.com\/ampasotodelbarco?utm_source=qr&amp;igshid=MzNlNGNkZWQ4Mg==\" target=\"_blank\" rel=\"noopener\">Tambi\u00e9n estamos en Instagram\u00a0<\/a><\/td>\n<\/tr>\n<\/tbody>\n<\/table>\n<p>&nbsp;<\/p>\n<p style=\"text-align: center\">\n","protected":false},"excerpt":{"rendered":"<p>La participaci\u00f3n de las familias es imprescindible en el entorno educativo. La colaboraci\u00f3n familia y escuela es necesaria para los ni\u00f1os y ni\u00f1as. Desde aqu\u00ed os animamos a que particip\u00e9is con el AMPA. ampa.cpgloriarodriguez@educastur.es Estamos en Facebook M\u00f3vil: 609 60 27 20 (Paola) Tambi\u00e9n estamos en Instagram\u00a0 &nbsp;<\/p>\n","protected":false},"author":1658,"featured_media":0,"parent":30,"menu_order":1,"comment_status":"closed","ping_status":"closed","template":"","meta":{"footnotes":""},"class_list":["post-357","page","type-page","status-publish","hentry","no-featured-image"],"_links":{"self":[{"href":"https:\/\/edublog.educastur.es\/colejimi\/wp-json\/wp\/v2\/pages\/357","targetHints":{"allow":["GET"]}}],"collection":[{"href":"https:\/\/edublog.educastur.es\/colejimi\/wp-json\/wp\/v2\/pages"}],"about":[{"href":"https:\/\/edublog.educastur.es\/colejimi\/wp-json\/wp\/v2\/types\/page"}],"author":[{"embeddable":true,"href":"https:\/\/edublog.educastur.es\/colejimi\/wp-json\/wp\/v2\/users\/1658"}],"replies":[{"embeddable":true,"href":"https:\/\/edublog.educastur.es\/colejimi\/wp-json\/wp\/v2\/comments?post=357"}],"version-history":[{"count":0,"href":"https:\/\/edublog.educastur.es\/colejimi\/wp-json\/wp\/v2\/pages\/357\/revisions"}],"up":[{"embeddable":true,"href":"https:\/\/edublog.educastur.es\/colejimi\/wp-json\/wp\/v2\/pages\/30"}],"wp:attachment":[{"href":"https:\/\/edublog.educastur.es\/colejimi\/wp-json\/wp\/v2\/media?parent=357"}],"curies":[{"name":"wp","href":"https:\/\/api.w.org\/{rel}","templated":true}]}}