{"id":988,"date":"2023-01-23T08:46:52","date_gmt":"2023-01-23T08:46:52","guid":{"rendered":"https:\/\/edublog.educastur.es\/cpgloriarodriguez\/?page_id=988"},"modified":"2025-10-22T16:52:35","modified_gmt":"2025-10-22T14:52:35","slug":"aperturatemprana","status":"publish","type":"page","link":"https:\/\/edublog.educastur.es\/colejimi\/familias\/aperturatemprana\/","title":{"rendered":"Apertura temprana"},"content":{"rendered":"<p><img loading=\"lazy\" decoding=\"async\" class=\"aligncenter wp-image-2493 size-full\" src=\"http:\/\/edublog.educastur.es\/colejimi\/files\/2025\/02\/Servicio-Atencion-Temprana.jpg\" alt=\"\" width=\"1920\" height=\"480\" srcset=\"https:\/\/edublog.educastur.es\/colejimi\/files\/2025\/02\/Servicio-Atencion-Temprana.jpg 1920w, https:\/\/edublog.educastur.es\/colejimi\/files\/2025\/02\/Servicio-Atencion-Temprana-300x75.jpg 300w, https:\/\/edublog.educastur.es\/colejimi\/files\/2025\/02\/Servicio-Atencion-Temprana-1024x256.jpg 1024w, https:\/\/edublog.educastur.es\/colejimi\/files\/2025\/02\/Servicio-Atencion-Temprana-768x192.jpg 768w, https:\/\/edublog.educastur.es\/colejimi\/files\/2025\/02\/Servicio-Atencion-Temprana-1536x384.jpg 1536w, https:\/\/edublog.educastur.es\/colejimi\/files\/2025\/02\/Servicio-Atencion-Temprana-1080x270.jpg 1080w\" sizes=\"auto, (max-width: 1920px) 100vw, 1920px\" \/><\/p>\n<p>&nbsp;<\/p>\n<hr \/>\n<hr \/>\n<p style=\"text-align: center\">En caso de querer utilizar el servicio ponerse en contacto con la <span style=\"font-size: 18pt\"><span style=\"color: #0000ff\">Monitora <\/span><strong><span style=\"color: #0000ff;font-size: 24pt\">Mar:<\/span><\/strong><\/span><\/p>\n<p style=\"text-align: center\"><span style=\"font-size: 24pt;color: #339966\"><strong>605 43 33 44<\/strong><\/span><\/p>\n<hr \/>\n<p><strong><span style=\"color: #ff0000\">Actualmente se ha creado otro listado para uso del servicio con un coste simb\u00f3lico. Se ha procedido a la contrataci\u00f3n de un segundo monitor. Una monitora est\u00e1 subvencionada, por lo que el coste del servicio es reducido a la necesidad sobrevenida. Este listado comenzar\u00e1 a entrar en vigor a partir del martes 14 de octubre de 2025:<\/span><\/strong><\/p>\n<p><img loading=\"lazy\" decoding=\"async\" class=\"aligncenter wp-image-2976 size-full\" src=\"http:\/\/edublog.educastur.es\/colejimi\/files\/2025\/10\/Madrugadores-ListadoDefinitivoPreferente-1.jpg\" alt=\"\" width=\"507\" height=\"808\" srcset=\"https:\/\/edublog.educastur.es\/colejimi\/files\/2025\/10\/Madrugadores-ListadoDefinitivoPreferente-1.jpg 507w, https:\/\/edublog.educastur.es\/colejimi\/files\/2025\/10\/Madrugadores-ListadoDefinitivoPreferente-1-188x300.jpg 188w\" sizes=\"auto, (max-width: 507px) 100vw, 507px\" \/><\/p>\n<p>El listado anteriormente expuesto, es de las familias que han solicitado el servicio de Apertura temprana, justificando la necesidad. No todos los d\u00edas todas las familias que han apuntado a su hijo\/a de manera espor\u00e1dica va a utilizar el servicio, por lo que si alguna familia que no est\u00e9 en el listado lo desee usar, se recuerda que llame a la monitora Mar para comprobar que ese d\u00eda hay plaza. En el caso de m\u00e1s plazas de 30, se dar\u00e1 prioridad al listado anterior como alumnos\/as preferentes.<\/p>\n<p>Debido a la gran demanda de solicitudes de manera justificada, se ha buscado una soluci\u00f3n para no dejar a nadie fuera y que todas las familias pod\u00e1is veros beneficiadas.<\/p>\n<p>Gracias a la colaboraci\u00f3n del AMPA, se va a contratar los servicios de una empresa para contratar a otro\/a monitor\/a y as\u00ed poder dar servicio a todas las familias, ya que casi todas ten\u00e9is justificante laboral de ambos progenitores.<\/p>\n<p>Para ello, se va a proceder a cobrar el servicio con una cantidad simb\u00f3lica de <strong>2\u20ac\/d\u00eda\/ni\u00f1o\/a<\/strong> de uso para todas las personas que lo quer\u00e1is usar, con un coste de mes completo de <strong>18\u20ac<\/strong> <strong>por ni\u00f1o\/a<\/strong> (independientemente de los d\u00edas que se queden).<\/p>\n<p>El listado que se manda son las personas admitidas para este servicio, por lo que este listado se mantendr\u00e1 hasta final del curso escolar (<em>siempre que no se interrumpa dicho servicio por falta de uso, donde se volver\u00e1 a crear otro listado con quienes lo usan<\/em>). Siempre que haya sitio, llamando siempre a la monitora Mar (<em>tel\u00e9fono en el Blog)<\/em>, podr\u00e1n quedarse m\u00e1s ni\u00f1os\/as que no est\u00e9n en el listado.<\/p>\n<p>El alumnado que est\u00e1 en el listado publicado, son quienes tendr\u00e1n preferencia de uso del servicio.<\/p>\n<p>En resumen:<\/p>\n<ul>\n<li>A partir del martes 14 de octubre, quien quede al servicio de Apertura temprana, el servicio tendr\u00e1 un coste de <strong>2\u20ac\/d\u00eda\/ni\u00f1o\/a<\/strong> para d\u00edas sueltos, siendo la <strong><u>cuota mensual de 18\u20ac<\/u><\/strong>.<\/li>\n<li>Se han recogido todas las solicitudes que han justificado su necesidad del servicio, con un total de 25 ni\u00f1os y ni\u00f1as.<\/li>\n<li>Desde el colegio y desde el AMPA hemos buscado una soluci\u00f3n conjunta para facilitar este servicio necesario para todas las familias.<\/li>\n<li>En el caso en que a fecha de diciembre no haya 15 ni\u00f1os\/as utilizando este servicio, se crear\u00e1 un listado con los ni\u00f1os\/as que haya y a partir de enero se volver\u00e1 a una monitora, quedando ya firme una sola monitora con el listado del alumnado que lo est\u00e9 utilizando hasta la fecha.<\/li>\n<li>Es un servicio que tiene un coste, por lo que se agradece colaboraci\u00f3n por parte de las familias.<\/li>\n<\/ul>\n<p>Gracias de nuevo por vuestra colaboraci\u00f3n.<\/p>\n<p>&nbsp;<\/p>\n<p>&nbsp;<\/p>\n<p style=\"text-align: center\">Destinado para ayudar a la conciliaci\u00f3n familiar.<\/p>\n<p style=\"text-align: center\">Horario: <strong><span style=\"font-size: 18pt;color: #ff0000\">7:30 a 9:00<\/span> horas de lunes a viernes<\/strong><\/p>\n<p style=\"text-align: center\">Se organizan juegos y otras actividades l\u00fadicas de acompa\u00f1amiento.<\/p>\n<p style=\"text-align: center\">Aunque deben venir desayunados, pueden traer algo para comer, y se les acompa\u00f1a con lo que traigan de casa.<\/p>\n<p style=\"text-align: center\">Para utilizar el servicio comunicar con al menos 24 horas de antelaci\u00f3n a la monitora.<\/p>\n<p>&nbsp;<\/p>\n<p style=\"text-align: center\"><span style=\"text-decoration: underline\">Gracias de nuevo por vuestra colaboraci\u00f3n.<\/span><\/p>\n<p>&nbsp;<\/p>\n<p style=\"text-align: center\">\n","protected":false},"excerpt":{"rendered":"<p>&nbsp; En caso de querer utilizar el servicio ponerse en contacto con la Monitora Mar: 605 43 33 44 Actualmente se ha creado otro listado para uso del servicio con un coste simb\u00f3lico. Se ha procedido a la contrataci\u00f3n de un segundo monitor. Una monitora est\u00e1 subvencionada, por lo que el coste del servicio es &hellip; <a href=\"https:\/\/edublog.educastur.es\/colejimi\/familias\/aperturatemprana\/\" class=\"more-link\">Seguir leyendo <span class=\"screen-reader-text\">Apertura temprana<\/span><\/a><\/p>\n","protected":false},"author":1658,"featured_media":0,"parent":30,"menu_order":5,"comment_status":"closed","ping_status":"closed","template":"","meta":{"footnotes":""},"class_list":["post-988","page","type-page","status-publish","hentry","no-featured-image"],"_links":{"self":[{"href":"https:\/\/edublog.educastur.es\/colejimi\/wp-json\/wp\/v2\/pages\/988","targetHints":{"allow":["GET"]}}],"collection":[{"href":"https:\/\/edublog.educastur.es\/colejimi\/wp-json\/wp\/v2\/pages"}],"about":[{"href":"https:\/\/edublog.educastur.es\/colejimi\/wp-json\/wp\/v2\/types\/page"}],"author":[{"embeddable":true,"href":"https:\/\/edublog.educastur.es\/colejimi\/wp-json\/wp\/v2\/users\/1658"}],"replies":[{"embeddable":true,"href":"https:\/\/edublog.educastur.es\/colejimi\/wp-json\/wp\/v2\/comments?post=988"}],"version-history":[{"count":29,"href":"https:\/\/edublog.educastur.es\/colejimi\/wp-json\/wp\/v2\/pages\/988\/revisions"}],"predecessor-version":[{"id":2977,"href":"https:\/\/edublog.educastur.es\/colejimi\/wp-json\/wp\/v2\/pages\/988\/revisions\/2977"}],"up":[{"embeddable":true,"href":"https:\/\/edublog.educastur.es\/colejimi\/wp-json\/wp\/v2\/pages\/30"}],"wp:attachment":[{"href":"https:\/\/edublog.educastur.es\/colejimi\/wp-json\/wp\/v2\/media?parent=988"}],"curies":[{"name":"wp","href":"https:\/\/api.w.org\/{rel}","templated":true}]}}

<p><img loading="lazy" decoding="async" class="aligncenter wp-image-2493 size-full" src="http://edublog.educastur.es/colejimi/files/2025/02/Servicio-Atencion-Temprana.jpg" alt="" width="1920" height="480" srcset="https://edublog.educastur.es/colejimi/files/2025/02/Servicio-Atencion-Temprana.jpg 1920w, https://edublog.educastur.es/colejimi/files/2025/02/Servicio-Atencion-Temprana-300x75.jpg 300w, https://edublog.educastur.es/colejimi/files/2025/02/Servicio-Atencion-Temprana-1024x256.jpg 1024w, https://edublog.educastur.es/colejimi/files/2025/02/Servicio-Atencion-Temprana-768x192.jpg 768w, https://edublog.educastur.es/colejimi/files/2025/02/Servicio-Atencion-Temprana-1536x384.jpg 1536w, https://edublog.educastur.es/colejimi/files/2025/02/Servicio-Atencion-Temprana-1080x270.jpg 1080w" sizes="auto, (max-width: 1920px) 100vw, 1920px" /></p>
<p>&nbsp;</p>
<hr />
<hr />
<p style="text-align: center">En caso de querer utilizar el servicio ponerse en contacto con la <span style="font-size: 18pt"><span style="color: #0000ff">Monitora </span><strong><span style="color: #0000ff;font-size: 24pt">Mar:</span></strong></span></p>
<p style="text-align: center"><span style="font-size: 24pt;color: #339966"><strong>605 43 33 44</strong></span></p>
<hr />
<p><strong><span style="color: #ff0000">Actualmente se ha creado otro listado para uso del servicio con un coste simbólico. Se ha procedido a la contratación de un segundo monitor. Una monitora está subvencionada, por lo que el coste del servicio es reducido a la necesidad sobrevenida. Este listado comenzará a entrar en vigor a partir del martes 14 de octubre de 2025:</span></strong></p>
<p><img loading="lazy" decoding="async" class="aligncenter wp-image-2976 size-full" src="http://edublog.educastur.es/colejimi/files/2025/10/Madrugadores-ListadoDefinitivoPreferente-1.jpg" alt="" width="507" height="808" srcset="https://edublog.educastur.es/colejimi/files/2025/10/Madrugadores-ListadoDefinitivoPreferente-1.jpg 507w, https://edublog.educastur.es/colejimi/files/2025/10/Madrugadores-ListadoDefinitivoPreferente-1-188x300.jpg 188w" sizes="auto, (max-width: 507px) 100vw, 507px" /></p>
<p>El listado anteriormente expuesto, es de las familias que han solicitado el servicio de Apertura temprana, justificando la necesidad. No todos los días todas las familias que han apuntado a su hijo/a de manera esporádica va a utilizar el servicio, por lo que si alguna familia que no esté en el listado lo desee usar, se recuerda que llame a la monitora Mar para comprobar que ese día hay plaza. En el caso de más plazas de 30, se dará prioridad al listado anterior como alumnos/as preferentes.</p>
<p>Debido a la gran demanda de solicitudes de manera justificada, se ha buscado una solución para no dejar a nadie fuera y que todas las familias podáis veros beneficiadas.</p>
<p>Gracias a la colaboración del AMPA, se va a contratar los servicios de una empresa para contratar a otro/a monitor/a y así poder dar servicio a todas las familias, ya que casi todas tenéis justificante laboral de ambos progenitores.</p>
<p>Para ello, se va a proceder a cobrar el servicio con una cantidad simbólica de <strong>2€/día/niño/a</strong> de uso para todas las personas que lo queráis usar, con un coste de mes completo de <strong>18€</strong> <strong>por niño/a</strong> (independientemente de los días que se queden).</p>
<p>El listado que se manda son las personas admitidas para este servicio, por lo que este listado se mantendrá hasta final del curso escolar (<em>siempre que no se interrumpa dicho servicio por falta de uso, donde se volverá a crear otro listado con quienes lo usan</em>). Siempre que haya sitio, llamando siempre a la monitora Mar (<em>teléfono en el Blog)</em>, podrán quedarse más niños/as que no estén en el listado.</p>
<p>El alumnado que está en el listado publicado, son quienes tendrán preferencia de uso del servicio.</p>
<p>En resumen:</p>
<ul>
<li>A partir del martes 14 de octubre, quien quede al servicio de Apertura temprana, el servicio tendrá un coste de <strong>2€/día/niño/a</strong> para días sueltos, siendo la <strong><u>cuota mensual de 18€</u></strong>.</li>
<li>Se han recogido todas las solicitudes que han justificado su necesidad del servicio, con un total de 25 niños y niñas.</li>
<li>Desde el colegio y desde el AMPA hemos buscado una solución conjunta para facilitar este servicio necesario para todas las familias.</li>
<li>En el caso en que a fecha de diciembre no haya 15 niños/as utilizando este servicio, se creará un listado con los niños/as que haya y a partir de enero se volverá a una monitora, quedando ya firme una sola monitora con el listado del alumnado que lo esté utilizando hasta la fecha.</li>
<li>Es un servicio que tiene un coste, por lo que se agradece colaboración por parte de las familias.</li>
</ul>
<p>Gracias de nuevo por vuestra colaboración.</p>
<p>&nbsp;</p>
<p>&nbsp;</p>
<p style="text-align: center">Destinado para ayudar a la conciliación familiar.</p>
<p style="text-align: center">Horario: <strong><span style="font-size: 18pt;color: #ff0000">7:30 a 9:00</span> horas de lunes a viernes</strong></p>
<p style="text-align: center">Se organizan juegos y otras actividades lúdicas de acompañamiento.</p>
<p style="text-align: center">Aunque deben venir desayunados, pueden traer algo para comer, y se les acompaña con lo que traigan de casa.</p>
<p style="text-align: center">Para utilizar el servicio comunicar con al menos 24 horas de antelación a la monitora.</p>
<p>&nbsp;</p>
<p style="text-align: center"><span style="text-decoration: underline">Gracias de nuevo por vuestra colaboración.</span></p>
<p>&nbsp;</p>
<p style="text-align: center">

<p>&nbsp; En caso de querer utilizar el servicio ponerse en contacto con la Monitora Mar: 605 43 33 44 Actualmente se ha creado otro listado para uso del servicio con un coste simbólico. Se ha procedido a la contratación de un segundo monitor. Una monitora está subvencionada, por lo que el coste del servicio es &hellip; <a href="https://edublog.educastur.es/colejimi/familias/aperturatemprana/" class="more-link">Seguir leyendo <span class="screen-reader-text">Apertura temprana</span></a></p>
