{"id":1003,"date":"2020-09-21T06:35:00","date_gmt":"2020-09-21T04:35:00","guid":{"rendered":"https:\/\/edublog.educastur.es\/corredoria3\/?page_id=1003"},"modified":"2020-09-21T06:43:39","modified_gmt":"2020-09-21T04:43:39","slug":"recomendados-6-8","status":"publish","type":"page","link":"https:\/\/edublog.educastur.es\/corredoria3\/biblioteca\/recomendados-6-8\/","title":{"rendered":"Recomendados 6-8"},"content":{"rendered":"<p><a href=\"https:\/\/editorialsentir.com\/la-mirada-de-jose-luis\/\"><img loading=\"lazy\" decoding=\"async\" class=\"alignnone \" src=\"https:\/\/editorialsentir.com\/wp-content\/uploads\/2020\/06\/Neuricuento1_3D_RGB_ok.png\" width=\"251\" height=\"208\" \/><\/a><\/p>\n<ul>\n<li><em><strong>\u00abLa mirada de Jos\u00e9 Luis\u00bb. <\/strong><\/em><em>Cuento para comprender a los ni\u00f1os con d\u00e9ficit de atenci\u00f3n, hiperactivida y\/o impulsividad<\/em><\/li>\n<li>Colecci\u00f3n: Neuricuentos<\/li>\n<li>Autor: Rafa Guerrero<\/li>\n<li>Ilustrador: Chema Garc\u00eda<\/li>\n<li>ISBN: 978-84-267-2794-7<\/li>\n<li>42 p\u00e1ginas \/ 22,5 X 22,5 cm<\/li>\n<li><a href=\"https:\/\/editorialsentir.com\/la-mirada-de-jose-luis\/\">Ver ficha editorial Sentir<\/a><\/li>\n<li>Escrito por un experto en TDAH.<\/li>\n<li><strong>Para ni\u00f1os y ni\u00f1as de entre 4 y 8 a\u00f1os.<\/strong><\/li>\n<\/ul>\n<hr \/>\n<p>&nbsp;<\/p>\n","protected":false},"excerpt":{"rendered":"<p>\u00abLa mirada de Jos\u00e9 Luis\u00bb. Cuento para comprender a los ni\u00f1os con d\u00e9ficit de atenci\u00f3n, hiperactivida y\/o impulsividad Colecci\u00f3n: Neuricuentos Autor: Rafa Guerrero Ilustrador: Chema Garc\u00eda ISBN: 978-84-267-2794-7 42 p\u00e1ginas \/ 22,5 X 22,5 cm Ver ficha editorial Sentir Escrito por un experto en TDAH. Para ni\u00f1os y ni\u00f1as de entre 4 y 8 a\u00f1os. [&hellip;]<\/p>\n","protected":false},"author":117,"featured_media":0,"parent":19,"menu_order":0,"comment_status":"closed","ping_status":"closed","template":"","meta":{"footnotes":""},"class_list":["post-1003","page","type-page","status-publish","hentry","post-preview"],"_links":{"self":[{"href":"https:\/\/edublog.educastur.es\/corredoria3\/wp-json\/wp\/v2\/pages\/1003","targetHints":{"allow":["GET"]}}],"collection":[{"href":"https:\/\/edublog.educastur.es\/corredoria3\/wp-json\/wp\/v2\/pages"}],"about":[{"href":"https:\/\/edublog.educastur.es\/corredoria3\/wp-json\/wp\/v2\/types\/page"}],"author":[{"embeddable":true,"href":"https:\/\/edublog.educastur.es\/corredoria3\/wp-json\/wp\/v2\/users\/117"}],"replies":[{"embeddable":true,"href":"https:\/\/edublog.educastur.es\/corredoria3\/wp-json\/wp\/v2\/comments?post=1003"}],"version-history":[{"count":2,"href":"https:\/\/edublog.educastur.es\/corredoria3\/wp-json\/wp\/v2\/pages\/1003\/revisions"}],"predecessor-version":[{"id":1009,"href":"https:\/\/edublog.educastur.es\/corredoria3\/wp-json\/wp\/v2\/pages\/1003\/revisions\/1009"}],"up":[{"embeddable":true,"href":"https:\/\/edublog.educastur.es\/corredoria3\/wp-json\/wp\/v2\/pages\/19"}],"wp:attachment":[{"href":"https:\/\/edublog.educastur.es\/corredoria3\/wp-json\/wp\/v2\/media?parent=1003"}],"curies":[{"name":"wp","href":"https:\/\/api.w.org\/{rel}","templated":true}]}}

<p><a href="https://editorialsentir.com/la-mirada-de-jose-luis/"><img loading="lazy" decoding="async" class="alignnone " src="https://editorialsentir.com/wp-content/uploads/2020/06/Neuricuento1_3D_RGB_ok.png" width="251" height="208" /></a></p>
<ul>
<li><em><strong>«La mirada de José Luis». </strong></em><em>Cuento para comprender a los niños con déficit de atención, hiperactivida y/o impulsividad</em></li>
<li>Colección: Neuricuentos</li>
<li>Autor: Rafa Guerrero</li>
<li>Ilustrador: Chema García</li>
<li>ISBN: 978-84-267-2794-7</li>
<li>42 páginas / 22,5 X 22,5 cm</li>
<li><a href="https://editorialsentir.com/la-mirada-de-jose-luis/">Ver ficha editorial Sentir</a></li>
<li>Escrito por un experto en TDAH.</li>
<li><strong>Para niños y niñas de entre 4 y 8 años.</strong></li>
</ul>
<hr />
<p>&nbsp;</p>

<p>«La mirada de José Luis». Cuento para comprender a los niños con déficit de atención, hiperactivida y/o impulsividad Colección: Neuricuentos Autor: Rafa Guerrero Ilustrador: Chema García ISBN: 978-84-267-2794-7 42 páginas / 22,5 X 22,5 cm Ver ficha editorial Sentir Escrito por un experto en TDAH. Para niños y niñas de entre 4 y 8 años. [&hellip;]</p>
