{"id":1010,"date":"2020-09-21T06:54:24","date_gmt":"2020-09-21T04:54:24","guid":{"rendered":"https:\/\/edublog.educastur.es\/corredoria3\/?page_id=1010"},"modified":"2020-09-26T12:48:50","modified_gmt":"2020-09-26T10:48:50","slug":"editoriales","status":"publish","type":"page","link":"https:\/\/edublog.educastur.es\/corredoria3\/biblioteca\/editoriales\/","title":{"rendered":"Editoriales"},"content":{"rendered":"<p><a href=\"https:\/\/www.loqueleo.com\"><img loading=\"lazy\" decoding=\"async\" class=\"alignnone \" src=\"https:\/\/www.loqueleo.com\/co\/uploads\/2016\/06\/resized\/900_loqueleo.png\" width=\"502\" height=\"131\" \/><\/a><\/p>\n<ul>\n<li><em><span style=\"font-size: 18pt\"><strong>Loqueleo Santillana<\/strong><\/span><\/em><\/li>\n<li><a href=\"http:\/\/www.loqueleo.com\/es\/\">http:\/\/www.loqueleo.com\/es\/<\/a><\/li>\n<li><a href=\"https:\/\/www.facebook.com\/loqueleosantillanaspain\/\">Ver recomendaciones facebook<\/a><\/li>\n<li><a href=\"https:\/\/www.loqueleo.com\/es\/zona-docentes\">Zona docente<\/a><\/li>\n<li><a href=\"https:\/\/www.loqueleo.com\/es\/uploads\/2020\/02\/catalogo-loqueleo-2019.pdf\">Cat\u00e1logo general (descargar (pdf)<\/a><\/li>\n<li>Cat\u00e1logo <a class=\"familiaRecurso\" title=\"Cat\u00e1logo Roald Dahl\" href=\"https:\/\/www.loqueleo.com\/es\/uploads\/2019\/09\/roald-dahl-contador-de-historias.pdf\" target=\"_blank\" rel=\"noopener noreferrer\" data-titulo=\"Cat\u00e1logo Roald Dahl\" data-categoria=\"Cat\u00e1logo\">Roald Dahl (descargar)<\/a><\/li>\n<li><a href=\"https:\/\/www.loqueleo.com\/es\/zona-docentes\/descargar\/plan-lector\/7d6a9b209a0c9563278e14234d48b1dc\">Plan lector Primaria 2019 (Descargar)<\/a><a href=\"https:\/\/www.loqueleo.com\/es\/zona-docentes\/descargar\/plan-lector\/7d6a9b209a0c9563278e14234d48b1dc\"><img loading=\"lazy\" decoding=\"async\" class=\"alignnone size-medium\" src=\"https:\/\/www.loqueleo.com\/es\/uploads\/2019\/04\/resized\/200_plan-lector-primaria-2019.jpg\" width=\"200\" height=\"283\" \/><\/a><\/li>\n<\/ul>\n<div class=\"especialesCategoria guias-de-lectura\">Propuestas pr\u00e1cticas y creativas para garantizar la lectura eficaz de tus alumnos.<\/div>\n<div id=\"menu\">\n<ul id=\"menuEdades\" class=\"list\">\n<li class=\"edad-4\"><a title=\"Libros para mayores de 4 a\u00f1os\" href=\"https:\/\/www.loqueleo.com\/es\/zona-docentes\/guias-de-lectura?edad=4#profesoresMenu\"> +4<\/a><\/li>\n<li class=\"edad-6\"><a title=\"Libros para mayores de 6 a\u00f1os\" href=\"https:\/\/www.loqueleo.com\/es\/zona-docentes\/guias-de-lectura?edad=6#profesoresMenu\"> +6<\/a><\/li>\n<li class=\"edad-8\"><a title=\"Libros para mayores de 8 a\u00f1os\" href=\"https:\/\/www.loqueleo.com\/es\/zona-docentes\/guias-de-lectura?edad=8#profesoresMenu\"> +8<\/a><\/li>\n<li class=\"edad-10\"><a title=\"Libros para mayores de 10 a\u00f1os\" href=\"https:\/\/www.loqueleo.com\/es\/zona-docentes\/guias-de-lectura?edad=10#profesoresMenu\"> +10<\/a><\/li>\n<li class=\"edad-12\"><a title=\"Libros para mayores de 12 a\u00f1os\" href=\"https:\/\/www.loqueleo.com\/es\/zona-docentes\/guias-de-lectura?edad=12#profesoresMenu\"> +12<\/a><\/li>\n<li class=\"edad-14\"><a title=\"Libros para mayores de 14 a\u00f1os\" href=\"https:\/\/www.loqueleo.com\/es\/zona-docentes\/guias-de-lectura?edad=14#profesoresMenu\"> +14<\/a><\/li>\n<\/ul>\n<hr \/>\n<ul>\n<li><a href=\"https:\/\/www.contalles.es\/categoria-producto\/libros\/\">CONTALLES<\/a><\/li>\n<\/ul>\n<p><a href=\"https:\/\/www.contalles.es\/categoria-producto\/libros\/\"><img loading=\"lazy\" decoding=\"async\" class=\"alignnone \" src=\"https:\/\/www.contalles.es\/wp-content\/uploads\/2020\/06\/libros-y-juguetes.png\" width=\"379\" height=\"157\" \/><\/a><\/p>\n<ul>\n<li><a href=\"https:\/\/www.contalles.es\/categoria-producto\/libros\/\">https:\/\/www.contalles.es\/categoria-producto\/libros\/<\/a><\/li>\n<\/ul>\n<hr \/>\n<p>&nbsp;<\/p>\n<\/div>\n","protected":false},"excerpt":{"rendered":"<p>Loqueleo Santillana http:\/\/www.loqueleo.com\/es\/ Ver recomendaciones facebook Zona docente Cat\u00e1logo general (descargar (pdf) Cat\u00e1logo Roald Dahl (descargar) Plan lector Primaria 2019 (Descargar) Propuestas pr\u00e1cticas y creativas para garantizar la lectura eficaz de tus alumnos. +4 +6 +8 +10 +12 +14 CONTALLES https:\/\/www.contalles.es\/categoria-producto\/libros\/ &nbsp;<\/p>\n","protected":false},"author":117,"featured_media":0,"parent":19,"menu_order":0,"comment_status":"closed","ping_status":"closed","template":"","meta":{"footnotes":""},"class_list":["post-1010","page","type-page","status-publish","hentry","post-preview"],"_links":{"self":[{"href":"https:\/\/edublog.educastur.es\/corredoria3\/wp-json\/wp\/v2\/pages\/1010","targetHints":{"allow":["GET"]}}],"collection":[{"href":"https:\/\/edublog.educastur.es\/corredoria3\/wp-json\/wp\/v2\/pages"}],"about":[{"href":"https:\/\/edublog.educastur.es\/corredoria3\/wp-json\/wp\/v2\/types\/page"}],"author":[{"embeddable":true,"href":"https:\/\/edublog.educastur.es\/corredoria3\/wp-json\/wp\/v2\/users\/117"}],"replies":[{"embeddable":true,"href":"https:\/\/edublog.educastur.es\/corredoria3\/wp-json\/wp\/v2\/comments?post=1010"}],"version-history":[{"count":3,"href":"https:\/\/edublog.educastur.es\/corredoria3\/wp-json\/wp\/v2\/pages\/1010\/revisions"}],"predecessor-version":[{"id":1028,"href":"https:\/\/edublog.educastur.es\/corredoria3\/wp-json\/wp\/v2\/pages\/1010\/revisions\/1028"}],"up":[{"embeddable":true,"href":"https:\/\/edublog.educastur.es\/corredoria3\/wp-json\/wp\/v2\/pages\/19"}],"wp:attachment":[{"href":"https:\/\/edublog.educastur.es\/corredoria3\/wp-json\/wp\/v2\/media?parent=1010"}],"curies":[{"name":"wp","href":"https:\/\/api.w.org\/{rel}","templated":true}]}}