{"id":1056,"date":"2020-10-01T05:13:17","date_gmt":"2020-10-01T03:13:17","guid":{"rendered":"https:\/\/edublog.educastur.es\/corredoria3\/?page_id=1056"},"modified":"2020-12-07T22:33:29","modified_gmt":"2020-12-07T20:33:29","slug":"cultura-asturiana","status":"publish","type":"page","link":"https:\/\/edublog.educastur.es\/corredoria3\/5o-pri\/cultura-asturiana\/","title":{"rendered":"Cultura Asturiana"},"content":{"rendered":"<ul>\n<li><a href=\"https:\/\/educastur-my.sharepoint.com\/:f:\/g\/personal\/isabellh_educastur_org\/EsphFrSC71xHjqV8f9mxNtgBNR1024ffUCkohcuMrFRg1A?e=1PgnE6\"><img loading=\"lazy\" decoding=\"async\" class=\"wp-image-378 alignleft\" src=\"http:\/\/edublog.educastur.es\/corredoria3\/files\/2020\/08\/24_quinto-300x246.png\" alt=\"\" width=\"100\" height=\"82\" srcset=\"https:\/\/edublog.educastur.es\/corredoria3\/files\/2020\/08\/24_quinto-300x246.png 300w, https:\/\/edublog.educastur.es\/corredoria3\/files\/2020\/08\/24_quinto.png 424w\" sizes=\"auto, (max-width: 100px) 100vw, 100px\" \/><\/a><\/li>\n<\/ul>\n<p>&nbsp;<\/p>\n<p>&nbsp;<\/p>\n<ul>\n<li><span style=\"font-size: 18pt\"><a href=\"https:\/\/educastur-my.sharepoint.com\/:f:\/g\/personal\/isabellh_educastur_org\/EsphFrSC71xHjqV8f9mxNtgBNR1024ffUCkohcuMrFRg1A?e=1PgnE6\"><strong><span style=\"font-size: 14pt\">ACCESO\u00a0 A\u00a0 CARPETA\u00a0 DE\u00a0 RECURSOS\u00a0 COMPARTIDOS\u00a0 PROFES<\/span><\/strong><\/a><\/span><br \/>\n<span style=\"font-size: 18pt\">De uso exclusivo del profesorado<\/span><\/li>\n<\/ul>\n<ul>\n<li class=\"page_item page-item-1056 page_item_has_children\"><span style=\"font-size: 18pt\"><a href=\"https:\/\/edublog.educastur.es\/corredoria3\/5o-pri\/cultura-asturiana\/\"><strong>Cultura Asturiana<\/strong><\/a><\/span>\n<ul class=\"children\">\n<li class=\"page_item page-item-1437 page_item_has_children\"><strong><a href=\"https:\/\/edublog.educastur.es\/corredoria3\/5o-pri\/cultura-asturiana\/primer-trimestre\/\"><span style=\"font-size: 18pt\">PRIMER TRIMESTRE<\/span><\/a><\/strong><\/li>\n<\/ul>\n<\/li>\n<\/ul>\n<hr \/>\n<p><img loading=\"lazy\" decoding=\"async\" class=\" wp-image-386 alignleft\" src=\"http:\/\/edublog.educastur.es\/corredoria3\/files\/2020\/08\/32_octubre.png\" alt=\"\" width=\"148\" height=\"122\" srcset=\"https:\/\/edublog.educastur.es\/corredoria3\/files\/2020\/08\/32_octubre.png 398w, https:\/\/edublog.educastur.es\/corredoria3\/files\/2020\/08\/32_octubre-300x246.png 300w\" sizes=\"auto, (max-width: 148px) 100vw, 148px\" \/><\/p>\n<p>&nbsp;<\/p>\n<p>&nbsp;<\/p>\n<p>&nbsp;<\/p>\n<p>&nbsp;<\/p>\n<ul>\n<li><span style=\"font-size: 18pt\"><a href=\"https:\/\/edublog.educastur.es\/corredoria3\/5o-pri\/cultura-asturiana\/primer-trimestre\/sesion-01\/\">Sesi\u00f3n 01: <strong><em>Presentaci\u00f3n \/ repaso Traxe tradicional asturiano \/ Indumentaria Grado<\/em><\/strong><\/a><br \/>\n<\/span><\/li>\n<li><span style=\"font-size: 18pt\"><a href=\"https:\/\/edublog.educastur.es\/corredoria3\/5o-pri\/cultura-asturiana\/primer-trimestre\/sesion-02\/\">Sesi\u00f3n 02:\u00a0 <em><strong>ALLA \/ Mapa dialectal y zonas \/ Monta\u00f1\u00e9s y Gallego-Asturiano \/ Falsos amigos<\/strong><\/em><\/a><br \/>\n<\/span><\/li>\n<li><a href=\"https:\/\/edublog.educastur.es\/ixuxu\/2020\/10\/domingu-18-dochobre-del-2020\/\"><span style=\"font-size: 18pt\">Lleer el <em><strong>Tiempu Atmosf\u00e9ricu<\/strong><\/em> 18 d\u00b4ochobre 2020<\/span><\/a><\/li>\n<li><span style=\"font-size: 18pt\"><a href=\"https:\/\/edublog.educastur.es\/corredoria3\/5o-pri\/cultura-asturiana\/primer-trimestre\/sesion-03\/\">Sesi\u00f3n 03:\u00a0 <strong><em>Casa asturiana<\/em> <\/strong>(tipos, caracter\u00edsticas, funciones) \/ Tipos vivienda en funci\u00f3n det. geogr\u00e1ficos, econ\u00f3micos y culturales <\/a><br \/>\n<\/span><\/li>\n<li><span style=\"font-size: 18pt\"><a href=\"https:\/\/edublog.educastur.es\/corredoria3\/5o-pri\/cultura-asturiana\/primer-trimestre\/sesion-04\/\">Sesi\u00f3n 04: <strong><em>Oficio Ferreru \/ Museo Grandas de Salim<\/em><\/strong>e, Sama\u00edn<\/a><br \/>\n<\/span><\/li>\n<\/ul>\n<p><span style=\"font-size: 18pt\"><img loading=\"lazy\" decoding=\"async\" class=\" wp-image-387 alignleft\" src=\"http:\/\/edublog.educastur.es\/corredoria3\/files\/2020\/08\/33_noviembre.png\" alt=\"\" width=\"150\" height=\"123\" srcset=\"https:\/\/edublog.educastur.es\/corredoria3\/files\/2020\/08\/33_noviembre.png 398w, https:\/\/edublog.educastur.es\/corredoria3\/files\/2020\/08\/33_noviembre-300x246.png 300w\" sizes=\"auto, (max-width: 150px) 100vw, 150px\" \/><\/span><\/p>\n<p>&nbsp;<\/p>\n<p>&nbsp;<\/p>\n<p>&nbsp;<\/p>\n<p>&nbsp;<\/p>\n<ul>\n<li><span style=\"font-size: 18pt\"><a href=\"https:\/\/edublog.educastur.es\/corredoria3\/5o-pri\/cultura-asturiana\/primer-trimestre\/sesion-05\/\">Sesi\u00f3n 05:\u00a0<strong><em> Oficios: carpintero de Ribera<\/em><\/strong><\/a><br \/>\n<\/span><\/li>\n<li><a href=\"https:\/\/edublog.educastur.es\/corredoria3\/5o-pri\/cultura-asturiana\/primer-trimestre\/sesion-05b\/\"><span style=\"font-size: 18pt;color: #008080\">Sesi\u00f3n 05b: <em><strong>Oficio: madre\u00f1eru<\/strong><\/em><\/span><\/a><\/li>\n<li><span style=\"font-size: 18pt\"><a href=\"https:\/\/edublog.educastur.es\/corredoria3\/5o-pri\/cultura-asturiana\/primer-trimestre\/sesion-06\/\">Sesi\u00f3n 06:\u00a0 <strong><em>La Gaita asturiana: Asturianada y Tonada<\/em><\/strong><\/a><br \/>\n<\/span><\/li>\n<\/ul>\n<p><span style=\"font-size: 18pt\"><img loading=\"lazy\" decoding=\"async\" class=\" wp-image-388 alignleft\" src=\"http:\/\/edublog.educastur.es\/corredoria3\/files\/2020\/08\/34_diciembre.png\" alt=\"\" width=\"150\" height=\"123\" srcset=\"https:\/\/edublog.educastur.es\/corredoria3\/files\/2020\/08\/34_diciembre.png 398w, https:\/\/edublog.educastur.es\/corredoria3\/files\/2020\/08\/34_diciembre-300x246.png 300w\" sizes=\"auto, (max-width: 150px) 100vw, 150px\" \/><\/span><\/p>\n<p>&nbsp;<\/p>\n<p>&nbsp;<\/p>\n<p>&nbsp;<\/p>\n<p>&nbsp;<\/p>\n<ul>\n<li><span style=\"font-size: 18pt\"><a href=\"https:\/\/edublog.educastur.es\/corredoria3\/5o-pri\/cultura-asturiana\/primer-trimestre\/sesion-07\/\">Ses<\/a><\/span><span style=\"font-size: 18pt\"><a href=\"https:\/\/edublog.educastur.es\/corredoria3\/5o-pri\/cultura-asturiana\/primer-trimestre\/sesion-07\/\">i\u00f3n 07:\u00a0 <strong><em>La miner\u00eda asturiana.<\/em><\/strong><\/a><\/span><\/li>\n<li><span style=\"font-size: 18pt\"><a href=\"https:\/\/edublog.educastur.es\/corredoria3\/5o-pri\/cultura-asturiana\/primer-trimestre\/sesion-08\/\"><span style=\"color: #008080\">Sesi\u00f3n 08. <em><strong>Oficio: azabachero. El azabache<\/strong><\/em><\/span><\/a><br \/>\n<\/span><\/li>\n<li><a href=\"https:\/\/edublog.educastur.es\/corredoria3\/5o-pri\/cultura-asturiana\/primer-trimestre\/sesion-09\/\"><span style=\"font-size: 18pt;color: #008080\">Sesi\u00f3n 09: Navidad y Nataliegu<\/span><\/a><\/li>\n<\/ul>\n","protected":false},"excerpt":{"rendered":"<p>&nbsp; &nbsp; ACCESO\u00a0 A\u00a0 CARPETA\u00a0 DE\u00a0 RECURSOS\u00a0 COMPARTIDOS\u00a0 PROFES De uso exclusivo del profesorado Cultura Asturiana PRIMER TRIMESTRE &nbsp; &nbsp; &nbsp; &nbsp; Sesi\u00f3n 01: Presentaci\u00f3n \/ repaso Traxe tradicional asturiano \/ Indumentaria Grado Sesi\u00f3n 02:\u00a0 ALLA \/ Mapa dialectal y zonas \/ Monta\u00f1\u00e9s y Gallego-Asturiano \/ Falsos amigos Lleer el Tiempu Atmosf\u00e9ricu 18 d\u00b4ochobre 2020 [&hellip;]<\/p>\n","protected":false},"author":117,"featured_media":0,"parent":17,"menu_order":12,"comment_status":"closed","ping_status":"closed","template":"","meta":{"footnotes":""},"class_list":["post-1056","page","type-page","status-publish","hentry","post-preview"],"_links":{"self":[{"href":"https:\/\/edublog.educastur.es\/corredoria3\/wp-json\/wp\/v2\/pages\/1056","targetHints":{"allow":["GET"]}}],"collection":[{"href":"https:\/\/edublog.educastur.es\/corredoria3\/wp-json\/wp\/v2\/pages"}],"about":[{"href":"https:\/\/edublog.educastur.es\/corredoria3\/wp-json\/wp\/v2\/types\/page"}],"author":[{"embeddable":true,"href":"https:\/\/edublog.educastur.es\/corredoria3\/wp-json\/wp\/v2\/users\/117"}],"replies":[{"embeddable":true,"href":"https:\/\/edublog.educastur.es\/corredoria3\/wp-json\/wp\/v2\/comments?post=1056"}],"version-history":[{"count":16,"href":"https:\/\/edublog.educastur.es\/corredoria3\/wp-json\/wp\/v2\/pages\/1056\/revisions"}],"predecessor-version":[{"id":2428,"href":"https:\/\/edublog.educastur.es\/corredoria3\/wp-json\/wp\/v2\/pages\/1056\/revisions\/2428"}],"up":[{"embeddable":true,"href":"https:\/\/edublog.educastur.es\/corredoria3\/wp-json\/wp\/v2\/pages\/17"}],"wp:attachment":[{"href":"https:\/\/edublog.educastur.es\/corredoria3\/wp-json\/wp\/v2\/media?parent=1056"}],"curies":[{"name":"wp","href":"https:\/\/api.w.org\/{rel}","templated":true}]}}

<ul>
<li><a href="https://educastur-my.sharepoint.com/:f:/g/personal/isabellh_educastur_org/EsphFrSC71xHjqV8f9mxNtgBNR1024ffUCkohcuMrFRg1A?e=1PgnE6"><img loading="lazy" decoding="async" class="wp-image-378 alignleft" src="http://edublog.educastur.es/corredoria3/files/2020/08/24_quinto-300x246.png" alt="" width="100" height="82" srcset="https://edublog.educastur.es/corredoria3/files/2020/08/24_quinto-300x246.png 300w, https://edublog.educastur.es/corredoria3/files/2020/08/24_quinto.png 424w" sizes="auto, (max-width: 100px) 100vw, 100px" /></a></li>
</ul>
<p>&nbsp;</p>
<p>&nbsp;</p>
<ul>
<li><span style="font-size: 18pt"><a href="https://educastur-my.sharepoint.com/:f:/g/personal/isabellh_educastur_org/EsphFrSC71xHjqV8f9mxNtgBNR1024ffUCkohcuMrFRg1A?e=1PgnE6"><strong><span style="font-size: 14pt">ACCESO  A  CARPETA  DE  RECURSOS  COMPARTIDOS  PROFES</span></strong></a></span><br />
<span style="font-size: 18pt">De uso exclusivo del profesorado</span></li>
</ul>
<ul>
<li class="page_item page-item-1056 page_item_has_children"><span style="font-size: 18pt"><a href="https://edublog.educastur.es/corredoria3/5o-pri/cultura-asturiana/"><strong>Cultura Asturiana</strong></a></span>
<ul class="children">
<li class="page_item page-item-1437 page_item_has_children"><strong><a href="https://edublog.educastur.es/corredoria3/5o-pri/cultura-asturiana/primer-trimestre/"><span style="font-size: 18pt">PRIMER TRIMESTRE</span></a></strong></li>
</ul>
</li>
</ul>
<hr />
<p><img loading="lazy" decoding="async" class=" wp-image-386 alignleft" src="http://edublog.educastur.es/corredoria3/files/2020/08/32_octubre.png" alt="" width="148" height="122" srcset="https://edublog.educastur.es/corredoria3/files/2020/08/32_octubre.png 398w, https://edublog.educastur.es/corredoria3/files/2020/08/32_octubre-300x246.png 300w" sizes="auto, (max-width: 148px) 100vw, 148px" /></p>
<p>&nbsp;</p>
<p>&nbsp;</p>
<p>&nbsp;</p>
<p>&nbsp;</p>
<ul>
<li><span style="font-size: 18pt"><a href="https://edublog.educastur.es/corredoria3/5o-pri/cultura-asturiana/primer-trimestre/sesion-01/">Sesión 01: <strong><em>Presentación / repaso Traxe tradicional asturiano / Indumentaria Grado</em></strong></a><br />
</span></li>
<li><span style="font-size: 18pt"><a href="https://edublog.educastur.es/corredoria3/5o-pri/cultura-asturiana/primer-trimestre/sesion-02/">Sesión 02:  <em><strong>ALLA / Mapa dialectal y zonas / Montañés y Gallego-Asturiano / Falsos amigos</strong></em></a><br />
</span></li>
<li><a href="https://edublog.educastur.es/ixuxu/2020/10/domingu-18-dochobre-del-2020/"><span style="font-size: 18pt">Lleer el <em><strong>Tiempu Atmosféricu</strong></em> 18 d´ochobre 2020</span></a></li>
<li><span style="font-size: 18pt"><a href="https://edublog.educastur.es/corredoria3/5o-pri/cultura-asturiana/primer-trimestre/sesion-03/">Sesión 03:  <strong><em>Casa asturiana</em> </strong>(tipos, características, funciones) / Tipos vivienda en función det. geográficos, económicos y culturales </a><br />
</span></li>
<li><span style="font-size: 18pt"><a href="https://edublog.educastur.es/corredoria3/5o-pri/cultura-asturiana/primer-trimestre/sesion-04/">Sesión 04: <strong><em>Oficio Ferreru / Museo Grandas de Salim</em></strong>e, Samaín</a><br />
</span></li>
</ul>
<p><span style="font-size: 18pt"><img loading="lazy" decoding="async" class=" wp-image-387 alignleft" src="http://edublog.educastur.es/corredoria3/files/2020/08/33_noviembre.png" alt="" width="150" height="123" srcset="https://edublog.educastur.es/corredoria3/files/2020/08/33_noviembre.png 398w, https://edublog.educastur.es/corredoria3/files/2020/08/33_noviembre-300x246.png 300w" sizes="auto, (max-width: 150px) 100vw, 150px" /></span></p>
<p>&nbsp;</p>
<p>&nbsp;</p>
<p>&nbsp;</p>
<p>&nbsp;</p>
<ul>
<li><span style="font-size: 18pt"><a href="https://edublog.educastur.es/corredoria3/5o-pri/cultura-asturiana/primer-trimestre/sesion-05/">Sesión 05: <strong><em> Oficios: carpintero de Ribera</em></strong></a><br />
</span></li>
<li><a href="https://edublog.educastur.es/corredoria3/5o-pri/cultura-asturiana/primer-trimestre/sesion-05b/"><span style="font-size: 18pt;color: #008080">Sesión 05b: <em><strong>Oficio: madreñeru</strong></em></span></a></li>
<li><span style="font-size: 18pt"><a href="https://edublog.educastur.es/corredoria3/5o-pri/cultura-asturiana/primer-trimestre/sesion-06/">Sesión 06:  <strong><em>La Gaita asturiana: Asturianada y Tonada</em></strong></a><br />
</span></li>
</ul>
<p><span style="font-size: 18pt"><img loading="lazy" decoding="async" class=" wp-image-388 alignleft" src="http://edublog.educastur.es/corredoria3/files/2020/08/34_diciembre.png" alt="" width="150" height="123" srcset="https://edublog.educastur.es/corredoria3/files/2020/08/34_diciembre.png 398w, https://edublog.educastur.es/corredoria3/files/2020/08/34_diciembre-300x246.png 300w" sizes="auto, (max-width: 150px) 100vw, 150px" /></span></p>
<p>&nbsp;</p>
<p>&nbsp;</p>
<p>&nbsp;</p>
<p>&nbsp;</p>
<ul>
<li><span style="font-size: 18pt"><a href="https://edublog.educastur.es/corredoria3/5o-pri/cultura-asturiana/primer-trimestre/sesion-07/">Ses</a></span><span style="font-size: 18pt"><a href="https://edublog.educastur.es/corredoria3/5o-pri/cultura-asturiana/primer-trimestre/sesion-07/">ión 07:  <strong><em>La minería asturiana.</em></strong></a></span></li>
<li><span style="font-size: 18pt"><a href="https://edublog.educastur.es/corredoria3/5o-pri/cultura-asturiana/primer-trimestre/sesion-08/"><span style="color: #008080">Sesión 08. <em><strong>Oficio: azabachero. El azabache</strong></em></span></a><br />
</span></li>
<li><a href="https://edublog.educastur.es/corredoria3/5o-pri/cultura-asturiana/primer-trimestre/sesion-09/"><span style="font-size: 18pt;color: #008080">Sesión 09: Navidad y Nataliegu</span></a></li>
</ul>

<p>&nbsp; &nbsp; ACCESO  A  CARPETA  DE  RECURSOS  COMPARTIDOS  PROFES De uso exclusivo del profesorado Cultura Asturiana PRIMER TRIMESTRE &nbsp; &nbsp; &nbsp; &nbsp; Sesión 01: Presentación / repaso Traxe tradicional asturiano / Indumentaria Grado Sesión 02:  ALLA / Mapa dialectal y zonas / Montañés y Gallego-Asturiano / Falsos amigos Lleer el Tiempu Atmosféricu 18 d´ochobre 2020 [&hellip;]</p>
