{"id":1439,"date":"2020-10-10T10:36:33","date_gmt":"2020-10-10T08:36:33","guid":{"rendered":"https:\/\/edublog.educastur.es\/corredoria3\/?page_id=1439"},"modified":"2022-10-02T21:21:57","modified_gmt":"2022-10-02T19:21:57","slug":"1otrimestre","status":"publish","type":"page","link":"https:\/\/edublog.educastur.es\/corredoria3\/6o-pri\/cultura-asturiana\/1otrimestre\/","title":{"rendered":"1\u00ba TRIMESTRE"},"content":{"rendered":"<p style=\"text-align: center\"><img loading=\"lazy\" decoding=\"async\" class=\"alignnone \" src=\"https:\/\/edublog.educastur.es\/corredoria3\/files\/2020\/08\/25_sexto-300x246.png\" width=\"171\" height=\"140\" \/><\/p>\n<ul>\n<li class=\"page_item page-item-1058 page_item_has_children\"><a href=\"https:\/\/edublog.educastur.es\/corredoria3\/6o-pri\/cultura-asturiana\/\">Cultura Asturiana<\/a>\n<ul class=\"children\">\n<li class=\"page_item page-item-1439 page_item_has_children\"><a href=\"https:\/\/edublog.educastur.es\/corredoria3\/6o-pri\/cultura-asturiana\/1otrimestre\/\">1\u00ba TRIMESTRE<\/a><\/li>\n<\/ul>\n<\/li>\n<\/ul>\n<p>&nbsp;<\/p>\n<p>&nbsp;<\/p>\n<ul class=\"children\">\n<li class=\"page_item page-item-1365\"><span style=\"font-size: 20px\"><a href=\"https:\/\/edublog.educastur.es\/corredoria3\/6o-pri\/cultura-asturiana\/1otrimestre\/sesion_01\/\">Sesi\u00f3n 01: <strong>Fiesta de la vendimia en Cangas del Narcea 2020<\/strong><\/a><\/span><\/li>\n<li><span style=\"font-size: 20px;color: #0000ff\"><strong>2022: Fiesta de la vendimia en Cangas del Narcea 2022<\/strong><\/span><\/li>\n<li class=\"page_item page-item-1389\"><span style=\"font-size: 20px\"><a href=\"https:\/\/edublog.educastur.es\/corredoria3\/6o-pri\/cultura-asturiana\/1otrimestre\/sesion-02\/\">Sesi\u00f3n 02: <strong>Edificios y aqruitectura urbana.<\/strong> Patrimonio Arquitect\u00f3nico en Oviedo, Gij\u00f3n y Avil\u00e9s.<\/a><\/span><\/li>\n<li class=\"page_item page-item-1701\"><span style=\"font-size: 20px\"><a href=\"https:\/\/edublog.educastur.es\/corredoria3\/6o-pri\/cultura-asturiana\/1otrimestre\/sesion-02-el-desarme-de-oviedo\/\">Sesi\u00f3n 02 El desarme de Oviedo<\/a><\/span><\/li>\n<li class=\"page_item page-item-1391\"><span style=\"font-size: 20px\"><a href=\"https:\/\/edublog.educastur.es\/corredoria3\/6o-pri\/cultura-asturiana\/1otrimestre\/sesion-03\/\">Sesi\u00f3n 03: <strong>Oviedo, Sede Institucional, Junta general, Estatuto de Autonom\u00eda. Acontecimientos relevantes XIX y XX<\/strong><\/a><\/span><\/li>\n<li class=\"page_item page-item-1393\"><span style=\"font-size: 20px\"><a href=\"https:\/\/edublog.educastur.es\/corredoria3\/6o-pri\/cultura-asturiana\/1otrimestre\/sesion-04\/\">Sesi\u00f3n 04: <strong>Medios de comunicaci\u00f3n en Asturias<\/strong><\/a><\/span><\/li>\n<\/ul>\n<p>&nbsp;<\/p>\n<ul class=\"children\">\n<li class=\"page_item page-item-1395\"><span style=\"font-size: 20px\"><a href=\"https:\/\/edublog.educastur.es\/corredoria3\/6o-pri\/cultura-asturiana\/1otrimestre\/sesion-05\/\">Sesi\u00f3n 05: Personajes relevantes = Severo Ochoa y Margarita Salas<\/a><\/span><\/li>\n<li class=\"page_item page-item-1397\"><span style=\"font-size: 20px\"><a href=\"https:\/\/edublog.educastur.es\/corredoria3\/6o-pri\/cultura-asturiana\/1otrimestre\/sesion-06\/\">Sesi\u00f3n 06: Ciclo festivo en Asturias, Smartin (11 Nov). y 8 Nov. De gaitas y gaiteros<\/a><\/span><\/li>\n<li><span style=\"font-size: 20px\"><a href=\"https:\/\/edublog.educastur.es\/corredoria3\/6o-pri\/cultura-asturiana\/1otrimestre\/sesion-07\/\">Sesi\u00f3n 07: Minerales y rocas \/ 15 Nov. D\u00eda Munsial Oro <\/a><\/span><\/li>\n<li><span style=\"font-size: 20px\"><a href=\"https:\/\/edublog.educastur.es\/corredoria3\/6o-pri\/cultura-asturiana\/1otrimestre\/sesion-08\/\">Sesi\u00f3n 08<\/a> <a href=\"https:\/\/edublog.educastur.es\/corredoria3\/6o-pri\/cultura-asturiana\/1otrimestre\/sesion-08\/\"><strong>Cuento: misi\u00f3n acu\u00edfero (mina) \/ <\/strong>4 Dic: Santa B\u00e1rbara<\/a><\/span><\/li>\n<li class=\"page_item page-item-1404\"><span style=\"font-size: 20px\"><a href=\"https:\/\/edublog.educastur.es\/corredoria3\/6o-pri\/cultura-asturiana\/1otrimestre\/sesion-09\/\">Sesi\u00f3n 09: Mitolog\u00eda (repaso) <\/a><\/span><\/li>\n<li class=\"page_item page-item-1406\"><span style=\"font-size: 20px\"><a href=\"https:\/\/edublog.educastur.es\/corredoria3\/6o-pri\/cultura-asturiana\/1otrimestre\/sesion-10\/\">Sesi\u00f3n 10: D\u00eda I. Monta\u00f1as \/ Parques naturales y reservas naturales \/ Paisajes protegidos \/ Monumentos naturales<\/a><\/span><\/li>\n<li class=\"page_item page-item-1408\"><a href=\"https:\/\/edublog.educastur.es\/corredoria3\/6o-pri\/cultura-asturiana\/1otrimestre\/sesion-11\/\"><span style=\"font-size: 20px\">Sesi\u00f3n 11: Navidad \/ Solsticio Invierno \/ Villancicos<\/span><\/a><\/li>\n<\/ul>\n","protected":false},"excerpt":{"rendered":"<p>Cultura Asturiana 1\u00ba TRIMESTRE &nbsp; &nbsp; Sesi\u00f3n 01: Fiesta de la vendimia en Cangas del Narcea 2020 2022: Fiesta de la vendimia en Cangas del Narcea 2022 Sesi\u00f3n 02: Edificios y aqruitectura urbana. Patrimonio Arquitect\u00f3nico en Oviedo, Gij\u00f3n y Avil\u00e9s. Sesi\u00f3n 02 El desarme de Oviedo Sesi\u00f3n 03: Oviedo, Sede Institucional, Junta general, Estatuto de [&hellip;]<\/p>\n","protected":false},"author":117,"featured_media":0,"parent":1058,"menu_order":0,"comment_status":"closed","ping_status":"closed","template":"","meta":{"footnotes":""},"class_list":["post-1439","page","type-page","status-publish","hentry","post-preview"],"_links":{"self":[{"href":"https:\/\/edublog.educastur.es\/corredoria3\/wp-json\/wp\/v2\/pages\/1439","targetHints":{"allow":["GET"]}}],"collection":[{"href":"https:\/\/edublog.educastur.es\/corredoria3\/wp-json\/wp\/v2\/pages"}],"about":[{"href":"https:\/\/edublog.educastur.es\/corredoria3\/wp-json\/wp\/v2\/types\/page"}],"author":[{"embeddable":true,"href":"https:\/\/edublog.educastur.es\/corredoria3\/wp-json\/wp\/v2\/users\/117"}],"replies":[{"embeddable":true,"href":"https:\/\/edublog.educastur.es\/corredoria3\/wp-json\/wp\/v2\/comments?post=1439"}],"version-history":[{"count":5,"href":"https:\/\/edublog.educastur.es\/corredoria3\/wp-json\/wp\/v2\/pages\/1439\/revisions"}],"predecessor-version":[{"id":5243,"href":"https:\/\/edublog.educastur.es\/corredoria3\/wp-json\/wp\/v2\/pages\/1439\/revisions\/5243"}],"up":[{"embeddable":true,"href":"https:\/\/edublog.educastur.es\/corredoria3\/wp-json\/wp\/v2\/pages\/1058"}],"wp:attachment":[{"href":"https:\/\/edublog.educastur.es\/corredoria3\/wp-json\/wp\/v2\/media?parent=1439"}],"curies":[{"name":"wp","href":"https:\/\/api.w.org\/{rel}","templated":true}]}}