{"id":1543,"date":"2020-10-11T16:56:22","date_gmt":"2020-10-11T14:56:22","guid":{"rendered":"https:\/\/edublog.educastur.es\/corredoria3\/?page_id=1543"},"modified":"2020-11-09T20:08:29","modified_gmt":"2020-11-09T18:08:29","slug":"sesion-02","status":"publish","type":"page","link":"https:\/\/edublog.educastur.es\/corredoria3\/2o-pri\/cultura-asturiana\/primer-trimestre\/sesion-02\/","title":{"rendered":"Sesi\u00f3n 02"},"content":{"rendered":"<p><em><span style=\"font-size: 18pt;color: #008080\">\u00a0Volvemos al bosque \/ \u00c1rboles \/ Animales del bosque \/<\/span><\/em><\/p>\n<p><a href=\"https:\/\/imgbox.es\/images\/2020\/10\/14\/Natura_017d9df8dba367461e.jpg\"><img loading=\"lazy\" decoding=\"async\" class=\"alignnone size-full\" src=\"https:\/\/imgbox.es\/images\/2020\/10\/14\/Natura_017d9df8dba367461e.jpg\" width=\"1223\" height=\"1629\" \/><\/a><\/p>\n<p><a href=\"https:\/\/imgbox.es\/images\/2020\/10\/14\/Natura_02e5dcad5f17cb4d1e.jpg\"><img loading=\"lazy\" decoding=\"async\" class=\"alignnone size-full\" src=\"https:\/\/imgbox.es\/images\/2020\/10\/14\/Natura_02e5dcad5f17cb4d1e.jpg\" width=\"1226\" height=\"1612\" \/><\/a><\/p>\n<p><a href=\"https:\/\/imgbox.es\/images\/2020\/10\/14\/Natura_03bf2e17d183ec25a3.jpg\"><img loading=\"lazy\" decoding=\"async\" class=\"alignnone size-full\" src=\"https:\/\/imgbox.es\/images\/2020\/10\/14\/Natura_03bf2e17d183ec25a3.jpg\" width=\"1206\" height=\"1583\" \/><\/a><\/p>\n<p><a href=\"https:\/\/imgbox.es\/images\/2020\/10\/14\/Natura_0475c870ba58d737fe.jpg\"><img loading=\"lazy\" decoding=\"async\" class=\"alignnone size-full\" src=\"https:\/\/imgbox.es\/images\/2020\/10\/14\/Natura_0475c870ba58d737fe.jpg\" width=\"1211\" height=\"1593\" \/><\/a><\/p>\n<p><span style=\"color: #008080\"><strong><span style=\"font-size: 18pt\"><em>Fauna de Asturias<\/em><\/span><\/strong><\/span><\/p>\n<p><a href=\"https:\/\/imgbox.es\/images\/2020\/10\/14\/Fauna_0157bb9303d8c77ac8.jpg\"><img loading=\"lazy\" decoding=\"async\" class=\"alignnone size-full\" src=\"https:\/\/imgbox.es\/images\/2020\/10\/14\/Fauna_0157bb9303d8c77ac8.jpg\" width=\"1183\" height=\"1589\" \/><\/a><\/p>\n<p><a href=\"https:\/\/imgbox.es\/images\/2020\/10\/14\/Fauna_029e0b50890ca10273.jpg\"><img loading=\"lazy\" decoding=\"async\" class=\"alignnone size-full\" src=\"https:\/\/imgbox.es\/images\/2020\/10\/14\/Fauna_029e0b50890ca10273.jpg\" width=\"1207\" height=\"1561\" \/><\/a><\/p>\n<p><a href=\"https:\/\/imgbox.es\/images\/2020\/10\/14\/Fauna_03531b5cdba16ef11c.jpg\"><img loading=\"lazy\" decoding=\"async\" class=\"alignnone size-full\" src=\"https:\/\/imgbox.es\/images\/2020\/10\/14\/Fauna_03531b5cdba16ef11c.jpg\" width=\"1199\" height=\"1585\" \/><\/a><\/p>\n<p><a href=\"https:\/\/imgbox.es\/images\/2020\/10\/14\/Fauna_047a553437f7715809.jpg\"><img loading=\"lazy\" decoding=\"async\" class=\"alignnone size-full\" src=\"https:\/\/imgbox.es\/images\/2020\/10\/14\/Fauna_047a553437f7715809.jpg\" width=\"1207\" height=\"1581\" \/><\/a><\/p>\n<p><span style=\"font-size: 18pt;color: #008080\"><em>Lectura: <strong>Suca y el osu<\/strong><\/em><\/span><\/p>\n<p><a href=\"https:\/\/imgbox.es\/images\/2020\/10\/14\/Suca_01c981f38e563ae0c4.jpg\"><img loading=\"lazy\" decoding=\"async\" class=\"alignnone size-full\" src=\"https:\/\/imgbox.es\/images\/2020\/10\/14\/Suca_01c981f38e563ae0c4.jpg\" width=\"1243\" height=\"1633\" \/><\/a><\/p>\n<p><a href=\"https:\/\/imgbox.es\/images\/2020\/10\/14\/Suca_02e659a7be258b92fa.jpg\"><img loading=\"lazy\" decoding=\"async\" class=\"alignnone size-full\" src=\"https:\/\/imgbox.es\/images\/2020\/10\/14\/Suca_02e659a7be258b92fa.jpg\" width=\"1223\" height=\"1589\" \/><\/a><\/p>\n<hr \/>\n<p><em><span style=\"font-size: 18pt;color: #008080\">Lectura: <\/span><strong><span style=\"font-size: 18pt;color: #008080\">Carnaval en el bosque<\/span><\/strong><\/em><\/p>\n<p><a href=\"https:\/\/imgbox.es\/images\/2020\/10\/14\/Carnavalb_01a493beac44169b77.jpg\"><img loading=\"lazy\" decoding=\"async\" class=\"alignnone size-full\" src=\"https:\/\/imgbox.es\/images\/2020\/10\/14\/Carnavalb_01a493beac44169b77.jpg\" width=\"1211\" height=\"1609\" \/><\/a><\/p>\n<p><a href=\"https:\/\/imgbox.es\/images\/2020\/10\/14\/Carnabalb_02de21565c22e9bdc7.jpg\"><img loading=\"lazy\" decoding=\"async\" class=\"alignnone size-full\" src=\"https:\/\/imgbox.es\/images\/2020\/10\/14\/Carnabalb_02de21565c22e9bdc7.jpg\" width=\"1215\" height=\"1585\" \/><\/a><\/p>\n<hr \/>\n<p><a href=\"https:\/\/www.turismoasturias.es\/documents\/11022\/4116944\/branagallones.jpg\"><img loading=\"lazy\" decoding=\"async\" class=\"alignnone size-full\" src=\"https:\/\/www.turismoasturias.es\/documents\/11022\/4116944\/branagallones.jpg\" width=\"1140\" height=\"400\" \/><\/a><\/p>\n<p><a href=\"https:\/\/www.turismoasturias.es\/naturaleza\/rutas-de-senderismo\"><span style=\"font-size: 14pt;color: #008080\"><em>Rutas de senderismo.<\/em><\/span><\/a><\/p>\n<p><span class=\"css-901oao css-16my406 r-1qd0xha r-ad9z0x r-bcqeeo r-qvutc0\"><span style=\"color: #008080;font-size: 24pt\"><em><strong>El Cam\u00edn Encantau.<\/strong><\/em><\/span><\/span><\/p>\n<p><span class=\"css-901oao css-16my406 r-1qd0xha r-ad9z0x r-bcqeeo r-qvutc0\"><span style=\"color: #008080;font-size: 24pt\"><em><a href=\"https:\/\/4.bp.blogspot.com\/-JDFHtdt9Bio\/VTpc6eHgUgI\/AAAAAAAAJSA\/kw-lU1FHIQY\/s1600\/ruta-camino-encantado_1172.jpg\"><img loading=\"lazy\" decoding=\"async\" class=\"alignnone \" src=\"https:\/\/4.bp.blogspot.com\/-JDFHtdt9Bio\/VTpc6eHgUgI\/AAAAAAAAJSA\/kw-lU1FHIQY\/s1600\/ruta-camino-encantado_1172.jpg\" width=\"396\" height=\"297\" \/><\/a><\/em><\/span><\/span><\/p>\n<p><a href=\"https:\/\/4.bp.blogspot.com\/-d3a6OgCjOXI\/Tj8PioNUaEI\/AAAAAAAAFS8\/W2mRpbr8-74\/s1600\/rutacaminencantau.jpg\"><img loading=\"lazy\" decoding=\"async\" class=\"alignnone \" src=\"https:\/\/4.bp.blogspot.com\/-d3a6OgCjOXI\/Tj8PioNUaEI\/AAAAAAAAFS8\/W2mRpbr8-74\/s1600\/rutacaminencantau.jpg\" width=\"537\" height=\"262\" \/><\/a><\/p>\n<p><a href=\"https:\/\/www.llanes.es\/sites\/llanes\/files\/la_castanera.jpg\"><img loading=\"lazy\" decoding=\"async\" class=\"alignnone size-full\" src=\"https:\/\/www.llanes.es\/sites\/llanes\/files\/la_castanera.jpg\" width=\"3014\" height=\"1340\" \/><\/a><\/p>\n<p><span class=\"css-901oao css-16my406 r-1qd0xha r-ad9z0x r-bcqeeo r-qvutc0\">Preciosa ruta en el Valle de Ardisana (Llanes) de unos 10km aprox, amenizada con tallas de madera de seres mitol\u00f3gicos asturianos, obra del escultor Pedro Bueno. <a href=\"https:\/\/twitter.com\/LaraVillar81\/status\/1315363037843525632\"><strong><em>Ver en Twitter.<\/em><\/strong><\/a> Fotos de <a href=\"https:\/\/twitter.com\/LaraVillar81\">Lara V<\/a>. Web <a href=\"https:\/\/www.turismoasturias.es\/descubre\/naturaleza\/rutas\/senderismo\/ruta-el-camin-encantau\"><em>Asturias Para\u00edso Natural<\/em><\/a>.<br \/>\n<\/span><\/p>\n<p><span style=\"color: #008080\"><em><span style=\"font-size: 24pt\"><strong>Beyu Pen.<\/strong><\/span><\/em><\/span><\/p>\n<p><a href=\"https:\/\/2.bp.blogspot.com\/-VGXLB-CGlcA\/VhUuREramdI\/AAAAAAAAIZw\/YWAbmmUyNTY\/s1600\/Ruta%2BBeyu%2BPen%2BAmieva%2B%25283%2529.jpg\"><img loading=\"lazy\" decoding=\"async\" class=\"alignnone \" src=\"https:\/\/2.bp.blogspot.com\/-VGXLB-CGlcA\/VhUuREramdI\/AAAAAAAAIZw\/YWAbmmUyNTY\/s1600\/Ruta%2BBeyu%2BPen%2BAmieva%2B%25283%2529.jpg\" width=\"430\" height=\"322\" \/><\/a><\/p>\n<blockquote class=\"wp-embedded-content\" data-secret=\"uULUpcUOMi\"><p><a href=\"https:\/\/www.escapadarural.com\/blog\/beyu-pen-la-ruta-mitologica-en-asturias-para-recorrer-con-ninos\/\">Beyu Pen, la ruta mitol\u00f3gica en Asturias para recorrer con ni\u00f1os<\/a><\/p><\/blockquote>\n<p><iframe loading=\"lazy\" class=\"wp-embedded-content\" sandbox=\"allow-scripts\" security=\"restricted\" style=\"position: absolute; clip: rect(1px, 1px, 1px, 1px);\" title=\"\u00abBeyu Pen, la ruta mitol\u00f3gica en Asturias para recorrer con ni\u00f1os\u00bb \u2014 EscapadaRural\" src=\"https:\/\/www.escapadarural.com\/blog\/beyu-pen-la-ruta-mitologica-en-asturias-para-recorrer-con-ninos\/embed\/#?secret=uULUpcUOMi\" data-secret=\"uULUpcUOMi\" width=\"600\" height=\"338\" frameborder=\"0\" marginwidth=\"0\" marginheight=\"0\" scrolling=\"no\"><\/iframe><\/p>\n<p><em>Beyu<\/em> en asturiano significa \u00abgarganta profunda\u00bb o \u00abenca\u00f1onamiento\u00bb de un r\u00edo, as\u00ed que si ten\u00e9is ocasi\u00f3n para visitarlo en \u00e9poca de lluvias, podr\u00e9is disfrutar de grandes cascadas. A lo largo de nuestro camino podremos adivinar sus formas siniestras e incluso muchas veces hay pintura sobre las rocas que nos ayudar\u00e1n a descifrar <strong>de qu\u00e9 personaje se trata<\/strong>. Aunque desde luego en algunas ocasiones tendremos que tirar de imaginaci\u00f3n para poder hacer el \u201ccupo\u201d de los personajes mitol\u00f3gicos asturianos.<\/p>\n<ul>\n<li><strong>Cu\u00e9lebre<\/strong>, quien custodia los tesoros y Xanes, protegiendo la riqueza y la fecundidad.<\/li>\n<li><strong>Pesadiellu<\/strong>, nadie lo ha visto pero muchos han sufrido sus efectos, una presi\u00f3n extrema en el cuerpo.<\/li>\n<li><strong>Llavandera<\/strong>, mujeres mayores y arrugadas que lavan la ropa en los r\u00edos por la noche. No les gusta sentirse observadas y reaccionan agresivamente.<\/li>\n<li><strong>Busgosu<\/strong>, en la parte oriental de Asturias es benefactor de los pastores mientras que en la occidental lo consideran enemigo de cazadores y le\u00f1adores. Es semihumano y rapta a las mujeres.<\/li>\n<li><strong>Dia\u00f1u Burl\u00f3n<\/strong>, mitad hombre mitad animal. Le gusta enga\u00f1ar a la gente, pero es m\u00e1s bromista que maligno.<\/li>\n<li><strong>\u00d1uberu<\/strong>, provoca tormentas y tempestades para divertirse, arruinando con el granizo las cosechas.<\/li>\n<\/ul>\n<p><a href=\"https:\/\/i1.wp.com\/mifamiliaviajera.com\/wp-content\/uploads\/2019\/01\/DSC0105.jpg?ssl=1\"><img loading=\"lazy\" decoding=\"async\" class=\"alignnone size-full\" src=\"https:\/\/i1.wp.com\/mifamiliaviajera.com\/wp-content\/uploads\/2019\/01\/DSC0105.jpg?ssl=1\" width=\"1024\" height=\"680\" \/><\/a><\/p>\n<p><a href=\"https:\/\/axtur.files.wordpress.com\/2012\/04\/el-bosque-mitologico-del-beyu-pen.jpg\"><img loading=\"lazy\" decoding=\"async\" class=\"alignnone size-full\" src=\"https:\/\/axtur.files.wordpress.com\/2012\/04\/el-bosque-mitologico-del-beyu-pen.jpg\" width=\"911\" height=\"750\" \/><\/a><\/p>\n<p>&nbsp;<\/p>\n","protected":false},"excerpt":{"rendered":"<p>\u00a0Volvemos al bosque \/ \u00c1rboles \/ Animales del bosque \/ Fauna de Asturias Lectura: Suca y el osu Lectura: Carnaval en el bosque Rutas de senderismo. El Cam\u00edn Encantau. Preciosa ruta en el Valle de Ardisana (Llanes) de unos 10km aprox, amenizada con tallas de madera de seres mitol\u00f3gicos asturianos, obra del escultor Pedro Bueno. [&hellip;]<\/p>\n","protected":false},"author":117,"featured_media":0,"parent":1433,"menu_order":0,"comment_status":"closed","ping_status":"closed","template":"","meta":{"footnotes":""},"class_list":["post-1543","page","type-page","status-publish","hentry","post-preview"],"_links":{"self":[{"href":"https:\/\/edublog.educastur.es\/corredoria3\/wp-json\/wp\/v2\/pages\/1543","targetHints":{"allow":["GET"]}}],"collection":[{"href":"https:\/\/edublog.educastur.es\/corredoria3\/wp-json\/wp\/v2\/pages"}],"about":[{"href":"https:\/\/edublog.educastur.es\/corredoria3\/wp-json\/wp\/v2\/types\/page"}],"author":[{"embeddable":true,"href":"https:\/\/edublog.educastur.es\/corredoria3\/wp-json\/wp\/v2\/users\/117"}],"replies":[{"embeddable":true,"href":"https:\/\/edublog.educastur.es\/corredoria3\/wp-json\/wp\/v2\/comments?post=1543"}],"version-history":[{"count":8,"href":"https:\/\/edublog.educastur.es\/corredoria3\/wp-json\/wp\/v2\/pages\/1543\/revisions"}],"predecessor-version":[{"id":1732,"href":"https:\/\/edublog.educastur.es\/corredoria3\/wp-json\/wp\/v2\/pages\/1543\/revisions\/1732"}],"up":[{"embeddable":true,"href":"https:\/\/edublog.educastur.es\/corredoria3\/wp-json\/wp\/v2\/pages\/1433"}],"wp:attachment":[{"href":"https:\/\/edublog.educastur.es\/corredoria3\/wp-json\/wp\/v2\/media?parent=1543"}],"curies":[{"name":"wp","href":"https:\/\/api.w.org\/{rel}","templated":true}]}}