{"id":1555,"date":"2020-10-11T16:58:55","date_gmt":"2020-10-11T14:58:55","guid":{"rendered":"https:\/\/edublog.educastur.es\/corredoria3\/?page_id=1555"},"modified":"2021-10-31T14:06:23","modified_gmt":"2021-10-31T12:06:23","slug":"sesion-08","status":"publish","type":"page","link":"https:\/\/edublog.educastur.es\/corredoria3\/2o-pri\/cultura-asturiana\/primer-trimestre\/sesion-08\/","title":{"rendered":"Sesi\u00f3n 08_men\u00fa versos"},"content":{"rendered":"<p style=\"text-align: center\"><span style=\"font-size: 18pt\">Como complemento al tema de <strong><em>El colegio<\/em><\/strong>,<br \/>\nesta sesi\u00f3n veremos el cuento<span style=\"color: #008080\"><strong> \u00abMen\u00fa de versos\u00bb<br \/>\n<\/strong>de Editorial Pintar-Pintar.<\/span><\/span><\/p>\n<p><span style=\"font-size: 14pt;color: #800000\"><strong><em>Vamos anotando en la pizarra nombres de objetos que encontramos en el comedor escolar, as\u00ed como profesiones que van apareciendo en el mismo.<\/em><\/strong><\/span><\/p>\n<ul>\n<li><span style=\"font-size: 14pt;color: #800000\"><em><strong>Descripci\u00f3n del comedor&#8230; \u00bfC\u00f3mo es?<\/strong><\/em><\/span><\/li>\n<li><span style=\"font-size: 14pt;color: #800000\"><em><strong>Las mesas, \u00bfc\u00f3mo son?<\/strong><\/em><\/span><\/li>\n<li><span style=\"font-size: 14pt;color: #800000\"><em><strong>Las personas que all\u00ed trabajan: cocineros\/es, cuidadores&#8230; tareas que realizan.<\/strong><\/em><\/span><\/li>\n<li><span style=\"font-size: 14pt;color: #800000\"><em><strong>Normas que tenemos que cumplir antes, durante y despu\u00e9s&#8230;<\/strong><\/em><\/span><\/li>\n<li><span style=\"font-size: 14pt;color: #800000\"><em><strong>Men\u00fas: primer plato, segundo plato, postre&#8230;<\/strong><\/em><\/span><\/li>\n<\/ul>\n<p><span style=\"font-size: 14pt\">Hay un par de cuentos en asturiano disponibles en el aula de Llingua<\/span><br \/>\n<span style=\"font-size: 14pt\">(uno del colegio y otro personal de Isa) para consultar y ense\u00f1arles.<\/span><\/p>\n<p><span style=\"font-size: 14pt\"><a href=\"http:\/\/www.digital.pintar-pintar.com\/bookcase\/exvve\">En castellano, se puede ense\u00f1ar en la pizarra en la nubeteca.<\/a><\/span><\/p>\n<p>\/ <a href=\"http:\/\/www.digital.pintar-pintar.com\/bookcase\/exvve\"><img loading=\"lazy\" decoding=\"async\" class=\"alignnone \" src=\"https:\/\/cdn.palbin.com\/users\/11282\/upload\/images\/acceso-nubeteca-castellano-1.jpg\" width=\"305\" height=\"160\" \/>.<\/a><\/p>\n<div><\/div>\n<div class=\"book-detail-title\"><span style=\"font-size: 18pt;color: #800000\"><strong><em>\u00abMen\u00fa de versos\u00bb <\/em><\/strong><\/span><\/div>\n<div class=\"book-detail-page\">Pages: 32<\/div>\n<div class=\"book-detail-desc\" title=\"Divertida poes\u00eda sobre un comedor escolar muy especial, donde los ni\u00f1os comen distintos platos seg\u00fan sean glotones, estudiosos, despistados, mentirosos\u2026 \u00a9 de los textos: M\u00aa Esther Garc\u00eda L\u00f3pez \u00a9 de las ilustraciones: Borja Sauras \u00a9 de la edici\u00f3n: Pintar-Pintar Editorial ISBN edici\u00f3n en papel: 9788493680213 ISBN eBook: 978-84-92964-86-4\"><span style=\"color: #008080\"><em>Divertida poes\u00eda sobre un comedor escolar muy especial, donde los ni\u00f1os comen distintos platos seg\u00fan sean glotones, estudiosos, despistados, mentirosos\u2026<\/em><\/span><\/div>\n<div title=\"Divertida poes\u00eda sobre un comedor escolar muy especial, donde los ni\u00f1os comen distintos platos seg\u00fan sean glotones, estudiosos, despistados, mentirosos\u2026 \u00a9 de los textos: M\u00aa Esther Garc\u00eda L\u00f3pez \u00a9 de las ilustraciones: Borja Sauras \u00a9 de la edici\u00f3n: Pintar-Pintar Editorial ISBN edici\u00f3n en papel: 9788493680213 ISBN eBook: 978-84-92964-86-4\"><\/div>\n<div class=\"book-detail-desc\" title=\"Divertida poes\u00eda sobre un comedor escolar muy especial, donde los ni\u00f1os comen distintos platos seg\u00fan sean glotones, estudiosos, despistados, mentirosos\u2026 \u00a9 de los textos: M\u00aa Esther Garc\u00eda L\u00f3pez \u00a9 de las ilustraciones: Borja Sauras \u00a9 de la edici\u00f3n: Pintar-Pintar Editorial ISBN edici\u00f3n en papel: 9788493680213 ISBN eBook: 978-84-92964-86-4\">\n<p><a href=\"https:\/\/www.escritoresdeasturias.es\/wp-content\/uploads\/2009\/03\/menu20de20versos_c-scaled.jpg\"><img loading=\"lazy\" decoding=\"async\" class=\"alignnone size-full\" src=\"https:\/\/www.escritoresdeasturias.es\/wp-content\/uploads\/2009\/03\/menu20de20versos_c-scaled.jpg\" width=\"1811\" height=\"2560\" \/><\/a><\/p>\n<p>\u00a9 de los textos: M\u00aa Esther Garc\u00eda L\u00f3pez<br \/>\n\u00a9 de las ilustraciones: Borja Sauras<br \/>\n\u00a9 de la edici\u00f3n: Pintar-Pintar Editorial<\/p>\n<\/div>\n<hr \/>\n<ul>\n<li><\/li>\n<\/ul>\n<p>&nbsp;<\/p>\n<p>&nbsp;<\/p>\n<p>&nbsp;<\/p>\n<p>&nbsp;<\/p>\n<p>&nbsp;<\/p>\n","protected":false},"excerpt":{"rendered":"<p>Como complemento al tema de El colegio, esta sesi\u00f3n veremos el cuento \u00abMen\u00fa de versos\u00bb de Editorial Pintar-Pintar. Vamos anotando en la pizarra nombres de objetos que encontramos en el comedor escolar, as\u00ed como profesiones que van apareciendo en el mismo. Descripci\u00f3n del comedor&#8230; \u00bfC\u00f3mo es? Las mesas, \u00bfc\u00f3mo son? Las personas que all\u00ed trabajan: [&hellip;]<\/p>\n","protected":false},"author":117,"featured_media":0,"parent":1433,"menu_order":0,"comment_status":"closed","ping_status":"closed","template":"","meta":{"footnotes":""},"class_list":["post-1555","page","type-page","status-publish","hentry","post-preview"],"_links":{"self":[{"href":"https:\/\/edublog.educastur.es\/corredoria3\/wp-json\/wp\/v2\/pages\/1555","targetHints":{"allow":["GET"]}}],"collection":[{"href":"https:\/\/edublog.educastur.es\/corredoria3\/wp-json\/wp\/v2\/pages"}],"about":[{"href":"https:\/\/edublog.educastur.es\/corredoria3\/wp-json\/wp\/v2\/types\/page"}],"author":[{"embeddable":true,"href":"https:\/\/edublog.educastur.es\/corredoria3\/wp-json\/wp\/v2\/users\/117"}],"replies":[{"embeddable":true,"href":"https:\/\/edublog.educastur.es\/corredoria3\/wp-json\/wp\/v2\/comments?post=1555"}],"version-history":[{"count":8,"href":"https:\/\/edublog.educastur.es\/corredoria3\/wp-json\/wp\/v2\/pages\/1555\/revisions"}],"predecessor-version":[{"id":2443,"href":"https:\/\/edublog.educastur.es\/corredoria3\/wp-json\/wp\/v2\/pages\/1555\/revisions\/2443"}],"up":[{"embeddable":true,"href":"https:\/\/edublog.educastur.es\/corredoria3\/wp-json\/wp\/v2\/pages\/1433"}],"wp:attachment":[{"href":"https:\/\/edublog.educastur.es\/corredoria3\/wp-json\/wp\/v2\/media?parent=1555"}],"curies":[{"name":"wp","href":"https:\/\/api.w.org\/{rel}","templated":true}]}}