{"id":1568,"date":"2020-10-11T17:25:06","date_gmt":"2020-10-11T15:25:06","guid":{"rendered":"https:\/\/edublog.educastur.es\/corredoria3\/?page_id=1568"},"modified":"2021-09-13T18:32:35","modified_gmt":"2021-09-13T16:32:35","slug":"sesion-02","status":"publish","type":"page","link":"https:\/\/edublog.educastur.es\/corredoria3\/5o-pri\/cultura-asturiana\/primer-trimestre\/sesion-02\/","title":{"rendered":"Sesi\u00f3n 02"},"content":{"rendered":"<p><span style=\"font-size: 24pt\"><strong><em><span style=\"color: #800000\">Mapa dialectal de Asturias\u00a0<\/span> <\/em><\/strong><\/span><\/p>\n<p><span style=\"font-size: 18pt\">\u00a0 <a href=\"https:\/\/www.iventia.com\/asturlhiones\/images\/b\/bc\/Asturias.gif\"><img loading=\"lazy\" decoding=\"async\" class=\"alignnone \" src=\"https:\/\/www.iventia.com\/asturlhiones\/images\/b\/bc\/Asturias.gif\" width=\"275\" height=\"168\" \/><\/a><\/span><\/p>\n<p><span style=\"font-size: 18pt\">\/\u00a0 <a href=\"https:\/\/upload.wikimedia.org\/wikipedia\/commons\/thumb\/e\/e3\/Mapa_llingua_asturiana.svg\/1200px-Mapa_llingua_asturiana.svg.png\"><img loading=\"lazy\" decoding=\"async\" class=\"alignnone \" src=\"https:\/\/upload.wikimedia.org\/wikipedia\/commons\/thumb\/e\/e3\/Mapa_llingua_asturiana.svg\/1200px-Mapa_llingua_asturiana.svg.png\" width=\"915\" height=\"852\" \/><\/a><\/span><\/p>\n<p>&nbsp;<\/p>\n<p><span style=\"font-size: 18pt\"><em><strong>En Asturias se hablan tres lenguas:\u00a0 el castellano<\/strong> (lengua oficial de Asturias y el resto de Espa\u00f1a)<strong> , el asturiano y el gallego-asturiano <\/strong>(\u00e9stas dos \u00faltimas son las lenguas aut\u00f3ctonas). El asturiano es una lengua romance, es decir, evolucion\u00f3 del lat\u00edn al igual que otras lenguas hermanas suyas, como el portugu\u00e9s, el franc\u00e9s, el italiano, el rumano o el propio castellano. <\/em><\/span><\/p>\n<p><span style=\"font-size: 18pt\"><a href=\"https:\/\/sfa.grupos.uniovi.es\/documents\/251554\/251658\/Domiu+asturlleon%C3%A9s\/7818eeee-d739-4c5b-aaee-96ffecf85475?t=1456142325994\"><img loading=\"lazy\" decoding=\"async\" class=\"size-full aligncenter\" src=\"https:\/\/sfa.grupos.uniovi.es\/documents\/251554\/251658\/Domiu+asturlleon%C3%A9s\/7818eeee-d739-4c5b-aaee-96ffecf85475?t=1456142325994\" width=\"587\" height=\"787\" \/><\/a><\/span><\/p>\n<p><a href=\"https:\/\/4.bp.blogspot.com\/-hgRPOyOOJGE\/VCGsaDa66aI\/AAAAAAAADWk\/UljrILonDK8\/s1600\/p.txt.png\"><img loading=\"lazy\" decoding=\"async\" class=\"aligncenter\" src=\"https:\/\/4.bp.blogspot.com\/-hgRPOyOOJGE\/VCGsaDa66aI\/AAAAAAAADWk\/UljrILonDK8\/s1600\/p.txt.png\" alt=\"\" width=\"610\" height=\"769\" \/><\/a><\/p>\n<p style=\"text-align: center\"><a href=\"https:\/\/llinguanelaula.blogspot.com\/p\/la-asturiana-ye-una-llingua-romance-de.html\"><span style=\"color: #800000\"><strong><em><span style=\"font-size: 14pt\">Ver art\u00edculo<\/span><\/em><\/strong><\/span><\/a><\/p>\n<p><span style=\"font-size: 18pt\"><em>Cuando los romanos llegaron a la <a href=\"https:\/\/agrega.juntadeandalucia.es\/repositorio\/25072011\/41\/es-an_2011072513_9214737\/ODE-ccc66b9e-9003-3d5b-b9d5-acba197f4eb8\/Neolatinas_mio_color.jpg\">Pen\u00ednsula Ib\u00e9rica trajeron consigo, entre otras cosas, su lengua (el lat\u00edn)<\/a> que\u00a0 entr\u00f3 en contacto\u00a0 con las lenguas de los pueblos que habitaban estas tierras y de ese contacto nacieron las diferentes <strong>lenguas romances que existen actualmente en Espa\u00f1a: el gallego, el catal\u00e1n, el aragon\u00e9s, el aran\u00e9s, el castellano y el asturiano.\u00a0<\/strong> <\/em><\/span><\/p>\n<p><span style=\"font-size: 18pt\"><a href=\"https:\/\/traductoresoficiales.es\/wp-content\/uploads\/2016\/10\/idiomas-espana.png\"><img loading=\"lazy\" decoding=\"async\" class=\"alignnone \" src=\"https:\/\/traductoresoficiales.es\/wp-content\/uploads\/2016\/10\/idiomas-espana.png\" width=\"772\" height=\"297\" \/><\/a><\/span><\/p>\n<ul>\n<li><span style=\"font-size: 18pt\"><a href=\"https:\/\/es.calameo.com\/read\/00344917209f3351b0a3f\"><em>Ver p\u00e1g 2 en Calameo<\/em><\/a><\/span><\/li>\n<li><a href=\"https:\/\/image.slidesharecdn.com\/situacinlingsticadeespaa-140402122323-phpapp01\/95\/situacin-lingstica-de-espaa-6-638.jpg?cb=1396441468\"><em><span style=\"font-size: 18pt\"><strong>\u00bfY el vasco?<\/strong> \u00bfQu\u00e9 pens\u00e1is? \u00bfPor qu\u00e9 no est\u00e1 en este mapa?&#8230; <\/span><\/em><\/a><img loading=\"lazy\" decoding=\"async\" class=\"alignnone  aligncenter\" src=\"https:\/\/encrypted-tbn0.gstatic.com\/images?q=tbn:ANd9GcTR28kVyfgd3qwCkn2ICP6JNBpKea-RZS3fF5sLEuFyAkmWuml3Qyn-alg-FidZmJD8Ug&amp;usqp=CAU\" width=\"403\" height=\"43\" \/><\/li>\n<\/ul>\n<hr \/>\n<p style=\"text-align: center\"><em><span style=\"font-size: 24pt;color: #800000\">La<strong> Academia de la Llingua Asturiana (ALLA)<\/strong><\/span><\/em><\/p>\n<p>&nbsp;<\/p>\n<p style=\"text-align: center\"><em><span style=\"font-size: 24pt;color: #800000\"><strong><a href=\"https:\/\/educastur-my.sharepoint.com\/:b:\/g\/personal\/isabellh_educastur_org\/ES2IXooZaY5NmEWUhKwocCABJ5Q-1hOtl5kvQ8c0Ey4FJw?e=fNhxaC\"><span style=\"color: #008080;font-size: 24pt\">Ficha alumnado con tarea para hacer en clase.<\/span><\/a><br \/>\n<\/strong><\/span><\/em><\/p>\n<p><a href=\"http:\/\/www.academiadelallingua.com\/\"><img loading=\"lazy\" decoding=\"async\" class=\"aligncenter\" src=\"https:\/\/tinypix.top\/images\/2021\/08\/21\/vPbeo.jpg\" alt=\"\" width=\"190\" height=\"190\" \/><\/a><\/p>\n<ul>\n<li><span style=\"font-size: 18pt\"><a href=\"http:\/\/www.academiadelallingua.com\/\">Web oficial<\/a><\/span><\/li>\n<li><a href=\"http:\/\/www.academiadelallingua.com\/lacademia-2\/\"><span style=\"font-size: 18pt;color: #008080\">L\u00b4Academia<\/span><\/a><\/li>\n<li><span style=\"font-size: 18pt\"><a href=\"https:\/\/es.wikipedia.org\/wiki\/Academia_de_la_Lengua_Asturiana\">Ver en Wikipedia<\/a><\/span><\/li>\n<\/ul>\n<p><em><span style=\"font-size: 18pt\">Es la m\u00e1xima instituci\u00f3n lling\u00fc\u00edstica en cuestiones relativas al estudio, la promoci\u00f3n y la defensa del asturiano y del gallego-asturiano, lenguas propias de Asturias.\u00a0 Su sede est\u00e1 en Oviedo: <\/span><\/em><span style=\"font-size: 18pt\">Cai L\u2019\u00c1guila, n\u00famberu 10, 33003, Uvi\u00e9u, Asturies,\u00a0\u00a0 <span style=\"text-decoration: underline\"><em>Apart\u00e1u de Correos 574 E-33080 UVI\u00c9U\u00a0<\/em><\/span>\u00a0\u00a0 Tfnu. +34 985 21 18 37\u00a0\u00a0 <\/span><a href=\"mailto:alla@academiadelallingua.com\"><span style=\"font-size: 14pt\"><span style=\"font-size: 18pt\">alla@academiadelallingua.com<\/span><\/span><\/a><\/p>\n<p><em><span style=\"font-size: 18pt\">Esta instituci\u00f3n fue creada en el a\u00f1o 1980 y est\u00e1 presidida en la actualidad por Xos\u00e9 Antonio Glez. Ria\u00f1o. Est\u00e1 formada por varios miembros (acad\u00e9micos y acad\u00e9micas) que son especialistas\u00a0 en el \u00e1mbito ling\u00fc\u00edstico y que se re\u00fanen peri\u00f3dicamente\u00a0 para trabajar en cuestiones relativas al asturiano y al gallego-asturiano.\u00a0 <a href=\"https:\/\/es.wikipedia.org\/wiki\/Academia_de_la_Lengua_Asturiana\">Ver lista completa de acad\u00e9micos.<\/a><\/span><\/em><\/p>\n<ul>\n<li><span style=\"font-size: 18pt\"><em>Presidente: Xos\u00e9 Ant\u00f3n Gonz\u00e1lez Ria\u00f1o<\/em><\/span><\/li>\n<li><span style=\"font-size: 18pt\"><em>Vicepresidenta: Marta Mori d\u2019Arriba<\/em><\/span><\/li>\n<li><span style=\"font-size: 18pt\"><em>Secretariu: Xos\u00e9 Ram\u00f3n Iglesias Cueva<\/em><\/span><\/li>\n<li><span style=\"font-size: 18pt\"><em>Vicesecretaria: Carmen Mu\u00f1iz Cach\u00f3n<\/em><\/span><\/li>\n<li><span style=\"font-size: 18pt\"><em>Ayalgueru: Carlos Lastra L\u00f3pez<\/em><\/span><\/li>\n<\/ul>\n<p><em><span style=\"font-size: 18pt\">Coincidiendo con la celebraci\u00f3n\u00a0 del <a href=\"http:\/\/www.academiadelallingua.com\/lletresasturianes\/index.php\"><strong>D\u00eda de les Lletres Asturianes<\/strong><\/a>, el primer viernes de mayo, los miembros de la ALLA se re\u00fanen de forma extraordinaria para nombrar nuevos acad\u00e9micos. De esta manera, la instituci\u00f3n se va ampliando a\u00f1o tras a\u00f1o.<\/span><\/em><\/p>\n<p><em><span style=\"font-size: 18pt\">La principal funci\u00f3n\u00a0 es establecer las normas adecuadas para un uso correcto de la lengua asturiana (su normalizaci\u00f3n). <\/span><\/em><\/p>\n<p><em><span style=\"font-size: 18pt\">Para conseguie este objetivo cuenta con tres obras muy importantes que se revisan peri\u00f3dicamente: <\/span><\/em><\/p>\n<p><em><span style=\"font-size: 18pt\"><span style=\"color: #008080\"><strong>(1) <a href=\"http:\/\/www.academiadelallingua.com\/wp-content\/uploads\/2014\/10\/Normes_Ortografiques.pdf\">Normes Ortogr\u00e1fiques y Conxugaci\u00f3n de Verbos<\/a>, <\/strong><\/span><\/span><\/em><\/p>\n<p><em><span style=\"font-size: 18pt\"><span style=\"color: #008080\"><strong>(2) <a href=\"https:\/\/www.google.com\/url?sa=t&amp;rct=j&amp;q=&amp;esrc=s&amp;source=web&amp;cd=1&amp;cad=rja&amp;uact=8&amp;ved=2ahUKEwjfkYSwy6voAhWPyoUKHS5ABdsQFjAAegQIBhAB&amp;url=http%3A%2F%2Fwww.academiadelallingua.com%2Fwp-content%2Fuploads%2F2014%2F10%2FGramatica_Llingua.pdf&amp;usg=AOvVaw2RaMZSZd-2j-BUZ71lhUuJ\">Gram\u00e1tica de la Llingua Asturiana<\/a> y <\/strong><\/span><\/span><\/em><\/p>\n<p><em><span style=\"font-size: 18pt\"><span style=\"color: #008080\"><strong>(3) <a href=\"http:\/\/www.academiadelallingua.com\/diccionariu\/index.php?pallabra=\">Diccionariu de l&#8217;Academia de la Llingua Asturiana<\/a>.<br \/>\n<span style=\"color: #808080\">Se pueden consultar online.<\/span><\/strong><\/span><\/span><\/em><\/p>\n<p><a href=\"https:\/\/www.google.com\/url?sa=t&amp;rct=j&amp;q=&amp;esrc=s&amp;source=web&amp;cd=1&amp;cad=rja&amp;uact=8&amp;ved=2ahUKEwjfkYSwy6voAhWPyoUKHS5ABdsQFjAAegQIBhAB&amp;url=http%3A%2F%2Fwww.academiadelallingua.com%2Fwp-content%2Fuploads%2F2014%2F10%2FGramatica_Llingua.pdf&amp;usg=AOvVaw2RaMZSZd-2j-BUZ71lhUuJ\"><img loading=\"lazy\" decoding=\"async\" class=\"alignnone\" src=\"https:\/\/tinypix.top\/images\/2021\/08\/21\/vBodp.jpg\" alt=\"\" width=\"221\" height=\"157\" \/><\/a><a href=\"https:\/\/www.google.com\/url?sa=t&amp;rct=j&amp;q=&amp;esrc=s&amp;source=web&amp;cd=1&amp;cad=rja&amp;uact=8&amp;ved=2ahUKEwjfkYSwy6voAhWPyoUKHS5ABdsQFjAAegQIBhAB&amp;url=http%3A%2F%2Fwww.academiadelallingua.com%2Fwp-content%2Fuploads%2F2014%2F10%2FGramatica_Llingua.pdf&amp;usg=AOvVaw2RaMZSZd-2j-BUZ71lhUuJ\"> pdf<\/a>\/ <a href=\"http:\/\/www.academiadelallingua.com\/wp-content\/uploads\/2014\/10\/Normes_Ortografiques.pdf\"><img loading=\"lazy\" decoding=\"async\" class=\"alignnone\" src=\"https:\/\/tinypix.top\/images\/2021\/08\/21\/vPpwH.jpg\" alt=\"\" width=\"251\" height=\"146\" \/><\/a> <a href=\"http:\/\/www.academiadelallingua.com\/wp-content\/uploads\/2014\/10\/Normes_Ortografiques.pdf\">pdf<\/a> \/<\/p>\n<div class=\"wrapper section-inner group\">\n<div class=\"sidebar right\" role=\"complementary\">\n<div id=\"media_image-37\" class=\"widget widget_media_image\"><\/div>\n<\/div>\n<\/div>\n<p><span style=\"font-size: 18pt\"><em><strong>TRABAJOS:<\/strong> En <a title=\"1981\" href=\"https:\/\/es.wikipedia.org\/wiki\/1981\">1981<\/a> se public\u00f3 el primer trabajo normativo de la Academia, <strong>Normes Ortogr\u00e1fiques y Conxugaci\u00f3n de Verbos.<\/strong> Otras publicaciones a destacar son la <strong>Gram\u00e1tica de la Llingua Asturiana<\/strong> en <a title=\"1998\" href=\"https:\/\/es.wikipedia.org\/wiki\/1998\">1998<\/a> y en <a title=\"2000\" href=\"https:\/\/es.wikipedia.org\/wiki\/2000\">2000<\/a> el <strong>Diccionariu de l&#8217;Academia de la Llingua Asturiana<\/strong>, tambi\u00e9n conocido por sus siglas \u00abDALLA\u00bb.<\/em><\/span><\/p>\n<p><span style=\"font-size: 18pt\"><em>Publica peri\u00f3dicamente una revista titulada <strong><a href=\"http:\/\/www.academiadelallingua.com\/lletresasturianes\/index.php\">Lletres Asturianes<\/a> <\/strong>(bolet\u00edn oficial de la instituci\u00f3n), as\u00ed como libros y revistas relacionados con el estudio de la lengua, la literatura y la cultura asturiana: <a href=\"http:\/\/academiadelallingua.com\/cultures\/\"><strong>Cultures.<\/strong><\/a> Revista de cultura asturiana y Lliteratura. Revista lliteraria asturiana. Entre sus colecciones de libros se encuentran: Toponimia (n\u00f3minas <a title=\"Toponimia\" href=\"https:\/\/es.wikipedia.org\/wiki\/Toponimia\">topon\u00edmicas<\/a> orales), Llibrer\u00eda Lling\u00fc\u00edstica (estudios <a title=\"Filolog\u00eda\" href=\"https:\/\/es.wikipedia.org\/wiki\/Filolog%C3%ADa\">filol\u00f3gicos<\/a>), Preseos (<a title=\"Vocabulario\" href=\"https:\/\/es.wikipedia.org\/wiki\/Vocabulario\">vocabularios<\/a>), Cartafueyos Normativos (textos normativos de aplicaci\u00f3n en el proceso de normalizaci\u00f3n social de la lengua asturiana), Llibrer\u00eda Acad\u00e9mica (creaci\u00f3n literaria), Escol\u00edn (infantil), Lliteratura Xuvenil, Cuquiellu, M\u00e1zcara (teatro)&#8230;<\/em><\/span><\/p>\n<p>\/\u00a0\u00a0\u00a0\u00a0\u00a0\u00a0 <a href=\"https:\/\/asturies.com\/sites\/default\/files\/styles\/large\/public\/cartelu_del_xxxvii_dia_de_les_lletres_asturianes_alla.jpg?itok=rw7haV62\"><img loading=\"lazy\" decoding=\"async\" class=\"alignnone \" src=\"https:\/\/asturies.com\/sites\/default\/files\/styles\/large\/public\/cartelu_del_xxxvii_dia_de_les_lletres_asturianes_alla.jpg?itok=rw7haV62\" width=\"197\" height=\"284\" \/><\/a>\/ <a href=\"https:\/\/asturies.com\/sites\/default\/files\/dia_lletres_01.jpg\"><img loading=\"lazy\" decoding=\"async\" class=\"alignnone \" src=\"https:\/\/asturies.com\/sites\/default\/files\/dia_lletres_01.jpg\" width=\"200\" height=\"285\" \/><\/a><\/p>\n<p>\/<a href=\"https:\/\/www.laregioninternacional.com\/media\/lri\/images\/2020\/09\/18\/\/2020091819022852579.jpg\"><img loading=\"lazy\" decoding=\"async\" class=\"alignnone \" src=\"https:\/\/www.laregioninternacional.com\/media\/lri\/images\/2020\/09\/18\/\/2020091819022852579.jpg\" width=\"270\" height=\"169\" \/><\/a> \u00a0 \/\u00a0\u00a0 <a href=\"https:\/\/www.rtpa.es\/fotos\/\/19\/04\/871556474231_cfakepathlletres.jpg\"><img loading=\"lazy\" decoding=\"async\" class=\"alignnone \" src=\"https:\/\/www.rtpa.es\/fotos\/\/19\/04\/871556474231_cfakepathlletres.jpg\" width=\"307\" height=\"173\" \/><\/a><\/p>\n<p><span style=\"font-size: 18pt\"><em>Tambi\u00e9n celebra todos los a\u00f1os el<a href=\"http:\/\/www.academiadelallingua.com\/lletresasturianes\/index.php\"><strong> D\u00eda de les Lletres Asturianes<\/strong> (D\u00eda de las Letras Asturianas)<\/a> desde <a title=\"1982\" href=\"https:\/\/es.wikipedia.org\/wiki\/1982\">1982<\/a>, as\u00ed como unas sesiones internacionales de estudio (<strong>Xornaes Internacionales d&#8217;Estudiu)<\/strong>, de car\u00e1cter anual y el <strong>Alcuentru \u00abLlingua Minoritaria y Educaci\u00f3n\u00bb<\/strong> de car\u00e1cter bianual.<\/em><\/span><\/p>\n<p><span style=\"font-size: 18pt\"><em>La ALLA, por tanto,\u00a0 se encarga de organizar jornadas de estudio, encuentros, conferencias y cursos\u00a0 en los que el asturiano y el gallego-asturiano son protagonistas. Fomenta la investigaci\u00f3n ling\u00fc\u00edstica y la creaci\u00f3n literaria convocando distintos concursos\u00a0 y editando diferentes revistas y libros, no dejando de lado cuestiones relativas a la investigaci\u00f3n topon\u00edmica (los nombres de los lugares) y la literaria. <\/em><\/span><\/p>\n<p><span style=\"font-size: 18pt;color: #008080\"><em><u>Cuestiones:<\/u><\/em><\/span><\/p>\n<ul>\n<li><span style=\"font-size: 18pt;color: #008080\"><em>\u00bfCu\u00e1l es la funci\u00f3n de la Academia de la Llingua Asturiana?<\/em><\/span><\/li>\n<li><span style=\"font-size: 18pt;color: #008080\"><em>\u00bfEn qu\u00e9 a\u00f1o se fund\u00f3 la ALLA?<\/em><\/span><\/li>\n<li><span style=\"font-size: 18pt;color: #008080\"><em>\u00bfQu\u00e9 es la normativizaci\u00f3n de una lengua?<\/em><\/span><\/li>\n<li><span style=\"font-size: 18pt;color: #008080\"><em>\u00bfCu\u00e1ndo se celebra el D\u00eda de les Lletres Asturianes?<\/em><\/span><\/li>\n<li><span style=\"font-size: 18pt;color: #008080\"><em>\u00bfA qu\u00e9 se dedica y qui\u00e9n es el \u00faltimo acad\u00e9mico de la ALLA?<\/em><\/span><\/li>\n<li><span style=\"font-size: 18pt;color: #008080\"><em>Nombra alguna de sus actividades y publicaciones\u2026<br \/>\n<\/em><\/span><\/li>\n<\/ul>\n<p>&nbsp;<\/p>\n","protected":false},"excerpt":{"rendered":"<p>Mapa dialectal de Asturias\u00a0 \u00a0 \/\u00a0 &nbsp; En Asturias se hablan tres lenguas:\u00a0 el castellano (lengua oficial de Asturias y el resto de Espa\u00f1a) , el asturiano y el gallego-asturiano (\u00e9stas dos \u00faltimas son las lenguas aut\u00f3ctonas). El asturiano es una lengua romance, es decir, evolucion\u00f3 del lat\u00edn al igual que otras lenguas hermanas suyas, [&hellip;]<\/p>\n","protected":false},"author":117,"featured_media":0,"parent":1437,"menu_order":0,"comment_status":"closed","ping_status":"closed","template":"","meta":{"footnotes":""},"class_list":["post-1568","page","type-page","status-publish","hentry","post-preview"],"_links":{"self":[{"href":"https:\/\/edublog.educastur.es\/corredoria3\/wp-json\/wp\/v2\/pages\/1568","targetHints":{"allow":["GET"]}}],"collection":[{"href":"https:\/\/edublog.educastur.es\/corredoria3\/wp-json\/wp\/v2\/pages"}],"about":[{"href":"https:\/\/edublog.educastur.es\/corredoria3\/wp-json\/wp\/v2\/types\/page"}],"author":[{"embeddable":true,"href":"https:\/\/edublog.educastur.es\/corredoria3\/wp-json\/wp\/v2\/users\/117"}],"replies":[{"embeddable":true,"href":"https:\/\/edublog.educastur.es\/corredoria3\/wp-json\/wp\/v2\/comments?post=1568"}],"version-history":[{"count":17,"href":"https:\/\/edublog.educastur.es\/corredoria3\/wp-json\/wp\/v2\/pages\/1568\/revisions"}],"predecessor-version":[{"id":1700,"href":"https:\/\/edublog.educastur.es\/corredoria3\/wp-json\/wp\/v2\/pages\/1568\/revisions\/1700"}],"up":[{"embeddable":true,"href":"https:\/\/edublog.educastur.es\/corredoria3\/wp-json\/wp\/v2\/pages\/1437"}],"wp:attachment":[{"href":"https:\/\/edublog.educastur.es\/corredoria3\/wp-json\/wp\/v2\/media?parent=1568"}],"curies":[{"name":"wp","href":"https:\/\/api.w.org\/{rel}","templated":true}]}}