{"id":19,"date":"2020-08-19T07:44:44","date_gmt":"2020-08-19T07:44:44","guid":{"rendered":"https:\/\/edublog.educastur.es\/corredoria3\/?page_id=19"},"modified":"2021-05-03T22:19:28","modified_gmt":"2021-05-03T20:19:28","slug":"biblioteca","status":"publish","type":"page","link":"https:\/\/edublog.educastur.es\/corredoria3\/biblioteca\/","title":{"rendered":"Biblio"},"content":{"rendered":"<blockquote><p><span style=\"color: #000080\"><em><strong><span style=\"font-size: 14pt\">\u201cLos libros son compa\u00f1eros, maestros, magos y banqueros de los tesoros de la mente\u201d\u00a0<\/span> \u00a0<\/strong>(B\u00e1rbara Werthe)<\/em><\/span><\/p>\n<p><span style=\"font-size: 14pt;color: #008080\"><strong><em>Hay quienes no pueden imaginar un mundo sin p\u00e1jaros; hay quienes no pueden imaginar un mundo sin agua; en lo que a mi se refiere, soy incapaz de imaginar un mundo sin libros\u00bb.<\/em><\/strong><\/span><i><span style=\"font-size: 14pt;color: #008080\"><strong>\u00a0<\/strong><\/span>Jorge Luis Borges.\u00a0<\/i><\/p><\/blockquote>\n<p>&nbsp;<\/p>\n<p><span style=\"color: #008080\"><em><span style=\"font-size: 14pt\">En esta p\u00e1gina publicamos los <strong>Boletines de lecturas recomendadas<\/strong> desde el Centro.<\/span><\/em><\/span><\/p>\n<p>\n<!-- iframe plugin v.6.0 wordpress.org\/plugins\/iframe\/ -->\n<iframe loading=\"lazy\" src=\"https:\/\/drive.google.com\/file\/d\/1zJezPYXpHZUpiJd1kQ6-mMh_OPtrdyT1\/preview\" width=\"604\" height=\"833\" 0=\"\/iframe\" scrolling=\"yes\" class=\"iframe-class\" frameborder=\"0\"><\/iframe>\n <span style=\"color: #008080;font-size: 14pt\">\u30c4<\/span><\/p>\n<p><span style=\"color: #008080;font-size: 14pt\"><em>Clic en la flecha superior derecha para ver en pantalla completa.<\/em><\/span><\/p>\n<p>&nbsp;<\/p>\n<p>\n<!-- iframe plugin v.6.0 wordpress.org\/plugins\/iframe\/ -->\n<iframe loading=\"lazy\" src=\"https:\/\/drive.google.com\/file\/d\/1v01OM4euFRF5eQ8LVa1-IRKUTg6fZ-I0\/preview\" width=\"626\" height=\"451\" 0=\"\/iframe\" scrolling=\"yes\" class=\"iframe-class\" frameborder=\"0\"><\/iframe>\n \u30c4<\/p>\n<p><span style=\"font-size: 14pt;color: #008080\"><em>Clic en la flecha superior derecha para ver en pantalla completa.<\/em><\/span><\/p>\n<p>\n<!-- iframe plugin v.6.0 wordpress.org\/plugins\/iframe\/ -->\n<iframe loading=\"lazy\" src=\"https:\/\/drive.google.com\/file\/d\/1AkNumNmh2_HKI5Xuj21JHIZFRfeYjwo3\/preview\" width=\"626\" height=\"451\" 0=\"\/iframe\" scrolling=\"yes\" class=\"iframe-class\" frameborder=\"0\"><\/iframe>\n \u30c4<\/p>\n<p><span style=\"color: #008080;font-size: 14pt\"><em>Clic en la flecha superior derecha para ver en pantalla completa.<\/em><\/span><\/p>\n<p>\n<!-- iframe plugin v.6.0 wordpress.org\/plugins\/iframe\/ -->\n<iframe loading=\"lazy\" src=\"https:\/\/drive.google.com\/file\/d\/1QRLcszl4XTbvwfHt45MW1__2LdO271kZ\/preview\" width=\"626\" height=\"451\" 0=\"\/iframe\" scrolling=\"yes\" class=\"iframe-class\" frameborder=\"0\"><\/iframe>\n \u30c4<\/p>\n<p><span style=\"font-size: 14pt;color: #008080\"><em>Clic en la flecha superior derecha para ver en pantalla completa.<\/em><\/span><\/p>\n<p>\n<!-- iframe plugin v.6.0 wordpress.org\/plugins\/iframe\/ -->\n<iframe loading=\"lazy\" src=\"https:\/\/drive.google.com\/file\/d\/1so6ra5efFxT9ur0sJvwuMXUPrTjqN2Hm\/preview\" width=\"626\" height=\"451\" 0=\"\/iframe\" scrolling=\"yes\" class=\"iframe-class\" frameborder=\"0\"><\/iframe>\n \u30c4<\/p>\n<p><span style=\"color: #008080;font-size: 14pt\"><em>Clic en la flecha superior derecha para ver en pantalla completa.<\/em><\/span><\/p>\n<p>\n<!-- iframe plugin v.6.0 wordpress.org\/plugins\/iframe\/ -->\n<iframe loading=\"lazy\" src=\"https:\/\/drive.google.com\/file\/d\/1Ii4Eo88eLQ5AN8wTdiEJs_iwS-LHb0JE\/preview\" width=\"626\" height=\"451\" 0=\"\/iframe\" scrolling=\"yes\" class=\"iframe-class\" frameborder=\"0\"><\/iframe>\n \u30c4<\/p>\n<p><span style=\"font-size: 14pt;color: #008080\"><em>Clic en la flecha superior derecha para ver en pantalla completa.<\/em><\/span><\/p>\n<p>\n<!-- iframe plugin v.6.0 wordpress.org\/plugins\/iframe\/ -->\n<iframe loading=\"lazy\" src=\"https:\/\/drive.google.com\/file\/d\/1JNcNgdzVQ2uyyi8kmm2Jq_ACVDSsmmpt\/preview\" width=\"626\" height=\"451\" 0=\"\/iframe\" scrolling=\"yes\" class=\"iframe-class\" frameborder=\"0\"><\/iframe>\n \u30c4<\/p>\n<p><span style=\"font-size: 14pt;color: #008080\"><em>Clic en la flecha superior derecha para ver en pantalla completa.<\/em><\/span><\/p>\n<p>\n<!-- iframe plugin v.6.0 wordpress.org\/plugins\/iframe\/ -->\n<iframe loading=\"lazy\" src=\"https:\/\/drive.google.com\/file\/d\/1QwQ4UQieR1NQfkBFC0h0PJq1JDKN4g9Q\/preview\" width=\"626\" height=\"451\" 0=\"\/iframe\" scrolling=\"yes\" class=\"iframe-class\" frameborder=\"0\"><\/iframe>\n \u30c4<\/p>\n<p><span style=\"color: #008080;font-size: 14pt\"><em>Clic en la flecha superior derecha para ver en pantalla completa.<\/em><\/span><\/p>\n<p>\n<!-- iframe plugin v.6.0 wordpress.org\/plugins\/iframe\/ -->\n<iframe loading=\"lazy\" src=\"https:\/\/drive.google.com\/file\/d\/1JNcNgdzVQ2uyyi8kmm2Jq_ACVDSsmmpt\/preview\" width=\"626\" height=\"451\" 0=\"\/iframe\" scrolling=\"yes\" class=\"iframe-class\" frameborder=\"0\"><\/iframe>\n \u30c4<\/p>\n<p><span style=\"color: #008080;font-size: 14pt\"><em>Clic en la flecha superior derecha para ver en pantalla completa.<\/em><\/span><\/p>\n<p>\n<!-- iframe plugin v.6.0 wordpress.org\/plugins\/iframe\/ -->\n<iframe loading=\"lazy\" src=\"https:\/\/drive.google.com\/file\/d\/1c31IlICcjIqXv9tci2AJvVL5jaPwkm69\/preview\" width=\"626\" height=\"451\" 0=\"\/iframe\" scrolling=\"yes\" class=\"iframe-class\" frameborder=\"0\"><\/iframe>\n \u30c4<\/p>\n<p><span style=\"font-size: 14pt;color: #008080\"><em>Clic en la flecha superior derecha para ver en pantalla completa.<\/em><\/span><\/p>\n<p>\n<!-- iframe plugin v.6.0 wordpress.org\/plugins\/iframe\/ -->\n<iframe loading=\"lazy\" src=\"https:\/\/drive.google.com\/file\/d\/1H8sx2sBFI9PYzSBBW3afEpETyr-uLSOD\/preview\" width=\"626\" height=\"451\" 0=\"\/iframe\" scrolling=\"yes\" class=\"iframe-class\" frameborder=\"0\"><\/iframe>\n \u30c4<\/p>\n<p><span style=\"font-size: 14pt;color: #008080\"><em>Clic en la flecha superior derecha para ver en pantalla completa.<\/em><\/span><\/p>\n<p>\n<!-- iframe plugin v.6.0 wordpress.org\/plugins\/iframe\/ -->\n<iframe loading=\"lazy\" src=\"https:\/\/drive.google.com\/file\/d\/19J_2gZZjCYEDHE9MwNu6KdHjxFUKbD1G\/preview\" width=\"626\" height=\"451\" 0=\"\/iframe\" scrolling=\"yes\" class=\"iframe-class\" frameborder=\"0\"><\/iframe>\n \u30c4<\/p>\n<p>&nbsp;<\/p>\n<hr \/>\n<ul>\n<li><strong><span style=\"font-size: 14pt\"><em>\u00a0<a href=\"https:\/\/drive.google.com\/file\/d\/1WCUnVDAl1wrPYEpF3DECytJRiS0RXFhP\/view?usp=sharing\" target=\"_blank\" rel=\"noopener noreferrer\">Ver folleto Marzo 2018<\/a><\/em><\/span><\/strong><\/li>\n<li><strong><span style=\"font-size: 14pt\"><em><a href=\"https:\/\/drive.google.com\/file\/d\/1qAgLQNBMLA6K7PKmf0LDi7sRNOUqBC20\/view?usp=sharing\" target=\"_blank\" rel=\"noopener noreferrer\">Ver folleto Diciembre 2017<\/a><\/em><\/span><\/strong><\/li>\n<li><strong><span style=\"font-size: 14pt\"><a href=\"https:\/\/drive.google.com\/file\/d\/0B69NBgMfKrQBSXc4Qmw0UXZXakU\/view?usp=sharing\" target=\"_blank\" rel=\"noopener noreferrer\"><em>Ver folleto Diciembre 2016<\/em><\/a><\/span><\/strong><\/li>\n<li><strong><span style=\"font-size: 14pt\"><a href=\"https:\/\/drive.google.com\/file\/d\/0B69NBgMfKrQBUTl1ODktekFiQkU\/view?usp=sharing\" target=\"_blank\" rel=\"noopener noreferrer\"><u><em>Ver folleto n\u00ba 5 &#8211; Junio 2016<\/em><\/u><\/a><\/span><\/strong><\/li>\n<li><strong><span style=\"font-size: 14pt\"><a href=\"https:\/\/drive.google.com\/file\/d\/0B69NBgMfKrQBVDloalVyS2ZuUHM\/view?usp=sharing\" target=\"_blank\" rel=\"noopener noreferrer\"><u><em>Ver folleto n\u00ba 4 &#8211; Diciembre 2015<\/em><\/u><\/a><\/span><\/strong><\/li>\n<li><strong><span style=\"font-size: 14pt\"><a href=\"https:\/\/drive.google.com\/file\/d\/0B69NBgMfKrQBRmtxM0Zzd19EU3c\/view?usp=sharing\" target=\"_blank\" rel=\"noopener noreferrer\"><em>Ver folleto n\u00ba3 &#8211; Junio 2015<\/em><\/a><\/span><\/strong><\/li>\n<li><strong><span style=\"font-size: 14pt\"><em><a href=\"https:\/\/drive.google.com\/file\/d\/0B69NBgMfKrQBU2NCZjF3aUxuSWc\/view?usp=sharing\" target=\"_blank\" rel=\"noopener noreferrer\">Ver folleto n\u00ba2 &#8211; Abril 2015<\/a><\/em><\/span><\/strong><\/li>\n<li><strong><span style=\"font-size: 14pt\"><em><a href=\"https:\/\/drive.google.com\/file\/d\/0B69NBgMfKrQBbG1LZXVFWHd2SGc\/view?usp=sharing\" target=\"_blank\" rel=\"noopener noreferrer\">Ver folleto n\u00ba 1 &#8211; Enero 2015<\/a><\/em><\/span><\/strong><\/li>\n<\/ul>\n<hr \/>\n<p><a href=\"https:\/\/edublog.educastur.es\/corredoria3\/biblioteca\/revista-bli\/\"><em><span style=\"font-size: 24pt\">Accede en este enlace a la<strong> Revista BLI<\/strong><\/span><\/em><\/a><\/p>\n<div class=\"branding\">\n<p><img loading=\"lazy\" decoding=\"async\" class=\" wp-image-239 alignleft\" src=\"http:\/\/edublog.educastur.es\/eprimaria\/files\/2020\/09\/bli2.jpg\" alt=\"\" width=\"246\" height=\"246\" \/><\/p>\n<\/div>\n<div class=\"search-wrapper\"><em><a href=\"https:\/\/fantasticayliteratura.files.wordpress.com\/2020\/05\/vanina.jpg?w=960\"><img loading=\"lazy\" decoding=\"async\" class=\"alignnone \" src=\"https:\/\/fantasticayliteratura.files.wordpress.com\/2020\/05\/vanina.jpg?w=960\" width=\"339\" height=\"254\" \/><\/a><br \/>\n<\/em><\/p>\n<h4 class=\"logo\"><em>Revista de Literatura Infantil y juvenil, una publicaci\u00f3n cuatrimestral de divulgaci\u00f3n que tratar\u00e1 de difundir art\u00edculos y textos que ayuden a visibilizar la literatura infantil.<\/em><a href=\"https:\/\/revistabli.com\"><em>Web<\/em><\/a><\/h4>\n<\/div>\n","protected":false},"excerpt":{"rendered":"<p>\u201cLos libros son compa\u00f1eros, maestros, magos y banqueros de los tesoros de la mente\u201d\u00a0 \u00a0(B\u00e1rbara Werthe) Hay quienes no pueden imaginar un mundo sin p\u00e1jaros; hay quienes no pueden imaginar un mundo sin agua; en lo que a mi se refiere, soy incapaz de imaginar un mundo sin libros\u00bb.\u00a0Jorge Luis Borges.\u00a0 &nbsp; En esta p\u00e1gina [&hellip;]<\/p>\n","protected":false},"author":117,"featured_media":0,"parent":0,"menu_order":11,"comment_status":"closed","ping_status":"closed","template":"","meta":{"footnotes":""},"class_list":["post-19","page","type-page","status-publish","hentry","post-preview"],"_links":{"self":[{"href":"https:\/\/edublog.educastur.es\/corredoria3\/wp-json\/wp\/v2\/pages\/19","targetHints":{"allow":["GET"]}}],"collection":[{"href":"https:\/\/edublog.educastur.es\/corredoria3\/wp-json\/wp\/v2\/pages"}],"about":[{"href":"https:\/\/edublog.educastur.es\/corredoria3\/wp-json\/wp\/v2\/types\/page"}],"author":[{"embeddable":true,"href":"https:\/\/edublog.educastur.es\/corredoria3\/wp-json\/wp\/v2\/users\/117"}],"replies":[{"embeddable":true,"href":"https:\/\/edublog.educastur.es\/corredoria3\/wp-json\/wp\/v2\/comments?post=19"}],"version-history":[{"count":24,"href":"https:\/\/edublog.educastur.es\/corredoria3\/wp-json\/wp\/v2\/pages\/19\/revisions"}],"predecessor-version":[{"id":4336,"href":"https:\/\/edublog.educastur.es\/corredoria3\/wp-json\/wp\/v2\/pages\/19\/revisions\/4336"}],"wp:attachment":[{"href":"https:\/\/edublog.educastur.es\/corredoria3\/wp-json\/wp\/v2\/media?parent=19"}],"curies":[{"name":"wp","href":"https:\/\/api.w.org\/{rel}","templated":true}]}}