{"id":2076,"date":"2020-10-27T20:21:22","date_gmt":"2020-10-27T18:21:22","guid":{"rendered":"https:\/\/edublog.educastur.es\/corredoria3\/?page_id=2076"},"modified":"2020-10-27T20:22:21","modified_gmt":"2020-10-27T18:22:21","slug":"dia-biblioteca","status":"publish","type":"page","link":"https:\/\/edublog.educastur.es\/corredoria3\/biblioteca\/dia-biblioteca\/","title":{"rendered":"D\u00eda Biblioteca"},"content":{"rendered":"<ul>\n<li><a href=\"https:\/\/www.educastur.es\/-\/24-10-dia-internacional-de-las-bibliotecas-2020?redirect=https%3A%2F%2Fwww.educastur.es%2Finicio%3Fp_p_id%3D101_INSTANCE_QSFUm4QpFZ6Q%26p_p_lifecycle%3D0%26p_p_state%3Dnormal%26p_p_mode%3Dview%26p_p_col_id%3Dcolumn-1%26p_p_col_pos%3D5%26p_p_col_count%3D19\"><strong><em><span style=\"font-size: 18pt\">Enlace a web de Educastur<\/span><\/em><\/strong><\/a><\/li>\n<li><a href=\"http:\/\/www.culturaydeporte.gob.es\/cultura\/areas\/bibliotecas\/mc\/dia-bibliotecas-2020\/presentacion.html#:~:text=La%20Direcci%C3%B3n%20General%20del%20Libro,24%20de%20octubre%20de%202020\"><em><span style=\"font-size: 18pt\">Enlace web Nacional<\/span><\/em><\/a><\/li>\n<\/ul>\n<p><a href=\"https:\/\/www.educastur.es\/documents\/10531\/8165180\/2020-10_efem_biblioteca1_800.jpg\/46fc60af-0ec5-4a47-beea-cc9cc27923e9?t=1603704184760\"><img loading=\"lazy\" decoding=\"async\" class=\"alignnone size-full\" src=\"https:\/\/www.educastur.es\/documents\/10531\/8165180\/2020-10_efem_biblioteca1_800.jpg\/46fc60af-0ec5-4a47-beea-cc9cc27923e9?t=1603704184760\" width=\"800\" height=\"283\" \/><\/a><\/p>\n<p><span style=\"font-size: 14pt\">Como todos los a\u00f1os la Consejer\u00eda de Educaci\u00f3n del Principado de Asturias quiere sumarse a la conmemoraci\u00f3n del <strong>D\u00eda de las Bibliotecas,<\/strong> iniciativa de la Asociaci\u00f3n\u00a0Espa\u00f1ola de Amigos del Libro Infantil y Juvenil apoyada por el Ministerio de Cultura y Deporte que, desde 1997, viene celebr\u00e1ndose en recuerdo de la\u00a0destrucci\u00f3n de la Biblioteca de Sarajevo incendiada en 1992 durante el conflicto balc\u00e1nico.<\/span><\/p>\n<p><span style=\"font-size: 14pt\"><strong>Objetivos: <\/strong><\/span><span style=\"font-size: 14pt\">Esta efem\u00e9ride tiene como objetivo concienciar a la sociedad de la importancia de la lectura como herramienta que nos ayuda a expandir nuestros horizontes, de la biblioteca como lugar de<\/span><br \/>\n<span style=\"font-size: 14pt\">encuentro con la cultura, como instrumento de mejora de la formaci\u00f3n y la convivencia humanas. Adem\u00e1s, la efem\u00e9ride rinde homenaje y reconocimiento a la labor los bibliotecarios y las bibliotecarias.<\/span><br \/>\n<span style=\"font-size: 14pt\">\u00a0<\/span><\/p>\n<p><span style=\"font-size: 14pt\"><strong>Lema 2020: <\/strong><\/span><span style=\"font-size: 14pt\">La edici\u00f3n de este a\u00f1o tiene como lema<strong> Bibliotecas, siempre a tu lado.<\/strong> Se centra en destacar el importante papel que juegan las bibliotecas ofreciendo acceso a la cultura, al conocimiento y<\/span><br \/>\n<span style=\"font-size: 14pt\">al entretenimiento en cualquier lugar y circunstancia. Se pretende poner en valor la capacidad que han demostrado las bibliotecas para continuar ofreciendo sus servicios en circunstancias\u00a0tan complejas como las derivadas de la crisis sanitaria de la COVID19, independientemente de su tipolog\u00eda o titularidad. Tambi\u00e9n se resalta la gran labor que desempe\u00f1an las bibliotecas\u00a0situadas en el mundo rural o en entornos especiales como hospitales o prisiones y todas aquellas iniciativas y servicios de extensi\u00f3n bibliotecaria que se ponen en marcha para\u00a0llegar a cualquier tipo de persona, en cualquier circunstancia y lugar.<\/span><\/p>\n<p><span style=\"font-size: 14pt\"><strong>Bibliotecas ante la COVID19. Bibliotecas siempre a tu lado<\/strong><\/span><\/p>\n<p><span style=\"font-size: 14pt\"><a href=\"https:\/\/youtu.be\/XhD4ZybISTQ\" target=\"_blank\" rel=\"noopener noreferrer\">Ver en Youtube<\/a><\/span><\/p>\n<p><span style=\"font-size: 14pt\"><em>El Ministerio de Cultura y Deporte<\/em> bajo el lema <strong>Bibliotecas ante la COVID19. Bibliotecas siempre a tu lado <\/strong>impulsa esta celebraci\u00f3n con un v\u00eddeo que resalta la capacidad de adaptaci\u00f3n de las\u00a0bibliotecas en el que se muestra algunas de las numerosas actividades que las bibliotecas pusieron en marcha durante el confinamiento.<\/span><\/p>\n<ul>\n<li><span style=\"font-size: 14pt\"><a href=\"http:\/\/www.culturaydeporte.gob.es\/cultura\/areas\/bibliotecas\/mc\/dia-bibliotecas-2020\/presentacion.html#:~:text=La%20Direcci%C3%B3n%20General%20del%20Libro,24%20de%20octubre%20de%202020\" target=\"_blank\" rel=\"noopener noreferrer\">D\u00eda de las Bibliotecas 2020. Ministerio de Cultura y Deporte<\/a><\/span><\/li>\n<\/ul>\n<p><span style=\"font-size: 14pt\"><em>El Consejo de Cooperaci\u00f3n bibliotecaria (CCB)\u00a0<\/em>se suma a esta celebraci\u00f3n como una de las Medidas del III Plan Estrat\u00e9gico 2019-2023, L\u00ednea de actuaci\u00f3n 3 dedicada a\u00a0la Visibilidad de las bibliotecas (objetivo 3.1: Comunicar el valor de la biblioteca).<\/span><\/p>\n<ul>\n<li><span style=\"font-size: 14pt\"><a href=\"https:\/\/www.ccbiblio.es\/proyectos\/dia-de-las-bibliotecas\/\" target=\"_blank\" rel=\"noopener noreferrer\">D\u00eda de las BIbliotecas. Consejo de Cooperaci\u00f3n bibliotecaria<\/a><\/span><\/li>\n<\/ul>\n<p><span style=\"font-size: 14pt\"><em>La Asociaci\u00f3n Espa\u00f1ola de Amigos del libro infantil y juvenil <\/em>es la promotora de esta iniciativa. Cada a\u00f1o encarga a personalidades de reconocido prestigio en el \u00e1mbito de la escritura y\u00a0de la ilustraci\u00f3n la redacci\u00f3n del preg\u00f3n y el dise\u00f1o del cartel que se difunde entre todas las bibliotecas de Espa\u00f1a y entidades interesadas. Los carteles anuales forman parte de una exposici\u00f3n\u00a0que recorre las bibliotecas que lo solicitan.<\/span><\/p>\n<ul>\n<li><span style=\"font-size: 14pt\"><a href=\"https:\/\/www.amigosdellibro.com\/\" target=\"_blank\" rel=\"noopener noreferrer\">Asociaci\u00f3n Espa\u00f1ola del Libro Infantil y Juvenil<\/a><\/span><\/li>\n<li><span style=\"font-size: 14pt\"><a href=\"http:\/\/www.culturaydeporte.gob.es\/dam\/jcr:84d52464-b178-4195-93d8-2ef288dd6005\/cartel-50x70-estatal.pdf\" target=\"_blank\" rel=\"noopener noreferrer\">Cartel 2020<\/a>\u00a0(pdf)<\/span><\/li>\n<li><span style=\"font-size: 14pt\"><a href=\"https:\/\/www.amigosdellibro.com\/D%C3%ADaBiblioteca\" target=\"_blank\" rel=\"noopener noreferrer\">Colecci\u00f3n de carteles<\/a><\/span><\/li>\n<\/ul>\n<p><span style=\"font-size: 14pt\"><strong>Otras instituciones que se suman a la celebraci\u00f3n<\/strong><\/span><\/p>\n<ul>\n<li><span style=\"font-size: 14pt\"><a href=\"https:\/\/leer.es\/home\/destacados\/-\/asset_publisher\/o04UOTim3rwF\/content\/dia-de-la-biblioteca;jsessionid=D00E8607ABCE3885770FBE6F7D4AC96A\" target=\"_blank\" rel=\"noopener noreferrer\">Leer.es<\/a>. Ministerio de Educaci\u00f3n y Formaci\u00f3n Profesional<\/span><\/li>\n<li><span style=\"font-size: 14pt\"><a href=\"https:\/\/www.anabad.org\/dia-de-las-bibliotecas-2020\/\" target=\"_blank\" rel=\"noopener noreferrer\">Asociaci\u00f3n de archiveros, bibliotecarios, muse\u00f3logos y documentalistas<\/a>\u00a0(ANABAD-E)<\/span><\/li>\n<li><span style=\"font-size: 14pt\"><a href=\"http:\/\/www.biblioasturias.com\/dia-de-la-biblioteca-2020\/\" target=\"_blank\" rel=\"noopener noreferrer\">Biblioasturias. D\u00eda de las bibliotecas 2020<\/a><\/span><\/li>\n<li><span style=\"font-size: 14pt\"><strong>Las bibliotecas escolares en el Principado de Asturias:<\/strong><\/span>\n<ul>\n<li><span style=\"font-size: 14pt\"><a href=\"https:\/\/www.educastur.es\/proyectos-lectura\" target=\"_blank\" rel=\"noopener noreferrer\">Proyectos y experiencias<\/a><\/span><\/li>\n<li><span style=\"font-size: 14pt\"><a href=\"https:\/\/www.educastur.es\/revistas-escolares\" target=\"_blank\" rel=\"noopener noreferrer\">Revistas escolares<\/a><\/span><\/li>\n<\/ul>\n<\/li>\n<li><span style=\"font-size: 14pt\"><a href=\"https:\/\/www.ifla.org\/ES\/node\/92983\" target=\"_blank\" rel=\"noopener noreferrer\">IFLA&#8211;COVID-19 y el Sector Bibliotecario Global<\/a><\/span><\/li>\n<\/ul>\n<p>&nbsp;<\/p>\n<p><span style=\"font-size: 14pt\"><strong>Curiosidades<\/strong><\/span><\/p>\n<ul>\n<li><span style=\"font-size: 14pt\">La Biblioteca m\u00e1s grande del mundo. <a href=\"https:\/\/escritores.club\/biblioteca-mas-grande-mundo\/\" target=\"_blank\" rel=\"noopener noreferrer\">Biblioteca Tianjin Binhai<\/a>, China<\/span><\/li>\n<li><span style=\"font-size: 14pt\"><a href=\"https:\/\/escritores.club\/librerias-mas-antiguas-europa\/\" target=\"_blank\" rel=\"noopener noreferrer\">Bibliotecas m\u00e1s grandes del mundo<\/a><\/span><\/li>\n<li><a href=\"https:\/\/escritores.club\/librerias-mas-antiguas-europa\/\" target=\"_blank\" rel=\"noopener noreferrer\"><span style=\"font-size: 14pt\">Librer\u00edas m\u00e1s antiguas de Europa<\/span><\/a><\/li>\n<\/ul>\n<hr \/>\n<p>&nbsp;<\/p>\n","protected":false},"excerpt":{"rendered":"<p>Enlace a web de Educastur Enlace web Nacional Como todos los a\u00f1os la Consejer\u00eda de Educaci\u00f3n del Principado de Asturias quiere sumarse a la conmemoraci\u00f3n del D\u00eda de las Bibliotecas, iniciativa de la Asociaci\u00f3n\u00a0Espa\u00f1ola de Amigos del Libro Infantil y Juvenil apoyada por el Ministerio de Cultura y Deporte que, desde 1997, viene celebr\u00e1ndose en [&hellip;]<\/p>\n","protected":false},"author":117,"featured_media":0,"parent":19,"menu_order":0,"comment_status":"closed","ping_status":"closed","template":"","meta":{"footnotes":""},"class_list":["post-2076","page","type-page","status-publish","hentry","post-preview"],"_links":{"self":[{"href":"https:\/\/edublog.educastur.es\/corredoria3\/wp-json\/wp\/v2\/pages\/2076","targetHints":{"allow":["GET"]}}],"collection":[{"href":"https:\/\/edublog.educastur.es\/corredoria3\/wp-json\/wp\/v2\/pages"}],"about":[{"href":"https:\/\/edublog.educastur.es\/corredoria3\/wp-json\/wp\/v2\/types\/page"}],"author":[{"embeddable":true,"href":"https:\/\/edublog.educastur.es\/corredoria3\/wp-json\/wp\/v2\/users\/117"}],"replies":[{"embeddable":true,"href":"https:\/\/edublog.educastur.es\/corredoria3\/wp-json\/wp\/v2\/comments?post=2076"}],"version-history":[{"count":2,"href":"https:\/\/edublog.educastur.es\/corredoria3\/wp-json\/wp\/v2\/pages\/2076\/revisions"}],"predecessor-version":[{"id":2079,"href":"https:\/\/edublog.educastur.es\/corredoria3\/wp-json\/wp\/v2\/pages\/2076\/revisions\/2079"}],"up":[{"embeddable":true,"href":"https:\/\/edublog.educastur.es\/corredoria3\/wp-json\/wp\/v2\/pages\/19"}],"wp:attachment":[{"href":"https:\/\/edublog.educastur.es\/corredoria3\/wp-json\/wp\/v2\/media?parent=2076"}],"curies":[{"name":"wp","href":"https:\/\/api.w.org\/{rel}","templated":true}]}}

Día Biblioteca

<ul>
<li><a href="https://www.educastur.es/-/24-10-dia-internacional-de-las-bibliotecas-2020?redirect=https%3A%2F%2Fwww.educastur.es%2Finicio%3Fp_p_id%3D101_INSTANCE_QSFUm4QpFZ6Q%26p_p_lifecycle%3D0%26p_p_state%3Dnormal%26p_p_mode%3Dview%26p_p_col_id%3Dcolumn-1%26p_p_col_pos%3D5%26p_p_col_count%3D19"><strong><em><span style="font-size: 18pt">Enlace a web de Educastur</span></em></strong></a></li>
<li><a href="http://www.culturaydeporte.gob.es/cultura/areas/bibliotecas/mc/dia-bibliotecas-2020/presentacion.html#:~:text=La%20Direcci%C3%B3n%20General%20del%20Libro,24%20de%20octubre%20de%202020"><em><span style="font-size: 18pt">Enlace web Nacional</span></em></a></li>
</ul>
<p><a href="https://www.educastur.es/documents/10531/8165180/2020-10_efem_biblioteca1_800.jpg/46fc60af-0ec5-4a47-beea-cc9cc27923e9?t=1603704184760"><img loading="lazy" decoding="async" class="alignnone size-full" src="https://www.educastur.es/documents/10531/8165180/2020-10_efem_biblioteca1_800.jpg/46fc60af-0ec5-4a47-beea-cc9cc27923e9?t=1603704184760" width="800" height="283" /></a></p>
<p><span style="font-size: 14pt">Como todos los años la Consejería de Educación del Principado de Asturias quiere sumarse a la conmemoración del <strong>Día de las Bibliotecas,</strong> iniciativa de la Asociación Española de Amigos del Libro Infantil y Juvenil apoyada por el Ministerio de Cultura y Deporte que, desde 1997, viene celebrándose en recuerdo de la destrucción de la Biblioteca de Sarajevo incendiada en 1992 durante el conflicto balcánico.</span></p>
<p><span style="font-size: 14pt"><strong>Objetivos: </strong></span><span style="font-size: 14pt">Esta efeméride tiene como objetivo concienciar a la sociedad de la importancia de la lectura como herramienta que nos ayuda a expandir nuestros horizontes, de la biblioteca como lugar de</span><br />
<span style="font-size: 14pt">encuentro con la cultura, como instrumento de mejora de la formación y la convivencia humanas. Además, la efeméride rinde homenaje y reconocimiento a la labor los bibliotecarios y las bibliotecarias.</span><br />
<span style="font-size: 14pt"> </span></p>
<p><span style="font-size: 14pt"><strong>Lema 2020: </strong></span><span style="font-size: 14pt">La edición de este año tiene como lema<strong> Bibliotecas, siempre a tu lado.</strong> Se centra en destacar el importante papel que juegan las bibliotecas ofreciendo acceso a la cultura, al conocimiento y</span><br />
<span style="font-size: 14pt">al entretenimiento en cualquier lugar y circunstancia. Se pretende poner en valor la capacidad que han demostrado las bibliotecas para continuar ofreciendo sus servicios en circunstancias tan complejas como las derivadas de la crisis sanitaria de la COVID19, independientemente de su tipología o titularidad. También se resalta la gran labor que desempeñan las bibliotecas situadas en el mundo rural o en entornos especiales como hospitales o prisiones y todas aquellas iniciativas y servicios de extensión bibliotecaria que se ponen en marcha para llegar a cualquier tipo de persona, en cualquier circunstancia y lugar.</span></p>
<p><span style="font-size: 14pt"><strong>Bibliotecas ante la COVID19. Bibliotecas siempre a tu lado</strong></span></p>
<p><span style="font-size: 14pt"><a href="https://youtu.be/XhD4ZybISTQ" target="_blank" rel="noopener noreferrer">Ver en Youtube</a></span></p>
<p><span style="font-size: 14pt"><em>El Ministerio de Cultura y Deporte</em> bajo el lema <strong>Bibliotecas ante la COVID19. Bibliotecas siempre a tu lado </strong>impulsa esta celebración con un vídeo que resalta la capacidad de adaptación de las bibliotecas en el que se muestra algunas de las numerosas actividades que las bibliotecas pusieron en marcha durante el confinamiento.</span></p>
<ul>
<li><span style="font-size: 14pt"><a href="http://www.culturaydeporte.gob.es/cultura/areas/bibliotecas/mc/dia-bibliotecas-2020/presentacion.html#:~:text=La%20Direcci%C3%B3n%20General%20del%20Libro,24%20de%20octubre%20de%202020" target="_blank" rel="noopener noreferrer">Día de las Bibliotecas 2020. Ministerio de Cultura y Deporte</a></span></li>
</ul>
<p><span style="font-size: 14pt"><em>El Consejo de Cooperación bibliotecaria (CCB) </em>se suma a esta celebración como una de las Medidas del III Plan Estratégico 2019-2023, Línea de actuación 3 dedicada a la Visibilidad de las bibliotecas (objetivo 3.1: Comunicar el valor de la biblioteca).</span></p>
<ul>
<li><span style="font-size: 14pt"><a href="https://www.ccbiblio.es/proyectos/dia-de-las-bibliotecas/" target="_blank" rel="noopener noreferrer">Día de las BIbliotecas. Consejo de Cooperación bibliotecaria</a></span></li>
</ul>
<p><span style="font-size: 14pt"><em>La Asociación Española de Amigos del libro infantil y juvenil </em>es la promotora de esta iniciativa. Cada año encarga a personalidades de reconocido prestigio en el ámbito de la escritura y de la ilustración la redacción del pregón y el diseño del cartel que se difunde entre todas las bibliotecas de España y entidades interesadas. Los carteles anuales forman parte de una exposición que recorre las bibliotecas que lo solicitan.</span></p>
<ul>
<li><span style="font-size: 14pt"><a href="https://www.amigosdellibro.com/" target="_blank" rel="noopener noreferrer">Asociación Española del Libro Infantil y Juvenil</a></span></li>
<li><span style="font-size: 14pt"><a href="http://www.culturaydeporte.gob.es/dam/jcr:84d52464-b178-4195-93d8-2ef288dd6005/cartel-50x70-estatal.pdf" target="_blank" rel="noopener noreferrer">Cartel 2020</a> (pdf)</span></li>
<li><span style="font-size: 14pt"><a href="https://www.amigosdellibro.com/D%C3%ADaBiblioteca" target="_blank" rel="noopener noreferrer">Colección de carteles</a></span></li>
</ul>
<p><span style="font-size: 14pt"><strong>Otras instituciones que se suman a la celebración</strong></span></p>
<ul>
<li><span style="font-size: 14pt"><a href="https://leer.es/home/destacados/-/asset_publisher/o04UOTim3rwF/content/dia-de-la-biblioteca;jsessionid=D00E8607ABCE3885770FBE6F7D4AC96A" target="_blank" rel="noopener noreferrer">Leer.es</a>. Ministerio de Educación y Formación Profesional</span></li>
<li><span style="font-size: 14pt"><a href="https://www.anabad.org/dia-de-las-bibliotecas-2020/" target="_blank" rel="noopener noreferrer">Asociación de archiveros, bibliotecarios, museólogos y documentalistas</a> (ANABAD-E)</span></li>
<li><span style="font-size: 14pt"><a href="http://www.biblioasturias.com/dia-de-la-biblioteca-2020/" target="_blank" rel="noopener noreferrer">Biblioasturias. Día de las bibliotecas 2020</a></span></li>
<li><span style="font-size: 14pt"><strong>Las bibliotecas escolares en el Principado de Asturias:</strong></span>
<ul>
<li><span style="font-size: 14pt"><a href="https://www.educastur.es/proyectos-lectura" target="_blank" rel="noopener noreferrer">Proyectos y experiencias</a></span></li>
<li><span style="font-size: 14pt"><a href="https://www.educastur.es/revistas-escolares" target="_blank" rel="noopener noreferrer">Revistas escolares</a></span></li>
</ul>
</li>
<li><span style="font-size: 14pt"><a href="https://www.ifla.org/ES/node/92983" target="_blank" rel="noopener noreferrer">IFLA&#8211;COVID-19 y el Sector Bibliotecario Global</a></span></li>
</ul>
<p>&nbsp;</p>
<p><span style="font-size: 14pt"><strong>Curiosidades</strong></span></p>
<ul>
<li><span style="font-size: 14pt">La Biblioteca más grande del mundo. <a href="https://escritores.club/biblioteca-mas-grande-mundo/" target="_blank" rel="noopener noreferrer">Biblioteca Tianjin Binhai</a>, China</span></li>
<li><span style="font-size: 14pt"><a href="https://escritores.club/librerias-mas-antiguas-europa/" target="_blank" rel="noopener noreferrer">Bibliotecas más grandes del mundo</a></span></li>
<li><a href="https://escritores.club/librerias-mas-antiguas-europa/" target="_blank" rel="noopener noreferrer"><span style="font-size: 14pt">Librerías más antiguas de Europa</span></a></li>
</ul>
<hr />
<p>&nbsp;</p>

<p>Enlace a web de Educastur Enlace web Nacional Como todos los años la Consejería de Educación del Principado de Asturias quiere sumarse a la conmemoración del Día de las Bibliotecas, iniciativa de la Asociación Española de Amigos del Libro Infantil y Juvenil apoyada por el Ministerio de Cultura y Deporte que, desde 1997, viene celebrándose en [&hellip;]</p>
