{"id":2493,"date":"2020-12-27T18:08:23","date_gmt":"2020-12-27T16:08:23","guid":{"rendered":"https:\/\/edublog.educastur.es\/corredoria3\/?page_id=2493"},"modified":"2021-04-27T17:57:59","modified_gmt":"2021-04-27T15:57:59","slug":"segundo-trimestre","status":"publish","type":"page","link":"https:\/\/edublog.educastur.es\/corredoria3\/4o-pri\/cultura-asturiana\/segundo-trimestre\/","title":{"rendered":"Segundo Trimestre"},"content":{"rendered":"<p><img loading=\"lazy\" decoding=\"async\" class=\" wp-image-377 alignleft\" src=\"http:\/\/edublog.educastur.es\/corredoria3\/files\/2020\/08\/23_cuarto-300x246.png\" alt=\"\" width=\"150\" height=\"124\" srcset=\"https:\/\/edublog.educastur.es\/corredoria3\/files\/2020\/08\/23_cuarto-300x246.png 300w, https:\/\/edublog.educastur.es\/corredoria3\/files\/2020\/08\/23_cuarto.png 424w\" sizes=\"auto, (max-width: 150px) 100vw, 150px\" \/><\/p>\n<p>&nbsp;<\/p>\n<p>&nbsp;<\/p>\n<p>&nbsp;<\/p>\n<p>&nbsp;<\/p>\n<ul>\n<li><span style=\"font-size: 14pt;color: #800080\"><em><span style=\"font-size: 18pt\">Enlace a carpeta Onedrive USO EXCLUSIVO PROFES<strong>_preguntar ISA<\/strong><\/span><\/em><\/span><\/li>\n<li><em><span style=\"font-size: 14pt\">No borrar nada!!<\/span><\/em><\/li>\n<\/ul>\n<hr \/>\n<ul>\n<li class=\"page_item page-item-2493 page_item_has_children\"><em><span style=\"font-size: 18pt\"><a href=\"https:\/\/edublog.educastur.es\/corredoria3\/4o-pri\/cultura-asturiana\/segundo-trimestre\/\"><strong>Segundo Trimestre<\/strong><\/a><\/span><\/em>\n<ul class=\"children\">\n<li class=\"page_item page-item-2495\"><em><span style=\"font-size: 18pt\"><a href=\"https:\/\/edublog.educastur.es\/corredoria3\/4o-pri\/cultura-asturiana\/segundo-trimestre\/sesion-01\/\">Sesi\u00f3n 01: <strong>Sidros o Guirrios <\/strong>(Ana)<\/a><\/span><\/em><\/li>\n<li class=\"page_item page-item-2497\"><em><span style=\"font-size: 18pt\"><a href=\"https:\/\/edublog.educastur.es\/corredoria3\/4o-pri\/cultura-asturiana\/segundo-trimestre\/sesion-02\/\">Sesi\u00f3n 02: <strong>Andecha y Sestaferia <\/strong>(Roc\u00edo)<\/a><\/span><\/em><\/li>\n<li class=\"page_item page-item-2499\"><em><span style=\"font-size: 18pt\"><a href=\"https:\/\/edublog.educastur.es\/corredoria3\/4o-pri\/cultura-asturiana\/segundo-trimestre\/sesion-03\/\">Sesi\u00f3n 03: <strong>S\u00edmbolos de Asturias <\/strong>(Cris)<\/a><\/span><\/em><\/li>\n<li class=\"page_item page-item-2501\"><em><span style=\"font-size: 18pt\"><a href=\"https:\/\/edublog.educastur.es\/corredoria3\/4o-pri\/cultura-asturiana\/segundo-trimestre\/sesion-04\/\">Sesi\u00f3n 04:<strong> Asturias y sus concejos <\/strong><\/a><a href=\"https:\/\/edublog.educastur.es\/corredoria3\/4o-pri\/cultura-asturiana\/segundo-trimestre\/sesion-01\/\">(Ana)<\/a><\/span><\/em><\/li>\n<li class=\"page_item page-item-2503\"><em><span style=\"font-size: 18pt\"><a href=\"https:\/\/edublog.educastur.es\/corredoria3\/4o-pri\/cultura-asturiana\/segundo-trimestre\/sesion-05\/\">Sesi\u00f3n 05: <strong>Antroxu <\/strong>(Isa)<\/a><\/span><\/em><\/li>\n<li class=\"page_item page-item-2505\"><em><span style=\"font-size: 18pt\"><a href=\"https:\/\/edublog.educastur.es\/corredoria3\/4o-pri\/cultura-asturiana\/segundo-trimestre\/sesion-06\/\">Sesi\u00f3n 06: <strong>Valles y R\u00edos\/R\u00edas <\/strong><\/a><a href=\"https:\/\/edublog.educastur.es\/corredoria3\/4o-pri\/cultura-asturiana\/segundo-trimestre\/sesion-02\/\">(Roc\u00edo)<\/a><\/span><\/em><\/li>\n<li><a href=\"https:\/\/edublog.educastur.es\/corredoria3\/4o-pri\/cultura-asturiana\/segundo-trimestre\/sesion-06b\"><em><span style=\"font-size: 18pt\">Sesi\u00f3n 06B: Lagos<\/span><\/em><\/a><\/li>\n<li class=\"page_item page-item-2507\"><em><span style=\"font-size: 18pt\"><a href=\"https:\/\/edublog.educastur.es\/corredoria3\/4o-pri\/cultura-asturiana\/segundo-trimestre\/sesion-07\/\">Sesi\u00f3n 07: <strong>Costas y Playas <\/strong><\/a><a href=\"https:\/\/edublog.educastur.es\/corredoria3\/4o-pri\/cultura-asturiana\/segundo-trimestre\/sesion-03\/\">(Cris)<\/a><\/span><\/em><\/li>\n<li class=\"page_item page-item-2509\"><em><span style=\"font-size: 18pt\"><a href=\"https:\/\/edublog.educastur.es\/corredoria3\/4o-pri\/cultura-asturiana\/segundo-trimestre\/sesion-08\/\">Sesi\u00f3n 08: <strong>Parques Naturales <\/strong><\/a><a href=\"https:\/\/edublog.educastur.es\/corredoria3\/4o-pri\/cultura-asturiana\/segundo-trimestre\/sesion-05\/\">(Isa)<\/a><\/span><\/em><\/li>\n<li class=\"page_item page-item-2512\"><em><span style=\"font-size: 18pt\"><a href=\"https:\/\/edublog.educastur.es\/corredoria3\/4o-pri\/cultura-asturiana\/segundo-trimestre\/sesion-09\/\">Sesi\u00f3n 09: <\/a><\/span><\/em><\/li>\n<li class=\"page_item page-item-2514\"><em><span style=\"font-size: 18pt\"><a href=\"https:\/\/edublog.educastur.es\/corredoria3\/4o-pri\/cultura-asturiana\/segundo-trimestre\/sesion-10\/\">Sesi\u00f3n 10: <strong>Arte Prerrom\u00e1nico <\/strong><\/a><a href=\"https:\/\/edublog.educastur.es\/corredoria3\/4o-pri\/cultura-asturiana\/segundo-trimestre\/sesion-02\/\">(Roc\u00edo y Cris)<\/a><\/span><\/em><\/li>\n<li class=\"page_item page-item-2516\"><em><span style=\"font-size: 18pt\"><a href=\"https:\/\/edublog.educastur.es\/corredoria3\/4o-pri\/cultura-asturiana\/segundo-trimestre\/sesion-11\/\">Sesi\u00f3n 11: <strong>Arte Rom\u00e1nico y G\u00f3tico <\/strong><\/a><a href=\"https:\/\/edublog.educastur.es\/corredoria3\/4o-pri\/cultura-asturiana\/segundo-trimestre\/sesion-02\/\">(Roc\u00edo y Cris)<\/a><\/span><\/em><\/li>\n<\/ul>\n<\/li>\n<li><\/li>\n<\/ul>\n","protected":false},"excerpt":{"rendered":"<p>&nbsp; &nbsp; &nbsp; &nbsp; Enlace a carpeta Onedrive USO EXCLUSIVO PROFES_preguntar ISA No borrar nada!! Segundo Trimestre Sesi\u00f3n 01: Sidros o Guirrios (Ana) Sesi\u00f3n 02: Andecha y Sestaferia (Roc\u00edo) Sesi\u00f3n 03: S\u00edmbolos de Asturias (Cris) Sesi\u00f3n 04: Asturias y sus concejos (Ana) Sesi\u00f3n 05: Antroxu (Isa) Sesi\u00f3n 06: Valles y R\u00edos\/R\u00edas (Roc\u00edo) Sesi\u00f3n 06B: Lagos [&hellip;]<\/p>\n","protected":false},"author":117,"featured_media":0,"parent":1054,"menu_order":0,"comment_status":"closed","ping_status":"closed","template":"","meta":{"footnotes":""},"class_list":["post-2493","page","type-page","status-publish","hentry","post-preview"],"_links":{"self":[{"href":"https:\/\/edublog.educastur.es\/corredoria3\/wp-json\/wp\/v2\/pages\/2493","targetHints":{"allow":["GET"]}}],"collection":[{"href":"https:\/\/edublog.educastur.es\/corredoria3\/wp-json\/wp\/v2\/pages"}],"about":[{"href":"https:\/\/edublog.educastur.es\/corredoria3\/wp-json\/wp\/v2\/types\/page"}],"author":[{"embeddable":true,"href":"https:\/\/edublog.educastur.es\/corredoria3\/wp-json\/wp\/v2\/users\/117"}],"replies":[{"embeddable":true,"href":"https:\/\/edublog.educastur.es\/corredoria3\/wp-json\/wp\/v2\/comments?post=2493"}],"version-history":[{"count":10,"href":"https:\/\/edublog.educastur.es\/corredoria3\/wp-json\/wp\/v2\/pages\/2493\/revisions"}],"predecessor-version":[{"id":4266,"href":"https:\/\/edublog.educastur.es\/corredoria3\/wp-json\/wp\/v2\/pages\/2493\/revisions\/4266"}],"up":[{"embeddable":true,"href":"https:\/\/edublog.educastur.es\/corredoria3\/wp-json\/wp\/v2\/pages\/1054"}],"wp:attachment":[{"href":"https:\/\/edublog.educastur.es\/corredoria3\/wp-json\/wp\/v2\/media?parent=2493"}],"curies":[{"name":"wp","href":"https:\/\/api.w.org\/{rel}","templated":true}]}}

<p><img loading="lazy" decoding="async" class=" wp-image-377 alignleft" src="http://edublog.educastur.es/corredoria3/files/2020/08/23_cuarto-300x246.png" alt="" width="150" height="124" srcset="https://edublog.educastur.es/corredoria3/files/2020/08/23_cuarto-300x246.png 300w, https://edublog.educastur.es/corredoria3/files/2020/08/23_cuarto.png 424w" sizes="auto, (max-width: 150px) 100vw, 150px" /></p>
<p>&nbsp;</p>
<p>&nbsp;</p>
<p>&nbsp;</p>
<p>&nbsp;</p>
<ul>
<li><span style="font-size: 14pt;color: #800080"><em><span style="font-size: 18pt">Enlace a carpeta Onedrive USO EXCLUSIVO PROFES<strong>_preguntar ISA</strong></span></em></span></li>
<li><em><span style="font-size: 14pt">No borrar nada!!</span></em></li>
</ul>
<hr />
<ul>
<li class="page_item page-item-2493 page_item_has_children"><em><span style="font-size: 18pt"><a href="https://edublog.educastur.es/corredoria3/4o-pri/cultura-asturiana/segundo-trimestre/"><strong>Segundo Trimestre</strong></a></span></em>
<ul class="children">
<li class="page_item page-item-2495"><em><span style="font-size: 18pt"><a href="https://edublog.educastur.es/corredoria3/4o-pri/cultura-asturiana/segundo-trimestre/sesion-01/">Sesión 01: <strong>Sidros o Guirrios </strong>(Ana)</a></span></em></li>
<li class="page_item page-item-2497"><em><span style="font-size: 18pt"><a href="https://edublog.educastur.es/corredoria3/4o-pri/cultura-asturiana/segundo-trimestre/sesion-02/">Sesión 02: <strong>Andecha y Sestaferia </strong>(Rocío)</a></span></em></li>
<li class="page_item page-item-2499"><em><span style="font-size: 18pt"><a href="https://edublog.educastur.es/corredoria3/4o-pri/cultura-asturiana/segundo-trimestre/sesion-03/">Sesión 03: <strong>Símbolos de Asturias </strong>(Cris)</a></span></em></li>
<li class="page_item page-item-2501"><em><span style="font-size: 18pt"><a href="https://edublog.educastur.es/corredoria3/4o-pri/cultura-asturiana/segundo-trimestre/sesion-04/">Sesión 04:<strong> Asturias y sus concejos </strong></a><a href="https://edublog.educastur.es/corredoria3/4o-pri/cultura-asturiana/segundo-trimestre/sesion-01/">(Ana)</a></span></em></li>
<li class="page_item page-item-2503"><em><span style="font-size: 18pt"><a href="https://edublog.educastur.es/corredoria3/4o-pri/cultura-asturiana/segundo-trimestre/sesion-05/">Sesión 05: <strong>Antroxu </strong>(Isa)</a></span></em></li>
<li class="page_item page-item-2505"><em><span style="font-size: 18pt"><a href="https://edublog.educastur.es/corredoria3/4o-pri/cultura-asturiana/segundo-trimestre/sesion-06/">Sesión 06: <strong>Valles y Ríos/Rías </strong></a><a href="https://edublog.educastur.es/corredoria3/4o-pri/cultura-asturiana/segundo-trimestre/sesion-02/">(Rocío)</a></span></em></li>
<li><a href="https://edublog.educastur.es/corredoria3/4o-pri/cultura-asturiana/segundo-trimestre/sesion-06b"><em><span style="font-size: 18pt">Sesión 06B: Lagos</span></em></a></li>
<li class="page_item page-item-2507"><em><span style="font-size: 18pt"><a href="https://edublog.educastur.es/corredoria3/4o-pri/cultura-asturiana/segundo-trimestre/sesion-07/">Sesión 07: <strong>Costas y Playas </strong></a><a href="https://edublog.educastur.es/corredoria3/4o-pri/cultura-asturiana/segundo-trimestre/sesion-03/">(Cris)</a></span></em></li>
<li class="page_item page-item-2509"><em><span style="font-size: 18pt"><a href="https://edublog.educastur.es/corredoria3/4o-pri/cultura-asturiana/segundo-trimestre/sesion-08/">Sesión 08: <strong>Parques Naturales </strong></a><a href="https://edublog.educastur.es/corredoria3/4o-pri/cultura-asturiana/segundo-trimestre/sesion-05/">(Isa)</a></span></em></li>
<li class="page_item page-item-2512"><em><span style="font-size: 18pt"><a href="https://edublog.educastur.es/corredoria3/4o-pri/cultura-asturiana/segundo-trimestre/sesion-09/">Sesión 09: </a></span></em></li>
<li class="page_item page-item-2514"><em><span style="font-size: 18pt"><a href="https://edublog.educastur.es/corredoria3/4o-pri/cultura-asturiana/segundo-trimestre/sesion-10/">Sesión 10: <strong>Arte Prerrománico </strong></a><a href="https://edublog.educastur.es/corredoria3/4o-pri/cultura-asturiana/segundo-trimestre/sesion-02/">(Rocío y Cris)</a></span></em></li>
<li class="page_item page-item-2516"><em><span style="font-size: 18pt"><a href="https://edublog.educastur.es/corredoria3/4o-pri/cultura-asturiana/segundo-trimestre/sesion-11/">Sesión 11: <strong>Arte Románico y Gótico </strong></a><a href="https://edublog.educastur.es/corredoria3/4o-pri/cultura-asturiana/segundo-trimestre/sesion-02/">(Rocío y Cris)</a></span></em></li>
</ul>
</li>
<li></li>
</ul>

<p>&nbsp; &nbsp; &nbsp; &nbsp; Enlace a carpeta Onedrive USO EXCLUSIVO PROFES_preguntar ISA No borrar nada!! Segundo Trimestre Sesión 01: Sidros o Guirrios (Ana) Sesión 02: Andecha y Sestaferia (Rocío) Sesión 03: Símbolos de Asturias (Cris) Sesión 04: Asturias y sus concejos (Ana) Sesión 05: Antroxu (Isa) Sesión 06: Valles y Ríos/Rías (Rocío) Sesión 06B: Lagos [&hellip;]</p>
