{"id":2497,"date":"2020-12-27T18:09:25","date_gmt":"2020-12-27T16:09:25","guid":{"rendered":"https:\/\/edublog.educastur.es\/corredoria3\/?page_id=2497"},"modified":"2021-01-16T18:14:21","modified_gmt":"2021-01-16T16:14:21","slug":"sesion-02","status":"publish","type":"page","link":"https:\/\/edublog.educastur.es\/corredoria3\/4o-pri\/cultura-asturiana\/segundo-trimestre\/sesion-02\/","title":{"rendered":"Sesi\u00f3n 02"},"content":{"rendered":"<p style=\"text-align: center\"><span style=\"color: #008080\"><em><span style=\"font-size: 24pt\"><strong>Andecha<\/strong> <\/span><\/em><\/span><\/p>\n<p><a href=\"https:\/\/imgbox.es\/images\/2021\/01\/16\/andecha_be0bee830098d1922.jpg\"><img loading=\"lazy\" decoding=\"async\" class=\"alignleft\" src=\"https:\/\/imgbox.es\/images\/2021\/01\/16\/andecha_be0bee830098d1922.jpg\" alt=\"\" width=\"265\" height=\"166\" \/><\/a>\u00a0\/ <a href=\"https:\/\/imgbox.es\/images\/2021\/01\/16\/ande_sesta_0134ec54ba45768f78.jpg\"><img loading=\"lazy\" decoding=\"async\" class=\"alignnone\" src=\"https:\/\/imgbox.es\/images\/2021\/01\/16\/ande_sesta_0134ec54ba45768f78.jpg\" alt=\"\" width=\"321\" height=\"171\" \/><\/a><\/p>\n<p>\/ <a href=\"https:\/\/lligaceltadasturies.files.wordpress.com\/2016\/09\/descarga.jpg\"><img loading=\"lazy\" decoding=\"async\" class=\"alignnone\" src=\"https:\/\/lligaceltadasturies.files.wordpress.com\/2016\/09\/descarga.jpg\" alt=\"\" width=\"276\" height=\"176\" \/><\/a> <a href=\"https:\/\/www.asturiasmundial.com\/noticias\/fotos\/37643_1_thumb.jpg\"><img loading=\"lazy\" decoding=\"async\" class=\"alignleft\" src=\"https:\/\/www.asturiasmundial.com\/noticias\/fotos\/37643_1_thumb.jpg\" alt=\"\" width=\"306\" height=\"151\" \/><\/a><\/p>\n<p>&nbsp;<\/p>\n<p><span style=\"font-size: 14pt\"><em>L\u2019andecha o auxiliu mutuu de los vecinos en trabayos agr\u00edcoles, preferentemente<strong> d\u2019urxencia como\u2019l sallo de tierres, siega de yerba, corte de lle\u00f1a, acarretu de piedra, esfoyaza, etc., o\u2019n favor de vilbes, enfermos o ausentes,<\/strong> xeneralmente retribuida por aciu d\u2019un refrixeriu, ta bien desaniciau n\u2019actualid\u00e1. Nes antig\u00fces Ordenances del Princip\u00e1u preven\u00edase ya que nun se consentir a los poderosos faer vexame, por cunta d\u2019ella, a los probes (Tuero Bertrand, F., Ob. cit., Ordenances de 1659, Tit. VI, Art. 5).<\/em><\/span><\/p>\n<p><span style=\"font-size: 14pt\"><em>La so etimolox\u00eda, diz Xovellanos, procede del llat\u00edn \u201cindicta\u201d, indicar, y\u00e1 que ye necesariu citar a los vecinos por qu\u2019asistan a l\u2019andecha. Ya los sos<strong> motivos<\/strong> at\u00f3pense, enseg\u00fan Incl\u00e1n, <strong>na urxencia de los cambeos metereol\u00f3xicos ya l\u2019escasez de xornaleros pa terminalos r\u00e1pido, am\u00e1s de la penuria econ\u00f3mica<\/strong> qu\u2019anta\u00f1o pesaba sobro los nuesos llabraores pa poder pagar mano d\u2019obra estra\u00f1a.<\/em><\/span><\/p>\n<p style=\"text-align: center\"><img loading=\"lazy\" decoding=\"async\" class=\"alignnone size-full\" src=\"https:\/\/imgbox.es\/images\/2021\/01\/16\/esfoyaza_b117bd63d90e4f197.jpg\" width=\"1063\" height=\"793\" \/><\/p>\n<p><em><span style=\"font-size: 14pt\">L\u2019esp\u00edritu cooperativu de la andecha constit\u00fai -diz Incl\u00e1n Su\u00e1rez \u2013 la base esencial sobre la que s\u2019hai de llevantar el campu asturiano. Andecha actualizada, con una abonda mecanizaci\u00f3n, que ye lo que los modernos economistes agrarios denominen \u201cagricultura de grupu\u201d.<\/span><\/em><\/p>\n<p style=\"text-align: center\"><a href=\"https:\/\/cloud10.todocoleccion.online\/coleccionismo-revistas-periodicos\/tc\/2012\/03\/10\/30849879.jpg\"><img loading=\"lazy\" decoding=\"async\" class=\"alignnone\" src=\"https:\/\/cloud10.todocoleccion.online\/coleccionismo-revistas-periodicos\/tc\/2012\/03\/10\/30849879.jpg\" alt=\"\" width=\"550\" height=\"655\" \/><\/a><\/p>\n<ul>\n<li><a href=\"https:\/\/educastur-my.sharepoint.com\/:b:\/g\/personal\/isabellh_educastur_org\/EWLbtIBmBpBJgi9Ya3bUmfkBAHLRg4giHiGFm9r8axM7fg?e=x16SCd\"><span style=\"font-size: 14pt;color: #008080\"><em>Activid\u00e1 n\u00b4asturianu<\/em><\/span><\/a><\/li>\n<li><a href=\"https:\/\/educastur-my.sharepoint.com\/:b:\/g\/personal\/isabellh_educastur_org\/EeJEROTmdsFEhaXUZLvEQW0B1_GiOGB90bwNzX9ZD73AZQ?e=VKJOky\"><span style=\"color: #008080\"><em><span style=\"font-size: 14pt\">Activid\u00e1 en castellano<\/span><\/em><\/span><\/a><\/li>\n<\/ul>\n<hr \/>\n<p style=\"text-align: center\"><strong><span style=\"font-size: 24pt;color: #008080\"><em>Sestaferia<\/em><\/span><\/strong><\/p>\n<p><a href=\"https:\/\/eltrasterodepalacio.files.wordpress.com\/2019\/03\/sestaferia-04.-memoria-digital-1.jpg\"><img loading=\"lazy\" decoding=\"async\" class=\"aligncenter\" src=\"https:\/\/eltrasterodepalacio.files.wordpress.com\/2019\/03\/sestaferia-04.-memoria-digital-1.jpg\" alt=\"\" width=\"735\" height=\"518\" \/><\/a><\/p>\n<p><strong><span style=\"color: #008080\"><em><span style=\"font-size: 14pt\">La sestaferia es una prestaci\u00f3n personal de car\u00e1cter obligatorio para desarrollar trabajos comunales destinados a la apertura,\u00a0construcci\u00f3n, reconstrucci\u00f3n, conservaci\u00f3n, reparaci\u00f3n, mantenimiento, arreglo, limpieza y mejora de caminos vecinales, fuentes,\u00a0abrevaderos, lavaderos, puentes, suministro de agua, en su caso, y dem\u00e1s infraestructuras similares localizadas en el pueblo y en\u00a0sus espacios productivos, de inter\u00e9s exclusivo para sus vecinos.<\/span><\/em><\/span><\/strong><\/p>\n<p><em><span style=\"font-size: 14pt\"><strong>Personas obligadas: <\/strong><\/span><\/em><em><span style=\"font-size: 14pt\">La obligatoriedad de acudir a la sestaferia<strong> alcanza a todos los vecinos, incluidos los presidentes de las parroquias rurales y los\u00a0alcaldes de barrio o equivalentes,<\/strong> cuyas edades est\u00e9n comprendidas entre el m\u00ednimo y el m\u00e1ximo establecido por la costumbre del\u00a0lugar.<\/span><\/em><\/p>\n<ul>\n<li><em><span style=\"font-size: 14pt\">En ausencia de \u00e9sta, <strong>los menores de dieciocho a\u00f1os y mayores de sesenta y cinco est\u00e1n excluidos de tal obligatoriedad.<\/strong><\/span><\/em><\/li>\n<li><em><span style=\"font-size: 14pt\"><strong>Cada casa del pueblo est\u00e1 obligada a aportar para la sestaferia un obrero que debe llevar los utensilios necesarios, tales como pico,\u00a0pala, hoz y similares.<\/strong><\/span><\/em><\/li>\n<\/ul>\n<p><em><span style=\"font-size: 14pt\">La costumbre del lugar <strong>puede exigir la aportaci\u00f3n de la prestaci\u00f3n de transportes,<\/strong> suplementaria o complementaria a la sestaferia propiamente dicha, fijando tambi\u00e9n la periodicidad de tal prestaci\u00f3n. En ausencia de costumbre, cuando la prestaci\u00f3n se realice con ganado mayor de tiro y carga, carros, tractores o veh\u00edculos mec\u00e1nicos, la periodicidad no debe exceder para cada persona de cinco d\u00edas al a\u00f1o, sin que pueda ser consecutivo ninguno de ellos.<\/span><\/em><br \/>\n<em><span style=\"font-size: 14pt\">El encargado de convocar la sestaferia debe llevar un registro del turno que se va siguiendo para la prestaci\u00f3n de transportes.<\/span><\/em><\/p>\n<p><em><span style=\"font-size: 14pt\"><strong>Convocatoria:\u00a0 <\/strong><\/span><\/em><em><span style=\"font-size: 14pt\">Con car\u00e1cter previo a la sestaferia, la junta vecinal y, en su caso, la junta de parroquia, decide las obras a ejecutar, el d\u00eda y hora de celebraci\u00f3n de la sestaferia, as\u00ed como el lugar de reuni\u00f3n de los convocados. <\/span><\/em><em><span style=\"font-size: 14pt\">Los correspondientes anuncios concretando las obras a ejecutar y el d\u00eda y hora para celebrar la sestaferia, as\u00ed como el lugar de\u00a0reuni\u00f3n de los convocados, <strong>se exponen en los lugares habituales dispuestos al efecto.<\/strong><\/span><\/em><\/p>\n<ul>\n<li><em><span style=\"font-size: 14pt\">El encargado de convocar, organizar y distribuir los trabajos de la sestaferia es el <strong>presidente de la parroquia rural, el alcalde de\u00a0barrio o equivalente, el veedor, vistor o celador.<\/strong><\/span><\/em><\/li>\n<li>L<em><span style=\"font-size: 14pt\">a convocatoria a sestaferia se efect\u00faa a toque de campana ta\u00f1ida, o<strong> haciendo sonar una corneta, un cuerno o una caracola de\u00a0mar.<\/strong><\/span><\/em><\/li>\n<\/ul>\n<p><em><span style=\"font-size: 14pt\">Llegado el d\u00eda y la hora previstos, los obligados a la sestaferia deben acudir al lugar de reuni\u00f3n a fin de que el encargado, a partir\u00a0de la lista previamente confeccionada al efecto, compruebe las asistencias, organice y distribuya los trabajos y se dirija con los\u00a0presentes al lugar de ejecuci\u00f3n de las obras.<\/span><\/em><\/p>\n<p><em><span style=\"font-size: 14pt\"><strong>Periodicidad: <\/strong><\/span><\/em><em><span style=\"font-size: 14pt\">La sestaferia se puede convocar a lo largo de todo el a\u00f1o, seg\u00fan las necesidades vecinales, no pudiendo exceder de quince d\u00edas al a\u00f1o ni de tres d\u00edas consecutivos, salvo costumbre del lugar.<strong> La sestaferia se celebra los viernes, s\u00e1bados y\/o domingos, salvo costumbre del lugar.<\/strong><\/span><\/em><\/p>\n<p><em><span style=\"font-size: 14pt\"><strong>Jornada y horario<\/strong><\/span><\/em><br \/>\n<em><span style=\"font-size: 14pt\">1. La duraci\u00f3n de la sestaferia <strong>no puede exceder de siete horas diarias.<\/strong><\/span><\/em><br \/>\n<em><span style=\"font-size: 14pt\">2. El horario de la sestaferia <strong>debe hacerse coincidir con las horas de mayor luz.<\/strong><\/span><\/em><\/p>\n<p><em><span style=\"font-size: 14pt\"><strong>Materiales y mano de obra externa:\u00a0 <\/strong><\/span><\/em><em><span style=\"font-size: 14pt\">El encargado de convocar la sestaferia debe solicitar del Ayuntamiento a cuyo \u00e1mbito territorial pertenezca el pueblo que va a celebrarla la aportaci\u00f3n de los materiales o maquinaria que se requieran. <\/span><\/em><em><span style=\"font-size: 14pt\">En el supuesto de que tal aportaci\u00f3n sea insuficiente y sea precisa la compra o alquiler de maquinaria, y tambi\u00e9n en el supuesto de\u00a0que sea necesaria la compra de materiales o contrataci\u00f3n de mano de obra externa, su coste se sufraga, por orden de prelaci\u00f3n,\u00a0con cargo a:<br \/>\n<\/span><\/em><br \/>\n<em><span style=\"font-size: 14pt\">a) Importe de las multas impuestas por no asistencia a la sestaferia.<\/span><\/em><br \/>\n<em><span style=\"font-size: 14pt\">b) Importe de las redenciones en met\u00e1lico.<\/span><\/em><br \/>\n<em><span style=\"font-size: 14pt\">c) Fondos de que el pueblo disponga procedentes del aprovechamiento de sus bienes comunales.<\/span><\/em><br \/>\n<em><span style=\"font-size: 14pt\">d) Prorrateo de su importe entre los vecinos del pueblo.<\/span><\/em><\/p>\n<p><em><span style=\"font-size: 14pt\"><strong>\u201cLista de faltosos\u201d: <\/strong>Se denomina \u201clista de faltosos\u201d a la integrada por<span style=\"text-decoration: underline\"> las personas que, obligadas a asistir a la sestaferia, en el lugar, d\u00eda y hora fijados:<\/span><\/span><\/em><br \/>\n<em><span style=\"font-size: 14pt\">a) No lo hacen ni env\u00edan a otra persona en su lugar.<\/span><\/em><br \/>\n<em><span style=\"font-size: 14pt\">b) No lo hacen y no acreditan la imposibilidad de la asistencia por motivos apreciados discrecionalmente por el encargado de la\u00a0convocatoria.<\/span><\/em><br \/>\n<em><span style=\"font-size: 14pt\">c) No lo hacen y no acreditan la previa redenci\u00f3n en met\u00e1lico de la sestaferia.<\/span><\/em><br \/>\n<em><span style=\"font-size: 14pt\">2. La elaboraci\u00f3n de la \u201clista de faltosos\u201d corresponde al encargado de convocar la sestaferia.<\/span><\/em><\/p>\n<p><em><span style=\"font-size: 14pt\"><strong>Redenci\u00f3n de la sestaferia mediante pago en met\u00e1lico: <\/strong><\/span><\/em><em><span style=\"font-size: 14pt\">La prestaci\u00f3n personal y, en su caso, la prestaci\u00f3n de transportes pueden ser redimidas en met\u00e1lico mediante el pago de las cantidades establecidas por la costumbre del lugar. <\/span><\/em><em><span style=\"font-size: 14pt\">En ausencia de costumbre del lugar, la prestaci\u00f3n personal puede ser redimida en met\u00e1lico mediante el pago del doble del salario m\u00ednimo interprofesional vigente, y la prestaci\u00f3n de transportes mediante el pago del triple del salario m\u00ednimo interprofesional <\/span><\/em><em><span style=\"font-size: 14pt\">vigente. <\/span><\/em><em><span style=\"font-size: 14pt\">La redenci\u00f3n en met\u00e1lico debe efectuarse dentro del per\u00edodo de tiempo comprendido entre la convocatoria de la sestaferia y el d\u00eda\u00a0previsto para la ejecuci\u00f3n de las obras.<\/span><\/em><\/p>\n<p><em><span style=\"font-size: 14pt\"><strong>Redenci\u00f3n de la sestaferia por la \u201clista de faltosos\u201d: <\/strong><\/span><\/em><em><span style=\"font-size: 14pt\">Los integrantes de la \u201clista de faltosos\u201d <span style=\"color: #008080\">pueden redimir la sestaferia, adem\u00e1s de por el pago en met\u00e1lico,\u00a0mediante la participaci\u00f3n en la denominada \u201csestaferia de faltosos\u201d que debe convocarse seguidamente y para la\u00a0continuaci\u00f3n de las obras de la sestaferia de la que trae causa.<\/span><\/span><\/em><\/p>\n<p><em><span style=\"font-size: 14pt\"><strong>Sanciones:\u00a0 <\/strong><\/span><\/em><em><span style=\"font-size: 14pt\">La falta de asistencia a la sestaferia o a la prestaci\u00f3n de transportes sin causa debidamente justificada que acredite la imposibilidad de hacerlo, y que debe ser aceptada por el encargado de convocarla, unida a la no redenci\u00f3n previa en met\u00e1lico, puede dar lugar <\/span><\/em><em><span style=\"font-size: 14pt\">a la <strong>imposici\u00f3n de una sanci\u00f3n equivalente al importe de la redenci\u00f3n, en cada caso, m\u00e1s una multa de id\u00e9ntica cuant\u00eda. <\/strong><\/span><\/em><em><span style=\"font-size: 14pt\">En el supuesto de que el obligado al pago de la sanci\u00f3n se niegue a ello o incurra en morosidad, el encargado de convocar la\u00a0sestaferia debe comunicarlo al Ayuntamiento para que \u00e9ste proceda al cobro de la misma.<\/span><\/em><\/p>\n<ul>\n<li><a href=\"https:\/\/www.elbuscolu.com\/noticias-parres-arriondas\/x-sestaferia-del-ao-en-aballe\/16800\"><strong>Ejemplo de sestaferia<\/strong><\/a><\/li>\n<li><a href=\"https:\/\/www.20minutos.es\/noticia\/361039\/0\/oviedo\/sestaferia\/caminos\/\"><strong>Ejemplo arreglar camino en Oviedo<\/strong><\/a><\/li>\n<li><a href=\"https:\/\/www.elcomercio.es\/oviedo\/sestaferia-ventanielles-20171002011404-ntvo.html\"><strong>Sestaferia en Ventanielles<\/strong><\/a><\/li>\n<\/ul>\n<p><a href=\"https:\/\/memoriadigital.asturias.es\/documents\/90832\/850550\/Sestaferia_1570187198063.jpg\/288897c2-53ee-8348-67ab-a4e93a457f66?t=1570187198093\"><img loading=\"lazy\" decoding=\"async\" class=\"alignnone\" src=\"https:\/\/memoriadigital.asturias.es\/documents\/90832\/850550\/Sestaferia_1570187198063.jpg\/288897c2-53ee-8348-67ab-a4e93a457f66?t=1570187198093\" alt=\"\" width=\"1158\" height=\"816\" \/><\/a><\/p>\n<p><a href=\"https:\/\/imagenes.20minutos.es\/files\/image_656_370\/uploads\/imagenes\/2008\/03\/17\/781966a.jpg\"><img loading=\"lazy\" decoding=\"async\" class=\"aligncenter\" src=\"https:\/\/imagenes.20minutos.es\/files\/image_656_370\/uploads\/imagenes\/2008\/03\/17\/781966a.jpg\" alt=\"\" width=\"656\" height=\"370\" \/><\/a><\/p>\n<p><a href=\"https:\/\/static2.elcomercio.es\/www\/multimedia\/201710\/02\/media\/cortadas\/28049339--624x468.JPG\"><img loading=\"lazy\" decoding=\"async\" class=\"aligncenter\" src=\"https:\/\/static2.elcomercio.es\/www\/multimedia\/201710\/02\/media\/cortadas\/28049339--624x468.JPG\" alt=\"\" width=\"624\" height=\"468\" \/><\/a><\/p>\n<p>&nbsp;<\/p>\n<p style=\"text-align: center\"><img loading=\"lazy\" decoding=\"async\" class=\"alignnone size-full\" src=\"https:\/\/imgbox.es\/images\/2021\/01\/16\/sestaferia93b3fd2aa489e8d1.jpg\" width=\"1147\" height=\"1317\" \/><\/p>\n","protected":false},"excerpt":{"rendered":"<p>Andecha \u00a0\/ \/ &nbsp; L\u2019andecha o auxiliu mutuu de los vecinos en trabayos agr\u00edcoles, preferentemente d\u2019urxencia como\u2019l sallo de tierres, siega de yerba, corte de lle\u00f1a, acarretu de piedra, esfoyaza, etc., o\u2019n favor de vilbes, enfermos o ausentes, xeneralmente retribuida por aciu d\u2019un refrixeriu, ta bien desaniciau n\u2019actualid\u00e1. Nes antig\u00fces Ordenances del Princip\u00e1u preven\u00edase ya [&hellip;]<\/p>\n","protected":false},"author":117,"featured_media":0,"parent":2493,"menu_order":0,"comment_status":"closed","ping_status":"closed","template":"","meta":{"footnotes":""},"class_list":["post-2497","page","type-page","status-publish","hentry","post-preview"],"_links":{"self":[{"href":"https:\/\/edublog.educastur.es\/corredoria3\/wp-json\/wp\/v2\/pages\/2497","targetHints":{"allow":["GET"]}}],"collection":[{"href":"https:\/\/edublog.educastur.es\/corredoria3\/wp-json\/wp\/v2\/pages"}],"about":[{"href":"https:\/\/edublog.educastur.es\/corredoria3\/wp-json\/wp\/v2\/types\/page"}],"author":[{"embeddable":true,"href":"https:\/\/edublog.educastur.es\/corredoria3\/wp-json\/wp\/v2\/users\/117"}],"replies":[{"embeddable":true,"href":"https:\/\/edublog.educastur.es\/corredoria3\/wp-json\/wp\/v2\/comments?post=2497"}],"version-history":[{"count":6,"href":"https:\/\/edublog.educastur.es\/corredoria3\/wp-json\/wp\/v2\/pages\/2497\/revisions"}],"predecessor-version":[{"id":2664,"href":"https:\/\/edublog.educastur.es\/corredoria3\/wp-json\/wp\/v2\/pages\/2497\/revisions\/2664"}],"up":[{"embeddable":true,"href":"https:\/\/edublog.educastur.es\/corredoria3\/wp-json\/wp\/v2\/pages\/2493"}],"wp:attachment":[{"href":"https:\/\/edublog.educastur.es\/corredoria3\/wp-json\/wp\/v2\/media?parent=2497"}],"curies":[{"name":"wp","href":"https:\/\/api.w.org\/{rel}","templated":true}]}}