{"id":2499,"date":"2020-12-27T18:10:15","date_gmt":"2020-12-27T16:10:15","guid":{"rendered":"https:\/\/edublog.educastur.es\/corredoria3\/?page_id=2499"},"modified":"2021-02-21T14:17:57","modified_gmt":"2021-02-21T12:17:57","slug":"sesion-03","status":"publish","type":"page","link":"https:\/\/edublog.educastur.es\/corredoria3\/4o-pri\/cultura-asturiana\/segundo-trimestre\/sesion-03\/","title":{"rendered":"Sesi\u00f3n 03"},"content":{"rendered":"<p style=\"text-align: center\"><strong><span style=\"color: #008080\"><em><span style=\"font-size: 24pt\">S\u00edmbolos de Asturias<\/span><\/em><\/span><\/strong><\/p>\n<ul>\n<li><span style=\"color: #008080;font-size: 18pt\"><em>Actividad en castellano<\/em><\/span><\/li>\n<li><span style=\"color: #008080;font-size: 18pt\"><em>Activid\u00e1 n\u00b4asturianu<\/em><\/span><\/li>\n<li><a href=\"https:\/\/es.wikipedia.org\/wiki\/Asturias\"><strong><em><span style=\"font-size: 14pt\">Wiki ASTURIAS<\/span><\/em><\/strong><\/a><\/li>\n<li><a href=\"https:\/\/upload.wikimedia.org\/wikipedia\/commons\/thumb\/c\/ce\/Escudo_de_Asturias_%28oficial%29.svg\/800px-Escudo_de_Asturias_%28oficial%29.svg.png\"><strong><em>Escudo<\/em><\/strong><\/a><\/li>\n<li><a href=\"https:\/\/es.wikipedia.org\/wiki\/Escudo_del_Principado_de_Asturias\"><strong><em>WIKI: Escudo de Asturias<\/em><\/strong><\/a><\/li>\n<li><a href=\"https:\/\/upload.wikimedia.org\/wikipedia\/commons\/thumb\/4\/44\/S%C3%ADmbolo_del_Gobierno_de_Asturias.svg\/800px-S%C3%ADmbolo_del_Gobierno_de_Asturias.svg.png\"><em><strong>Versi\u00f3n logotipo<\/strong> <\/em><\/a><\/li>\n<\/ul>\n<p><a href=\"https:\/\/upload.wikimedia.org\/wikipedia\/commons\/thumb\/c\/ce\/Escudo_de_Asturias_%28oficial%29.svg\/800px-Escudo_de_Asturias_%28oficial%29.svg.png\"><img loading=\"lazy\" decoding=\"async\" class=\"aligncenter\" src=\"https:\/\/upload.wikimedia.org\/wikipedia\/commons\/thumb\/c\/ce\/Escudo_de_Asturias_%28oficial%29.svg\/800px-Escudo_de_Asturias_%28oficial%29.svg.png\" alt=\"\" width=\"800\" height=\"1453\" \/><\/a><\/p>\n<p><em><span style=\"font-size: 14pt\">El <b>escudo del Principado de Asturias<\/b> es rectangular, cuadrilongo y con los extremos del lado inferior redondeados y una punta o \u00e1ngulo saliente en el centro de dicho lado, con la proporci\u00f3n de seis de alto por cinco de ancho y trae sobre <a title=\"Campo (her\u00e1ldica)\" href=\"https:\/\/es.wikipedia.org\/wiki\/Campo_(her%C3%A1ldica)\">campo<\/a> de <a title=\"Azur\" href=\"https:\/\/es.wikipedia.org\/wiki\/Azur\">azur<\/a> o <a title=\"Azul\" href=\"https:\/\/es.wikipedia.org\/wiki\/Azul\">azul<\/a> la <a title=\"Cruz de la Victoria\" href=\"https:\/\/es.wikipedia.org\/wiki\/Cruz_de_la_Victoria\">Cruz de la Victoria<\/a>, de <a title=\"Oro (color)\" href=\"https:\/\/es.wikipedia.org\/wiki\/Oro_(color)\">oro<\/a>, guarnecida de <a class=\"mw-redirect\" title=\"Piedra preciosa\" href=\"https:\/\/es.wikipedia.org\/wiki\/Piedra_preciosa\">piedras preciosas<\/a> de su natural color, y <strong>las letras <a title=\"\u0391\" href=\"https:\/\/es.wikipedia.org\/wiki\/%CE%91\">alpha<\/a> may\u00fascula y <a class=\"mw-redirect\" title=\"Omega\" href=\"https:\/\/es.wikipedia.org\/wiki\/Omega\">omega<\/a> min\u00fascula, tambi\u00e9n de oro<\/strong>, pendientes de sus brazos diestro y siniestro, respectivamente; y en sendas l\u00edneas, con letras de oro.<\/span><\/em><\/p>\n<p><span style=\"font-size: 14pt\"><em><span class=\"ILfuVd\"><span class=\"hgKElc\">La <b>letras<\/b> griegas <b>alfa<\/b> may\u00fascula y <b>omega<\/b> min\u00fascula, que significan el principio y el fin (la infinita extensi\u00f3n de Dios). La <b>letra omega<\/b> es min\u00fascula y no may\u00fascula, porque as\u00ed se encuentra en las ilustraciones m\u00e1s antiguas que se conocen, como las pinturas de San Juli\u00e1n de los Prados.<\/span><\/span><\/em><\/span><\/p>\n<p><em><span style=\"font-size: 14pt\">La <a title=\"Leyenda\" href=\"https:\/\/es.wikipedia.org\/wiki\/Leyenda\">leyenda<\/a> <strong>\u00ab<small>HOC SIGNO TVETVR PIVS &#8211; HOC SIGNO VINCITVR INIMICVS<\/small>\u00bb <span style=\"color: #800080\">(Con este emblema se defiende al piadoso &#8211; Con este emblema se vence al enemigo)<\/span><\/strong> la primera al flanco diestro y la segunda al flanco siniestro.<\/span><\/em><\/p>\n<p><span style=\"text-decoration: underline\"><em><strong><span style=\"color: #333399;text-decoration: underline\">El escudo del Principado de Asturias debe figurar por ley en:<\/span><\/strong><\/em><\/span><\/p>\n<dl>\n<dd>\n<ul>\n<li><span style=\"color: #333399\"><em>Los <strong>documentos, impresos, sellos y membretes de uso oficial<\/strong> de la Comunidad Aut\u00f3noma<\/em><\/span><\/li>\n<li><span style=\"color: #333399\"><em>Las<strong> publicaciones oficiales<\/strong> del Principado de Asturias<\/em><\/span><\/li>\n<li><span style=\"color: #333399\"><em>Los <strong>distintivos oficiales<\/strong> usados por las autoridades de la Comunidad Aut\u00f3noma a quienes corresponda<\/em><\/span><\/li>\n<li><span style=\"color: #333399\"><em>Los<strong> t\u00edtulos acreditativos de las condecoraciones<\/strong><\/em><\/span><\/li>\n<li><span style=\"color: #333399\"><em>Los<strong> diplomas o t\u00edtulos de cualquier clase expedidos por autoridades de la Comunidad Aut\u00f3noma<\/strong><\/em><\/span><\/li>\n<li><span style=\"color: #333399\"><strong><em>Los edificios y establecimientos de la Administraci\u00f3n Aut\u00f3noma asturiana<\/em><\/strong><\/span><\/li>\n<\/ul>\n<\/dd>\n<\/dl>\n<ul>\n<li><a href=\"https:\/\/es.wikipedia.org\/wiki\/Cruz_de_la_Victoria\"><strong><em>CRUZ DE LA VICTORIA<\/em><\/strong><\/a><\/li>\n<li><a href=\"https:\/\/upload.wikimedia.org\/wikipedia\/commons\/thumb\/8\/80\/Cruz_de_Asturias.svg\/800px-Cruz_de_Asturias.svg.png\"><strong><em>Imagen (C\u00e1mara Santa, Catedral de Oviedo)<\/em><\/strong><\/a><\/li>\n<li><a href=\"https:\/\/upload.wikimedia.org\/wikipedia\/commons\/thumb\/b\/bc\/Oviedo_-_Catedral%2C_Camara_Santa_02.JPG\/800px-Oviedo_-_Catedral%2C_Camara_Santa_02.JPG\"><strong><em>Foto real<\/em><\/strong><\/a><\/li>\n<\/ul>\n<p><em><span style=\"font-size: 14pt\">La cruz de la Victoria fue donada a la <a class=\"mw-redirect\" title=\"Catedral de San Salvador de Oviedo\" href=\"https:\/\/es.wikipedia.org\/wiki\/Catedral_de_San_Salvador_de_Oviedo\">Catedral de San Salvador de Oviedo<\/a> por el rey <a class=\"mw-redirect\" title=\"Alfonso III el Magno\" href=\"https:\/\/es.wikipedia.org\/wiki\/Alfonso_III_el_Magno\">Alfonso III el Magno<\/a> y por su esposa, la reina <a title=\"Jimena de Asturias\" href=\"https:\/\/es.wikipedia.org\/wiki\/Jimena_de_Asturias\">Jimena de Asturias<\/a>, en el a\u00f1o 908, seg\u00fan consta en una inscripci\u00f3n colocada en el reverso de la cruz. Seg\u00fan refiere la tradici\u00f3n, <strong>la cruz de madera que se encuentra en el interior de la cruz de la Victoria fue la que el rey <a title=\"Don Pelayo\" href=\"https:\/\/es.wikipedia.org\/wiki\/Don_Pelayo\">don Pelayo<\/a> enarbol\u00f3 en la <a title=\"Batalla de Covadonga\" href=\"https:\/\/es.wikipedia.org\/wiki\/Batalla_de_Covadonga\">batalla de Covadonga<\/a>,<\/strong> librada en el a\u00f1o 722<\/span><\/em><\/p>\n<p><a href=\"https:\/\/upload.wikimedia.org\/wikipedia\/commons\/thumb\/3\/3e\/Flag_of_Asturias.svg\/1280px-Flag_of_Asturias.svg.png\"><img loading=\"lazy\" decoding=\"async\" class=\"aligncenter\" src=\"https:\/\/upload.wikimedia.org\/wikipedia\/commons\/thumb\/3\/3e\/Flag_of_Asturias.svg\/1280px-Flag_of_Asturias.svg.png\" alt=\"\" width=\"653\" height=\"435\" \/><\/a><\/p>\n<ul>\n<li>Himno: <strong><em>Asturias Patria Querida.<\/em> <\/strong>Origen, adoptado 27\/04\/1984; <a href=\"https:\/\/es.wikipedia.org\/wiki\/Asturias,_patria_querida\"><em>Wiki<\/em><\/a><\/li>\n<li><a href=\"https:\/\/www.youtube.com\/watch?v=NBJr4uCLzWQ\"><strong><em>Himno en Youtube<\/em><\/strong><\/a><\/li>\n<\/ul>\n<p><em><span style=\"font-size: 14pt\">El origen de la letra est\u00e1 en <a title=\"Cuba\" href=\"https:\/\/es.wikipedia.org\/wiki\/Cuba\">Cuba<\/a>. Argumenta que <a title=\"Ignacio Pi\u00f1eiro\" href=\"https:\/\/es.wikipedia.org\/wiki\/Ignacio_Pi%C3%B1eiro\">Ignacio Pi\u00f1eiro<\/a>, m\u00fasico cubano, <strong>hizo la letra de una canci\u00f3n para homenajear a su padre que era asturiano y hab\u00eda vuelto a Asturias para morir en 1926.<\/strong> La canci\u00f3n de Ignacio Pi\u00f1eiro es un son cubano en el que se puede apreciar la escasa coincidencia con la letra del Asturias, patria querida.Otras teor\u00edas apuntan a la <strong>relaci\u00f3n entre la melod\u00eda y la armon\u00eda del Asturias, patria querida con otras canciones <a title=\"Polonia\" href=\"https:\/\/es.wikipedia.org\/wiki\/Polonia\">polacas<\/a>.<\/strong> Por otra parte, la melod\u00eda alcanz\u00f3 una notable popularidad en Polonia, adonde lleg\u00f3 de manos de unos soldados polacos que hab\u00edan luchado en Asturias durante los a\u00f1os 30, llegando a ser grabada por varios artistas en la misma Polonia. Ello provoc\u00f3 que el propio papa <a title=\"Juan Pablo II\" href=\"https:\/\/es.wikipedia.org\/wiki\/Juan_Pablo_II\">Juan Pablo II<\/a>, nacido en Polonia en 1920, la recordase de su infancia al escucharla en su visita a Asturias. <strong>Ya como himno asturiano, oficial desde 1984, se emplea en los actos solemnes de la <a title=\"Junta General del Principado de Asturias\" href=\"https:\/\/es.wikipedia.org\/wiki\/Junta_General_del_Principado_de_Asturias\">Junta General<\/a> y del <a title=\"Consejo de Gobierno del Principado de Asturias\" href=\"https:\/\/es.wikipedia.org\/wiki\/Consejo_de_Gobierno_del_Principado_de_Asturias\">Gobierno<\/a> del Principado de Asturias, as\u00ed como final de muchos actos de car\u00e1cter cultural, musical, festivo, etc.\u00a0<\/strong><br \/>\n<\/span><\/em><\/p>\n<ul>\n<li><a href=\"https:\/\/es.wikipedia.org\/wiki\/Asturias,_patria_querida\"><strong><em>QUIEN ESCRIBIO LETRA<\/em><\/strong><\/a><\/li>\n<\/ul>\n<p><strong>El origen de la letra est\u00e1 en <a title=\"Cuba\" href=\"https:\/\/es.wikipedia.org\/wiki\/Cuba\">Cuba<\/a>.<\/strong> Argumenta que <a title=\"Ignacio Pi\u00f1eiro\" href=\"https:\/\/es.wikipedia.org\/wiki\/Ignacio_Pi%C3%B1eiro\">Ignacio Pi\u00f1eiro<\/a>, m\u00fasico cubano, <strong>hizo la letra de una canci\u00f3n para homenajear a su padre que era asturiano y hab\u00eda vuelto a Asturias para morir <\/strong>en 1926.<\/p>\n<p>Tambi\u00e9n defiende que la melod\u00eda fue adaptada de otra que cantaban mineros <a title=\"Alta Silesia\" href=\"https:\/\/es.wikipedia.org\/wiki\/Alta_Silesia\">silesianos<\/a> que fueron a trabajar a las minas de las <a title=\"Cuencas Mineras (Asturias)\" href=\"https:\/\/es.wikipedia.org\/wiki\/Cuencas_Mineras_(Asturias)\">cuencas mineras<\/a> del <a title=\"R\u00edo Caudal\" href=\"https:\/\/es.wikipedia.org\/wiki\/R%C3%ADo_Caudal\">Caudal<\/a> y de <a title=\"Mieres\" href=\"https:\/\/es.wikipedia.org\/wiki\/Mieres\">Mieres<\/a> a principios del <a title=\"Siglo XX\" href=\"https:\/\/es.wikipedia.org\/wiki\/Siglo_XX\">siglo XX<\/a>.<\/p>\n<p><strong>Otras teor\u00edas apuntan a la relaci\u00f3n entre la melod\u00eda y la armon\u00eda del <i>Asturias, patria querida<\/i> con otras canciones <a title=\"Polonia\" href=\"https:\/\/es.wikipedia.org\/wiki\/Polonia\">polacas<\/a>.<\/strong> Por otra parte, la melod\u00eda alcanz\u00f3 una notable popularidad en Polonia, adonde lleg\u00f3 de manos de unos soldados polacos que hab\u00edan luchado en Asturias durante los a\u00f1os 30.Ello provoc\u00f3 que el propio papa <a title=\"Juan Pablo II\" href=\"https:\/\/es.wikipedia.org\/wiki\/Juan_Pablo_II\">Juan Pablo II<\/a>, nacido en Polonia en 1920, la recordase de su infancia al escucharla en su visita a Asturias.<sup id=\"cite_ref-4\" class=\"reference separada\"><a href=\"https:\/\/es.wikipedia.org\/wiki\/Asturias,_patria_querida#cite_note-4\">4<\/a><\/sup>\u200b<\/p>\n<p>&nbsp;<\/p>\n<table border=\"0\" width=\"100%\" cellspacing=\"0\" cellpadding=\"0\">\n<tbody>\n<tr valign=\"top\">\n<td>\n<div>\n<table class=\"wikitable\">\n<tbody>\n<tr>\n<th><em><span style=\"font-size: 14pt\"><b><a title=\"Idioma espa\u00f1ol\" href=\"https:\/\/es.wikipedia.org\/wiki\/Idioma_espa%C3%B1ol\">Espa\u00f1ol<\/a><\/b><\/span><\/em><\/th>\n<\/tr>\n<tr>\n<td>\n<dl>\n<dd><em><span style=\"font-size: 14pt\">Asturias, patria querida,<\/span><\/em><\/dd>\n<dd><em><span style=\"font-size: 14pt\">Asturias de mis amores;<\/span><\/em><\/dd>\n<dd><em><span style=\"font-size: 14pt\">\u00a1qui\u00e9n estuviera en Asturias<\/span><\/em><\/dd>\n<dd><em><span style=\"font-size: 14pt\">en todas las ocasiones!<\/span><\/em><\/dd>\n<\/dl>\n<dl>\n<dd><em><span style=\"font-size: 14pt\">Tengo de subir al \u00e1rbol,<\/span><\/em><\/dd>\n<dd><em><span style=\"font-size: 14pt\">tengo de coger la flor,<\/span><\/em><\/dd>\n<dd><em><span style=\"font-size: 14pt\">y d\u00e1rsela a mi morena<\/span><\/em><\/dd>\n<dd><em><span style=\"font-size: 14pt\">que la ponga en el balc\u00f3n,<\/span><\/em><\/dd>\n<\/dl>\n<dl>\n<dd><em><span style=\"font-size: 14pt\">Que la ponga en el balc\u00f3n,<\/span><\/em><\/dd>\n<dd><em><span style=\"font-size: 14pt\">que la deje de poner,<\/span><\/em><\/dd>\n<dd><em><span style=\"font-size: 14pt\">tengo de subir al \u00e1rbol<\/span><\/em><\/dd>\n<dd><em><span style=\"font-size: 14pt\">y la flor he de coger.<\/span><\/em><\/dd>\n<\/dl>\n<\/td>\n<\/tr>\n<\/tbody>\n<\/table>\n<\/div>\n<\/td>\n<td>\n<div>\n<table class=\"wikitable\">\n<tbody>\n<tr>\n<th><em><span style=\"font-size: 14pt\"><b><a class=\"mw-redirect\" title=\"Idioma asturiano\" href=\"https:\/\/es.wikipedia.org\/wiki\/Idioma_asturiano\">Asturiano<\/a><\/b><\/span><\/em><\/th>\n<\/tr>\n<tr>\n<td>\n<dl>\n<dd><em><span style=\"font-size: 14pt\">Asturies, patria querida,<\/span><\/em><\/dd>\n<dd><em><span style=\"font-size: 14pt\">Asturies de mios amores;<\/span><\/em><\/dd>\n<dd><em><span style=\"font-size: 14pt\">\u00a1Ai!, \u00a1qui\u00e9n tuviera n&#8217;Asturies<\/span><\/em><\/dd>\n<dd><em><span style=\"font-size: 14pt\">en toes les ocasiones!<\/span><\/em><\/dd>\n<\/dl>\n<dl>\n<dd><em><span style=\"font-size: 14pt\">Tengo de subir al \u00e1rbol,<\/span><\/em><\/dd>\n<dd><em><span style=\"font-size: 14pt\">tengo de coyer la flor,<\/span><\/em><\/dd>\n<dd><em><span style=\"font-size: 14pt\">y d\u00e1-yla a la mi\u00f3 morena<\/span><\/em><\/dd>\n<dd><em><span style=\"font-size: 14pt\">que la ponga nel balc\u00f3n,<\/span><\/em><\/dd>\n<\/dl>\n<dl>\n<dd><em><span style=\"font-size: 14pt\">Que la ponga nel balc\u00f3n,<\/span><\/em><\/dd>\n<dd><em><span style=\"font-size: 14pt\">que la dexe de poner,<\/span><\/em><\/dd>\n<dd><em><span style=\"font-size: 14pt\">tengo de subir al \u00e1rbol<\/span><\/em><\/dd>\n<dd><em><span style=\"font-size: 14pt\">y la flor tengo coyer.<\/span><\/em><\/dd>\n<\/dl>\n<\/td>\n<\/tr>\n<\/tbody>\n<\/table>\n<p>&nbsp;<\/p>\n<\/div>\n<\/td>\n<\/tr>\n<\/tbody>\n<\/table>\n<hr \/>\n<ul>\n<li><a href=\"https:\/\/youtu.be\/rdP-3USVCcY\"><em><strong>Asturias patria querida<\/strong><\/em><\/a><\/li>\n<\/ul>\n<p style=\"text-align: center\">\n<!-- iframe plugin v.6.0 wordpress.org\/plugins\/iframe\/ -->\n<iframe loading=\"lazy\" width=\"647\" height=\"364\" src=\"https:\/\/www.youtube.com\/embed\/rdP-3USVCcY\" scrolling=\"yes\" class=\"iframe-class\" frameborder=\"0\"><\/iframe>\n<\/p>\n<ul>\n<li><a href=\"https:\/\/youtu.be\/Rj7uOQicYe8\"><em><strong>Asturias Patria querida<\/strong><\/em> (letra)<\/a><\/li>\n<\/ul>\n<p style=\"text-align: center\">\n<!-- iframe plugin v.6.0 wordpress.org\/plugins\/iframe\/ -->\n<iframe loading=\"lazy\" width=\"647\" height=\"364\" src=\"https:\/\/www.youtube.com\/embed\/Rj7uOQicYe8\" scrolling=\"yes\" class=\"iframe-class\" frameborder=\"0\"><\/iframe>\n<\/p>\n<ul>\n<li><a href=\"https:\/\/www.youtube.com\/watch?v=2F-sV5tHiTQ\"><em><strong>Asturias (V\u00edctor Manuel)<\/strong><\/em><\/a><\/li>\n<\/ul>\n<p style=\"text-align: center\">\n<!-- iframe plugin v.6.0 wordpress.org\/plugins\/iframe\/ -->\n<iframe loading=\"lazy\" width=\"647\" height=\"364\" src=\"https:\/\/www.youtube.com\/embed\/2F-sV5tHiTQ\" scrolling=\"yes\" class=\"iframe-class\" frameborder=\"0\"><\/iframe>\n<\/p>\n<ul>\n<li><a href=\"https:\/\/www.youtube.com\/watch?v=_PPGWiRM6SI\"><strong><em>Asturias<\/em><\/strong> (guitarra, sin letra)<\/a><\/li>\n<\/ul>\n<p style=\"text-align: center\">\n<!-- iframe plugin v.6.0 wordpress.org\/plugins\/iframe\/ -->\n<iframe loading=\"lazy\" width=\"647\" height=\"364\" src=\"https:\/\/www.youtube.com\/embed\/_PPGWiRM6SI\" scrolling=\"yes\" class=\"iframe-class\" frameborder=\"0\"><\/iframe>\n<\/p>\n<ul>\n<li><a href=\"https:\/\/www.youtube.com\/watch?v=rdP-3USVCcY&amp;feature=youtu.be\">Asturias<\/a><\/li>\n<\/ul>\n<p style=\"text-align: center\">\n<!-- iframe plugin v.6.0 wordpress.org\/plugins\/iframe\/ -->\n<iframe loading=\"lazy\" width=\"647\" height=\"364\" src=\"https:\/\/www.youtube.com\/embed\/rdP-3USVCcY\" scrolling=\"yes\" class=\"iframe-class\" frameborder=\"0\"><\/iframe>\n<\/p>\n<ul>\n<li><a href=\"https:\/\/www.youtube.com\/watch?v=ZW3hWeyXl9I\"><strong><em>ASTURIAS (Melendi)<\/em><\/strong><\/a><\/li>\n<\/ul>\n<p style=\"text-align: center\">\n<!-- iframe plugin v.6.0 wordpress.org\/plugins\/iframe\/ -->\n<iframe loading=\"lazy\" width=\"647\" height=\"364\" src=\"https:\/\/www.youtube.com\/embed\/ZW3hWeyXl9I\" scrolling=\"yes\" class=\"iframe-class\" frameborder=\"0\"><\/iframe>\n<\/p>\n<hr \/>\n<ul>\n<li><a href=\"https:\/\/upload.wikimedia.org\/wikipedia\/commons\/e\/e8\/Mapa_de_la_provincia_de_Oviedo.jpg\"><strong><em><span style=\"font-size: 18pt\">Mapa antiguo de la provincia<\/span><\/em><\/strong><\/a><\/li>\n<li>Poblaci\u00f3n 2020: 1\u00a0018\u00a0784<sup id=\"cite_ref-1\" class=\"reference separada\"><a href=\"https:\/\/es.wikipedia.org\/wiki\/Asturias#cite_note-1\">1<\/a><\/sup>\u200b\u00a0hab.\u00a0<a class=\"mw-redirect\" title=\"Anexo:Comunidades aut\u00f3nomas de Espa\u00f1a por poblaci\u00f3n\" href=\"https:\/\/es.wikipedia.org\/wiki\/Anexo:Comunidades_aut%C3%B3nomas_de_Espa%C3%B1a_por_poblaci%C3%B3n\">(2,15\u00a0%)<\/a><\/li>\n<li>Densidad poblaci\u00f3n: 96.08 hab\/km\u00b2<br \/>\n<table class=\"infobox geography vcard\" style=\"width: 11.939%;height: 23px\">\n<tbody>\n<tr>\n<th scope=\"row\"><\/th>\n<td colspan=\"2\"><\/td>\n<\/tr>\n<\/tbody>\n<\/table>\n<p><a href=\"https:\/\/upload.wikimedia.org\/wikipedia\/commons\/thumb\/1\/1d\/Asturias-loc.svg\/1280px-Asturias-loc.svg.png\"><img loading=\"lazy\" decoding=\"async\" class=\"aligncenter\" src=\"https:\/\/upload.wikimedia.org\/wikipedia\/commons\/thumb\/1\/1d\/Asturias-loc.svg\/1280px-Asturias-loc.svg.png\" alt=\"\" width=\"1280\" height=\"945\" \/><\/a><\/li>\n<\/ul>\n<p style=\"text-align: center\"><img loading=\"lazy\" decoding=\"async\" class=\"alignnone size-full\" src=\"https:\/\/upload.wikimedia.org\/wikipedia\/commons\/3\/3e\/Mapa_de_Asturias_con_municipios.png\" width=\"807\" height=\"324\" \/><em><strong>78 concejos<\/strong><\/em><\/p>\n<p><a href=\"https:\/\/upload.wikimedia.org\/wikipedia\/commons\/thumb\/b\/b4\/Asturias_in_Spain_%28including_Canarias%29.svg\/1024px-Asturias_in_Spain_%28including_Canarias%29.svg.png\"><img loading=\"lazy\" decoding=\"async\" class=\"aligncenter\" src=\"https:\/\/upload.wikimedia.org\/wikipedia\/commons\/thumb\/b\/b4\/Asturias_in_Spain_%28including_Canarias%29.svg\/1024px-Asturias_in_Spain_%28including_Canarias%29.svg.png\" alt=\"\" width=\"1024\" height=\"879\" \/><\/a><\/p>\n<p>&nbsp;<\/p>\n","protected":false},"excerpt":{"rendered":"<p>S\u00edmbolos de Asturias Actividad en castellano Activid\u00e1 n\u00b4asturianu Wiki ASTURIAS Escudo WIKI: Escudo de Asturias Versi\u00f3n logotipo El escudo del Principado de Asturias es rectangular, cuadrilongo y con los extremos del lado inferior redondeados y una punta o \u00e1ngulo saliente en el centro de dicho lado, con la proporci\u00f3n de seis de alto por cinco [&hellip;]<\/p>\n","protected":false},"author":117,"featured_media":0,"parent":2493,"menu_order":0,"comment_status":"closed","ping_status":"closed","template":"","meta":{"footnotes":""},"class_list":["post-2499","page","type-page","status-publish","hentry","post-preview"],"_links":{"self":[{"href":"https:\/\/edublog.educastur.es\/corredoria3\/wp-json\/wp\/v2\/pages\/2499","targetHints":{"allow":["GET"]}}],"collection":[{"href":"https:\/\/edublog.educastur.es\/corredoria3\/wp-json\/wp\/v2\/pages"}],"about":[{"href":"https:\/\/edublog.educastur.es\/corredoria3\/wp-json\/wp\/v2\/types\/page"}],"author":[{"embeddable":true,"href":"https:\/\/edublog.educastur.es\/corredoria3\/wp-json\/wp\/v2\/users\/117"}],"replies":[{"embeddable":true,"href":"https:\/\/edublog.educastur.es\/corredoria3\/wp-json\/wp\/v2\/comments?post=2499"}],"version-history":[{"count":21,"href":"https:\/\/edublog.educastur.es\/corredoria3\/wp-json\/wp\/v2\/pages\/2499\/revisions"}],"predecessor-version":[{"id":2980,"href":"https:\/\/edublog.educastur.es\/corredoria3\/wp-json\/wp\/v2\/pages\/2499\/revisions\/2980"}],"up":[{"embeddable":true,"href":"https:\/\/edublog.educastur.es\/corredoria3\/wp-json\/wp\/v2\/pages\/2493"}],"wp:attachment":[{"href":"https:\/\/edublog.educastur.es\/corredoria3\/wp-json\/wp\/v2\/media?parent=2499"}],"curies":[{"name":"wp","href":"https:\/\/api.w.org\/{rel}","templated":true}]}}