{"id":2523,"date":"2020-12-27T18:28:34","date_gmt":"2020-12-27T16:28:34","guid":{"rendered":"https:\/\/edublog.educastur.es\/corredoria3\/?page_id=2523"},"modified":"2021-04-27T17:56:15","modified_gmt":"2021-04-27T15:56:15","slug":"segundo-trimestre","status":"publish","type":"page","link":"https:\/\/edublog.educastur.es\/corredoria3\/2o-pri\/cultura-asturiana\/segundo-trimestre\/","title":{"rendered":"SEGUNDO TRIMESTRE"},"content":{"rendered":"<ul>\n<li><strong>Profes preparan sesiones<\/strong>:<span style=\"color: #008080\"><em> Ariane, Ver\u00f3nica, Mar\u00eda, ISA<br \/>\n<\/em><\/span><\/li>\n<\/ul>\n<hr \/>\n<p><strong><span style=\"text-decoration: underline\"><span style=\"font-size: 14pt\"><em>Sesiones programadas para este trimestre:<\/em><\/span><\/span><\/strong><\/p>\n<ul>\n<li><span style=\"font-size: 18pt\"><em><span style=\"color: #008080\">01) <a href=\"https:\/\/edublog.educastur.es\/ixuxullingua\/asturies\/aguilandeiros\/privao\/\"><strong>Cuentos sobre mazcaradas de invierno\u00a0<\/strong>\u00a0 (Isa)<\/a><br \/>\n<\/span><\/em><\/span><\/li>\n<li><span style=\"font-size: 18pt\"><em><a href=\"https:\/\/edublog.educastur.es\/corredoria3\/2o-pri\/cultura-asturiana\/segundo-trimestre\/sesion-02-03\/\"><span style=\"color: #008080\">02-03) <strong>Mitolog\u00eda I y II<\/strong> (Isa)<\/span><\/a><\/em><\/span><\/li>\n<li><span style=\"font-size: 18pt\"><em><a href=\"https:\/\/edublog.educastur.es\/corredoria3\/2o-pri\/cultura-asturiana\/segundo-trimestre\/sesion-04\/\">04) <strong>ASTURIAS: de Oriente &#8211; Centro &#8211; a Occidente<\/strong> (Vero)<\/a><br \/>\n<\/em><\/span><\/li>\n<li><span style=\"font-size: 18pt\"><a href=\"https:\/\/edublog.educastur.es\/corredoria3\/2o-pri\/cultura-asturiana\/segundo-trimestre\/sesion_05\/\"><em>05) <strong>Alimentos dulces: Llambiotadas de Antroxu<\/strong> (Ari)<\/em><\/a><\/span><\/li>\n<li><span style=\"font-size: 18pt\"><em><a href=\"https:\/\/edublog.educastur.es\/corredoria3\/2o-pri\/cultura-asturiana\/segundo-trimestre\/sesion-06\/\">06) <strong>ASTURIAS: Ciudades importantes: Oviedo, Gij\u00f3n, Avil\u00e9s<\/strong> (Vero)<\/a><br \/>\n<\/em><\/span><\/li>\n<li><span style=\"font-size: 18pt\"><em><a href=\"https:\/\/edublog.educastur.es\/corredoria3\/2o-pri\/cultura-asturiana\/segundo-trimestre\/sesion-7\/\">07) <strong>Asturias: Costa, R\u00edos, R\u00edas&#8230;<\/strong> (Mar\u00eda)<\/a><br \/>\n<\/em><\/span><\/li>\n<li><a href=\"https:\/\/edublog.educastur.es\/corredoria3\/2o-pri\/cultura-asturiana\/segundo-trimestre\/sesion-08\/\"><span style=\"font-size: 18pt\"><em>08) <strong>Alimentos salados: QUESOS<\/strong> (Ari)<\/em><\/span><\/a><\/li>\n<li><span style=\"font-size: 18pt\"><em><a href=\"https:\/\/edublog.educastur.es\/corredoria3\/2o-pri\/cultura-asturiana\/segundo-trimestre\/sesion-09\">09) <strong>Asturias: Valles y Monta\u00f1as<\/strong> (Mar\u00eda)<\/a><br \/>\n<\/em><\/span><\/li>\n<li><strong><span style=\"font-size: 18pt;color: #800080\"><em>\u00a0Sesi\u00f3n t\u00e9cnica REPASO y puesta al d\u00eda<\/em><\/span><\/strong><\/li>\n<\/ul>\n","protected":false},"excerpt":{"rendered":"<p>Profes preparan sesiones: Ariane, Ver\u00f3nica, Mar\u00eda, ISA Sesiones programadas para este trimestre: 01) Cuentos sobre mazcaradas de invierno\u00a0\u00a0 (Isa) 02-03) Mitolog\u00eda I y II (Isa) 04) ASTURIAS: de Oriente &#8211; Centro &#8211; a Occidente (Vero) 05) Alimentos dulces: Llambiotadas de Antroxu (Ari) 06) ASTURIAS: Ciudades importantes: Oviedo, Gij\u00f3n, Avil\u00e9s (Vero) 07) Asturias: Costa, R\u00edos, R\u00edas&#8230; [&hellip;]<\/p>\n","protected":false},"author":117,"featured_media":0,"parent":1042,"menu_order":0,"comment_status":"closed","ping_status":"closed","template":"","meta":{"footnotes":""},"class_list":["post-2523","page","type-page","status-publish","hentry","post-preview"],"_links":{"self":[{"href":"https:\/\/edublog.educastur.es\/corredoria3\/wp-json\/wp\/v2\/pages\/2523","targetHints":{"allow":["GET"]}}],"collection":[{"href":"https:\/\/edublog.educastur.es\/corredoria3\/wp-json\/wp\/v2\/pages"}],"about":[{"href":"https:\/\/edublog.educastur.es\/corredoria3\/wp-json\/wp\/v2\/types\/page"}],"author":[{"embeddable":true,"href":"https:\/\/edublog.educastur.es\/corredoria3\/wp-json\/wp\/v2\/users\/117"}],"replies":[{"embeddable":true,"href":"https:\/\/edublog.educastur.es\/corredoria3\/wp-json\/wp\/v2\/comments?post=2523"}],"version-history":[{"count":16,"href":"https:\/\/edublog.educastur.es\/corredoria3\/wp-json\/wp\/v2\/pages\/2523\/revisions"}],"predecessor-version":[{"id":4261,"href":"https:\/\/edublog.educastur.es\/corredoria3\/wp-json\/wp\/v2\/pages\/2523\/revisions\/4261"}],"up":[{"embeddable":true,"href":"https:\/\/edublog.educastur.es\/corredoria3\/wp-json\/wp\/v2\/pages\/1042"}],"wp:attachment":[{"href":"https:\/\/edublog.educastur.es\/corredoria3\/wp-json\/wp\/v2\/media?parent=2523"}],"curies":[{"name":"wp","href":"https:\/\/api.w.org\/{rel}","templated":true}]}}

<ul>
<li><strong>Profes preparan sesiones</strong>:<span style="color: #008080"><em> Ariane, Verónica, María, ISA<br />
</em></span></li>
</ul>
<hr />
<p><strong><span style="text-decoration: underline"><span style="font-size: 14pt"><em>Sesiones programadas para este trimestre:</em></span></span></strong></p>
<ul>
<li><span style="font-size: 18pt"><em><span style="color: #008080">01) <a href="https://edublog.educastur.es/ixuxullingua/asturies/aguilandeiros/privao/"><strong>Cuentos sobre mazcaradas de invierno </strong>  (Isa)</a><br />
</span></em></span></li>
<li><span style="font-size: 18pt"><em><a href="https://edublog.educastur.es/corredoria3/2o-pri/cultura-asturiana/segundo-trimestre/sesion-02-03/"><span style="color: #008080">02-03) <strong>Mitología I y II</strong> (Isa)</span></a></em></span></li>
<li><span style="font-size: 18pt"><em><a href="https://edublog.educastur.es/corredoria3/2o-pri/cultura-asturiana/segundo-trimestre/sesion-04/">04) <strong>ASTURIAS: de Oriente &#8211; Centro &#8211; a Occidente</strong> (Vero)</a><br />
</em></span></li>
<li><span style="font-size: 18pt"><a href="https://edublog.educastur.es/corredoria3/2o-pri/cultura-asturiana/segundo-trimestre/sesion_05/"><em>05) <strong>Alimentos dulces: Llambiotadas de Antroxu</strong> (Ari)</em></a></span></li>
<li><span style="font-size: 18pt"><em><a href="https://edublog.educastur.es/corredoria3/2o-pri/cultura-asturiana/segundo-trimestre/sesion-06/">06) <strong>ASTURIAS: Ciudades importantes: Oviedo, Gijón, Avilés</strong> (Vero)</a><br />
</em></span></li>
<li><span style="font-size: 18pt"><em><a href="https://edublog.educastur.es/corredoria3/2o-pri/cultura-asturiana/segundo-trimestre/sesion-7/">07) <strong>Asturias: Costa, Ríos, Rías&#8230;</strong> (María)</a><br />
</em></span></li>
<li><a href="https://edublog.educastur.es/corredoria3/2o-pri/cultura-asturiana/segundo-trimestre/sesion-08/"><span style="font-size: 18pt"><em>08) <strong>Alimentos salados: QUESOS</strong> (Ari)</em></span></a></li>
<li><span style="font-size: 18pt"><em><a href="https://edublog.educastur.es/corredoria3/2o-pri/cultura-asturiana/segundo-trimestre/sesion-09">09) <strong>Asturias: Valles y Montañas</strong> (María)</a><br />
</em></span></li>
<li><strong><span style="font-size: 18pt;color: #800080"><em> Sesión técnica REPASO y puesta al día</em></span></strong></li>
</ul>

<p>Profes preparan sesiones: Ariane, Verónica, María, ISA Sesiones programadas para este trimestre: 01) Cuentos sobre mazcaradas de invierno   (Isa) 02-03) Mitología I y II (Isa) 04) ASTURIAS: de Oriente &#8211; Centro &#8211; a Occidente (Vero) 05) Alimentos dulces: Llambiotadas de Antroxu (Ari) 06) ASTURIAS: Ciudades importantes: Oviedo, Gijón, Avilés (Vero) 07) Asturias: Costa, Ríos, Rías&#8230; [&hellip;]</p>
