{"id":2777,"date":"2021-01-19T22:01:12","date_gmt":"2021-01-19T20:01:12","guid":{"rendered":"https:\/\/edublog.educastur.es\/corredoria3\/?page_id=2777"},"modified":"2021-02-17T22:46:20","modified_gmt":"2021-02-17T20:46:20","slug":"sesion-08","status":"publish","type":"page","link":"https:\/\/edublog.educastur.es\/corredoria3\/5o-pri\/cultura-asturiana\/segundo-trimestre\/sesion-08\/","title":{"rendered":"Sesi\u00f3n 08"},"content":{"rendered":"<p style=\"text-align: center\"><span style=\"font-size: 18pt\"><em><a href=\"https:\/\/edublog.educastur.es\/corredoria3\/5o-pri\/cultura-asturiana\/segundo-trimestre\/sesion-09\/\"> Arte en Asturias; renacentista, barroco, neocl\u00e1sico, medieval<\/a><\/em><\/span><\/p>\n<p>&nbsp;<\/p>\n<hr \/>\n<p>Anaya 6\u00ba pag. 56 <strong>Arte\u00a0 siglo XIX<\/strong><\/p>\n<p><strong>\u2013 Arquitectura:<br \/>\n\u2013 Pintura:<br \/>\n\u2013 Literatura: Campoamor, Clar\u00edn, Palacio Vald\u00e9s<br \/>\n<\/strong><\/p>\n<p><strong>\u00a0<\/strong><\/p>\n<p><strong>Historicismo art\u00edstico:<\/strong> reinterpretaci\u00f3n de siglos pasados<br \/>\n\u2013 Neorrom\u00e1nico = bas\u00edlica de Covadonga<br \/>\n\u2013 Neog\u00f3tico = iglesia de San Lorenzo de Gij\u00f3n<br \/>\n\u2013 Neobarroco =\u00a0 teatro Palacio Pald\u00e9s de Avil\u00e9s<\/p>\n<p><strong>Modernismo:\u00a0<\/strong>movimiento art\u00edstico del primer tercio siglo XX, que se caracteriza por represnetar temas d ela naturaleza, l\u00edneas curvas y asim\u00e9tricas, y mtivos estuilizados. Utiliza mucho la cer\u00e1mica y los nuevos materiales de la revoluci\u00f3n industrial (el hierro y el cristal).<\/p>\n<p>Anaya 6\u00ba pag. 57 <strong>Arte\u00a0 siglo XX y XXI<br \/>\n\u2013 Arquitectura:<br \/>\n\u2013 Pintura: Evaristo Valle y Nicanor Pi\u00f1ole<br \/>\n\u2013 Literatura: Fern\u00e1n Coronas, M\u00aa Josefa Canellada.<\/strong> P\u00e9rez de Ayala y Alejandro Casona<strong> (castellano)<\/strong><\/p>\n<p><strong>Esculturas p\u00fablicas de Oviedo<\/strong><\/p>\n<hr \/>\n<p><strong>Renacentista = Universidad de Oviedo<\/strong><br \/>\n<strong>Barroco: Palacio de Camposagrado (Avil\u00e9s)<\/strong><br \/>\n<strong>Neocl\u00e1sico = Monasterio de Corias<\/strong><br \/>\n<strong>Obras de arte medieval\u00a0 ???<br \/>\n<\/strong>Joyas C\u00e1mara Santa y catedral ???<\/p>\n","protected":false},"excerpt":{"rendered":"<p>Arte en Asturias; renacentista, barroco, neocl\u00e1sico, medieval &nbsp; Anaya 6\u00ba pag. 56 Arte\u00a0 siglo XIX \u2013 Arquitectura: \u2013 Pintura: \u2013 Literatura: Campoamor, Clar\u00edn, Palacio Vald\u00e9s \u00a0 Historicismo art\u00edstico: reinterpretaci\u00f3n de siglos pasados \u2013 Neorrom\u00e1nico = bas\u00edlica de Covadonga \u2013 Neog\u00f3tico = iglesia de San Lorenzo de Gij\u00f3n \u2013 Neobarroco =\u00a0 teatro Palacio Pald\u00e9s de Avil\u00e9s [&hellip;]<\/p>\n","protected":false},"author":117,"featured_media":0,"parent":2527,"menu_order":0,"comment_status":"closed","ping_status":"closed","template":"","meta":{"footnotes":""},"class_list":["post-2777","page","type-page","status-publish","hentry","post-preview"],"_links":{"self":[{"href":"https:\/\/edublog.educastur.es\/corredoria3\/wp-json\/wp\/v2\/pages\/2777","targetHints":{"allow":["GET"]}}],"collection":[{"href":"https:\/\/edublog.educastur.es\/corredoria3\/wp-json\/wp\/v2\/pages"}],"about":[{"href":"https:\/\/edublog.educastur.es\/corredoria3\/wp-json\/wp\/v2\/types\/page"}],"author":[{"embeddable":true,"href":"https:\/\/edublog.educastur.es\/corredoria3\/wp-json\/wp\/v2\/users\/117"}],"replies":[{"embeddable":true,"href":"https:\/\/edublog.educastur.es\/corredoria3\/wp-json\/wp\/v2\/comments?post=2777"}],"version-history":[{"count":2,"href":"https:\/\/edublog.educastur.es\/corredoria3\/wp-json\/wp\/v2\/pages\/2777\/revisions"}],"predecessor-version":[{"id":3373,"href":"https:\/\/edublog.educastur.es\/corredoria3\/wp-json\/wp\/v2\/pages\/2777\/revisions\/3373"}],"up":[{"embeddable":true,"href":"https:\/\/edublog.educastur.es\/corredoria3\/wp-json\/wp\/v2\/pages\/2527"}],"wp:attachment":[{"href":"https:\/\/edublog.educastur.es\/corredoria3\/wp-json\/wp\/v2\/media?parent=2777"}],"curies":[{"name":"wp","href":"https:\/\/api.w.org\/{rel}","templated":true}]}}

Sesión 08

<p style="text-align: center"><span style="font-size: 18pt"><em><a href="https://edublog.educastur.es/corredoria3/5o-pri/cultura-asturiana/segundo-trimestre/sesion-09/"> Arte en Asturias; renacentista, barroco, neoclásico, medieval</a></em></span></p>
<p>&nbsp;</p>
<hr />
<p>Anaya 6º pag. 56 <strong>Arte  siglo XIX</strong></p>
<p><strong>– Arquitectura:<br />
– Pintura:<br />
– Literatura: Campoamor, Clarín, Palacio Valdés<br />
</strong></p>
<p><strong> </strong></p>
<p><strong>Historicismo artístico:</strong> reinterpretación de siglos pasados<br />
– Neorrománico = basílica de Covadonga<br />
– Neogótico = iglesia de San Lorenzo de Gijón<br />
– Neobarroco =  teatro Palacio Paldés de Avilés</p>
<p><strong>Modernismo: </strong>movimiento artístico del primer tercio siglo XX, que se caracteriza por represnetar temas d ela naturaleza, líneas curvas y asimétricas, y mtivos estuilizados. Utiliza mucho la cerámica y los nuevos materiales de la revolución industrial (el hierro y el cristal).</p>
<p>Anaya 6º pag. 57 <strong>Arte  siglo XX y XXI<br />
– Arquitectura:<br />
– Pintura: Evaristo Valle y Nicanor Piñole<br />
– Literatura: Fernán Coronas, Mª Josefa Canellada.</strong> Pérez de Ayala y Alejandro Casona<strong> (castellano)</strong></p>
<p><strong>Esculturas públicas de Oviedo</strong></p>
<hr />
<p><strong>Renacentista = Universidad de Oviedo</strong><br />
<strong>Barroco: Palacio de Camposagrado (Avilés)</strong><br />
<strong>Neoclásico = Monasterio de Corias</strong><br />
<strong>Obras de arte medieval  ???<br />
</strong>Joyas Cámara Santa y catedral ???</p>

<p>Arte en Asturias; renacentista, barroco, neoclásico, medieval &nbsp; Anaya 6º pag. 56 Arte  siglo XIX – Arquitectura: – Pintura: – Literatura: Campoamor, Clarín, Palacio Valdés   Historicismo artístico: reinterpretación de siglos pasados – Neorrománico = basílica de Covadonga – Neogótico = iglesia de San Lorenzo de Gijón – Neobarroco =  teatro Palacio Paldés de Avilés [&hellip;]</p>
